--
-- Host: localhost    Database: myteamco_lmptestingDB
-- ------------------------------------------------------


--
-- Table structure for table `TABLE 121`
--

CREATE TABLE `TABLE 121` (
  `COL 1` varchar(7) DEFAULT NULL,
  `COL 2` varchar(12) DEFAULT NULL,
  `COL 3` varchar(13) DEFAULT NULL,
  `COL 4` varchar(14) DEFAULT NULL,
  `COL 5` varchar(12) DEFAULT NULL,
  `COL 6` varchar(38) DEFAULT NULL,
  `COL 7` varchar(6) DEFAULT NULL,
  `COL 8` varchar(18) DEFAULT NULL,
  `COL 9` varchar(19) DEFAULT NULL,
  `COL 10` varchar(26) DEFAULT NULL,
  `COL 11` varchar(27) DEFAULT NULL,
  `COL 12` varchar(9) DEFAULT NULL,
  `COL 13` varchar(32) DEFAULT NULL,
  `COL 14` varchar(24) DEFAULT NULL,
  `COL 15` varchar(11) DEFAULT NULL,
  `COL 16` varchar(35) DEFAULT NULL,
  `COL 17` varchar(18) DEFAULT NULL,
  `COL 18` varchar(18) DEFAULT NULL,
  `COL 19` varchar(18) DEFAULT NULL,
  `COL 20` varchar(10) DEFAULT NULL,
  `COL 21` varchar(11) DEFAULT NULL,
  `COL 22` varchar(11) DEFAULT NULL,
  `COL 23` varchar(11) DEFAULT NULL,
  `COL 24` varchar(11) DEFAULT NULL,
  `COL 25` varchar(24) DEFAULT NULL,
  `COL 26` varchar(24) DEFAULT NULL,
  `COL 27` varchar(24) DEFAULT NULL,
  `COL 28` varchar(24) DEFAULT NULL,
  `COL 29` varchar(24) DEFAULT NULL,
  `COL 30` varchar(22) DEFAULT NULL,
  `COL 31` varchar(17) DEFAULT NULL,
  `COL 32` varchar(9) DEFAULT NULL,
  `COL 33` varchar(16) DEFAULT NULL,
  `COL 34` varchar(19) DEFAULT NULL,
  `COL 35` varchar(3) DEFAULT NULL,
  `COL 36` varchar(7) DEFAULT NULL,
  `COL 37` varchar(37) DEFAULT NULL,
  `COL 38` varchar(25) DEFAULT NULL,
  `COL 39` varchar(24) DEFAULT NULL,
  `COL 40` varchar(19) DEFAULT NULL,
  `COL 41` varchar(17) DEFAULT NULL,
  `COL 42` varchar(15) DEFAULT NULL,
  `COL 43` varchar(15) DEFAULT NULL,
  `COL 44` varchar(19) DEFAULT NULL,
  `COL 45` varchar(24) DEFAULT NULL
) ENGINE=MyISAM DEFAULT CHARSET=utf8;

--
-- Dumping data for table `TABLE 121`
--



--
-- Table structure for table `TABLE 122`
--

CREATE TABLE `TABLE 122` (
  `COL 1` varchar(7) DEFAULT NULL,
  `COL 2` varchar(12) DEFAULT NULL,
  `COL 3` varchar(13) DEFAULT NULL,
  `COL 4` varchar(14) DEFAULT NULL,
  `COL 5` varchar(12) DEFAULT NULL,
  `COL 6` varchar(38) DEFAULT NULL,
  `COL 7` varchar(6) DEFAULT NULL,
  `COL 8` varchar(18) DEFAULT NULL,
  `COL 9` varchar(19) DEFAULT NULL,
  `COL 10` varchar(26) DEFAULT NULL,
  `COL 11` varchar(27) DEFAULT NULL,
  `COL 12` varchar(9) DEFAULT NULL,
  `COL 13` varchar(32) DEFAULT NULL,
  `COL 14` varchar(24) DEFAULT NULL,
  `COL 15` varchar(11) DEFAULT NULL,
  `COL 16` varchar(35) DEFAULT NULL,
  `COL 17` varchar(18) DEFAULT NULL,
  `COL 18` varchar(18) DEFAULT NULL,
  `COL 19` varchar(18) DEFAULT NULL,
  `COL 20` varchar(10) DEFAULT NULL,
  `COL 21` varchar(11) DEFAULT NULL,
  `COL 22` varchar(11) DEFAULT NULL,
  `COL 23` varchar(11) DEFAULT NULL,
  `COL 24` varchar(11) DEFAULT NULL,
  `COL 25` varchar(24) DEFAULT NULL,
  `COL 26` varchar(24) DEFAULT NULL,
  `COL 27` varchar(24) DEFAULT NULL,
  `COL 28` varchar(24) DEFAULT NULL,
  `COL 29` varchar(24) DEFAULT NULL,
  `COL 30` varchar(22) DEFAULT NULL,
  `COL 31` varchar(17) DEFAULT NULL,
  `COL 32` varchar(9) DEFAULT NULL,
  `COL 33` varchar(16) DEFAULT NULL,
  `COL 34` varchar(19) DEFAULT NULL,
  `COL 35` varchar(3) DEFAULT NULL,
  `COL 36` varchar(7) DEFAULT NULL,
  `COL 37` varchar(37) DEFAULT NULL,
  `COL 38` varchar(25) DEFAULT NULL,
  `COL 39` varchar(24) DEFAULT NULL,
  `COL 40` varchar(19) DEFAULT NULL,
  `COL 41` varchar(17) DEFAULT NULL,
  `COL 42` varchar(15) DEFAULT NULL,
  `COL 43` varchar(15) DEFAULT NULL,
  `COL 44` varchar(19) DEFAULT NULL,
  `COL 45` varchar(24) DEFAULT NULL
) ENGINE=MyISAM DEFAULT CHARSET=utf8;

--
-- Dumping data for table `TABLE 122`
--



--
-- Table structure for table `address_book`
--

CREATE TABLE `address_book` (
  `address_book_id` int(11) NOT NULL AUTO_INCREMENT,
  `customers_id` int(11) NOT NULL,
  `entry_gender` char(1) NOT NULL,
  `entry_company` varchar(100) DEFAULT NULL,
  `entry_firstname` varchar(32) NOT NULL,
  `entry_lastname` varchar(32) NOT NULL,
  `entry_street_address` varchar(64) NOT NULL,
  `entry_suburb` varchar(32) DEFAULT NULL,
  `entry_postcode` varchar(10) NOT NULL,
  `entry_city` varchar(32) NOT NULL,
  `entry_state` varchar(32) DEFAULT NULL,
  `entry_country_id` int(11) NOT NULL DEFAULT '0',
  `entry_zone_id` int(11) NOT NULL DEFAULT '0',
  PRIMARY KEY (`address_book_id`),
  KEY `idx_address_book_customers_id` (`customers_id`),
  KEY `entry_company` (`entry_company`)
) ENGINE=MyISAM AUTO_INCREMENT=1345 DEFAULT CHARSET=latin1;

--
-- Dumping data for table `address_book`
--

INSERT INTO `address_book` VALUES (39,39,'m','Personal','Nic','Noll','',NULL,'','','',0,0),(40,40,'m','LaBahns','Nathan','Cornett','9415 Fortune Ln',NULL,'91941','La Mesa','CA',223,0),(222,222,'m','LaBahns','Sarah','Bailey','2345w asg',NULL,'92065','ramona','CA',223,0),(29,29,'m','Personal','Subhash','K. Jain','11A/13‚ IIIrd Floor Old Rajinder Nagar',NULL,'110005','New Delhi','AK',223,0),(46,46,'m','Living My Purpose','Mike','Adams','1798 Keyes Roadd',NULL,'92065','Ramona','CA',223,0),(223,223,'m','Personal','Phil','Ortiz','10105 White Pine Lan',NULL,'92071','Santee','CA',223,0),(207,207,'m','Personal','Dan','Adams','18689 Pamo Wintercam',NULL,'92065','Ramona','CA',224,0),(66,66,'m','Living My Purpose','Theresa','Adams','1798 Keyes Rd',NULL,'92065','Ramona','CA',223,0),(58,58,'m','Living My Purpose','James','Adams','32881 Rovato St.',NULL,'','Temecula','CA',223,0),(59,59,'m','Personal','Michael','Spieker','18250 Dos Picos Park Rd',NULL,'92065','Ramona','',223,0),(60,60,'f','Personal','Natalie','Spieker','18250 Dos Picos Park Rd.',NULL,'92065','Ramona','CA',223,0),(78,78,'m','Living My Purpose','Jason','Adams','',NULL,'','','AK',0,0),(249,249,'m','Personal','Renate','Perkins','3598 Ben Lane',NULL,'95206','Stockton','CA',223,0),(246,246,'f','Tom Koss','Vickie','Perron','3598 Ben Lane',NULL,'95206','Stockton','CA',223,0),(247,247,'m','Mike Rundlett','Mikie','Rundlett Jr','1380 Ryan Ridge Rd',NULL,'92021','El Cajon','CA',223,0),(198,198,'m','Living My Purpose','Kevin','Mcnulty','',NULL,'92065','Ramona','CA',223,0),(183,183,'m','Tom Koss','Johnny','Norman','',NULL,'','','CA',223,0),(191,191,'m','Personal','Nick','Noll','664 Oak Hollow Way',NULL,'32714','Altamonte Springs','FL',223,0),(200,200,'m','Personal','Demo','','1798 Keyes Road',NULL,'92065','Ramona','CA',223,0),(201,201,'f','Personal','Traci','Adams','1328 Ash St',NULL,'92065','Ramona','CA',223,0),(221,221,'m','LLoyds Honey Comp.','Lon','Lloyd','27052 Hwy 78',NULL,'92065','ramona','CA',223,0),(205,205,'f','Personal','Rochelle','Anderson','1730 Port Margate Pl',NULL,'92660','Newport Beach','CA',223,0),(206,206,'m','Tom Koss','Justin','Cram','',NULL,'','Ramona','CA',223,0),(233,233,'m','Living My Purpose','Brandon','Kapp','1852 Cache Creek St.',NULL,'92019','El Cajon ','CA',223,0),(215,215,'f','LaBahns','Joanna','LaBahn','',NULL,'','LaMesa','CA',223,0),(248,248,'m','BOSS','Mike','Rundlett','405 S. Magnolia Ave',NULL,'92020','El Cajon','CA',223,0),(226,226,'m','Personal','Michael','Salsberry','po box 1875',NULL,'92065','ramona','CA',223,0),(227,227,'m','Personal','Travis','George','10665 fuerte dr',NULL,'91941','la mesa','CA',223,0),(228,228,'f','Personal','Gaye','Miller','18962 Highland Valle',NULL,'92065','Ramona','CA',223,0),(266,266,'m','BOSS','Jeffrey','Kotterman','10241 Buena Vista Ave.',NULL,'92071','Santee','CA',223,0),(231,231,'m','Personal','Ron','Gaschler','13500 Evening Creek ',NULL,'92103','San Diego','CA',223,0),(235,235,'m','LaBahns','David','LaBahn','',NULL,'','','CA',223,0),(236,236,'f','Personal','Just In Time ','Refrigeration','22226 N 23rd Ave #3',NULL,'85027','Phoenix','AZ',223,0),(278,278,'f','LaBahns','Angelica','Plascencia','3120 1/2 Clay Ave.',NULL,'92113','San Diego','CA',223,0),(238,238,'m','LaBahns','Tebuho Dumisani','Mulala','255',NULL,'10101','Mazabuka','AK',61,0),(239,239,'m','LaBahns','Mike','LaBahn','',NULL,'','','CA',223,0),(240,240,'m','LaBahns','Sharon','Specht','',NULL,'','','CA',223,0),(241,241,'m','Personal','Kyle','Robinson','8500 Normandale Lake',NULL,'55437','Bloomington','MN',223,0),(242,242,'m','Personal','Jeffrey','Morrison','19925 Stevens Creek ',NULL,'95014','Suite 100','CA',223,0),(243,243,'f','Personal','Jessica ','Adams','10208 Princess Sarit',NULL,'92071','Santee ','CA',223,0),(244,244,'m','Christian Brothers Cleaning & Re','Mark','Matthews','9315 Tropico Dr',NULL,'91941','La Mesa','CA',223,0),(245,245,'f','Personal','Samantha','Scheuer','165 Steffy Rd',NULL,'92065','Ramona','CA',223,0),(250,250,'m','Personal','Subhash','Jain','11A/13&sbquo; Old Rajinder Nagar',NULL,'110060','New Delhi','AK',223,0),(251,251,'m','Peak','Todd','Swicegood','256 Lakeview Rd',NULL,'27028','Mocksville','NC',223,0),(252,252,'m','LaBahns','Manuel','Gonzales','',NULL,'','','',0,0),(253,253,'m','LaBahns','Myolo','Gonzalez','',NULL,'','','',0,0),(254,254,'m','LaBahns','Carrey','Worthy','',NULL,'','','',0,0),(255,255,'m','LaBahns','Oscar','Montoya','',NULL,'','','',0,0),(256,256,'m','Elegance On Ice','Amy','Meader','',NULL,'','','',0,0),(490,490,'m','Living My Purpose','John','Oberster','',NULL,'','','AK',0,0),(258,258,'m','Living My Purpose','Charlie','Youngkin','',NULL,'92065','Ramona','CA',223,0),(259,259,'f','Personal','Mindy','Selinger','POB 2581',NULL,'95033','Escondido','CA',223,0),(260,260,'m','MVCC','Mickey ','Nielsen','520 Amigos',NULL,'92065','Ramona','CA',223,0),(261,261,'f','Personal','Jessica','Glazewski','23459 glen ellen way',NULL,'92040','ramona','CA',223,0),(262,262,'m','Tom Koss','Alejandro','Rodriguez','15500 Erwin Street Suite 154',NULL,'91411','Van Nuys','CA',223,0),(264,264,'m','Personal','Peter','Jorgenson','1425 w 28th st#206',NULL,'55408','minneapolis','MN',223,0),(267,267,'m','MVCC','Max','Modeen','16953 boulder Oaks D',NULL,'92065','Ramona','CA',223,0),(268,268,'m','TEAM KIA EL CAJON','Chris','George','',NULL,'','','CA',223,0),(269,269,'m','Personal','Rhonda','Cooke','565 Telford Lane',NULL,'92065','Ramona','CA',223,0),(270,270,'m','Personal','David','Selmier','565 Telford Lane',NULL,'92065','Ramona','CA',223,0),(271,271,'f','Personal','michaelya','maynard','801 national city bl',NULL,'91950','nat\'l city','CA',223,0),(277,277,'m','MVCC','Bruce','Hatton','16634 Granite Dr',NULL,'92065','Ramona','CA',223,0),(279,279,'m','Tom Koss','Nathan','Stuart','3456',NULL,'92065','ramona','CA',223,0),(276,276,'f','Mike Rundlett','Tina','Kotterman','10241 Buena Vista Av',NULL,'92071','Santee','CA',223,0),(282,282,'f','MVCC','Kaitlyn','Niedens','24515 Del Amo Rd',NULL,'92065','Ramona','CA',223,0),(489,489,'f','Personal','Emilia','Provencio','3811 Bonita Glen Ter',NULL,'91902',' Bonita','CA',223,0),(284,284,'f','Personal','Mindy','Selinger','POB 2581',NULL,'92033','Escondido','CA',223,0),(289,289,'f','LLoyds Honey Comp.','Brenda','Lloyd','27052 Hwy 78',NULL,'92065','Ramona','CA',223,0),(321,321,'m','Mike Rundlett','Mattison ','Rundlett','',NULL,'','','CA',223,0),(287,287,'f','Goodwill SoCal','Karen','Loftus','342 N San Fernando Road',NULL,'90031','Los Angeles','CA',223,0),(288,288,'m','Personal','Jordon','Landmark','16634 Granite Dr',NULL,'92065','Ramona','CA',223,0),(322,322,'m','Live Your Vision','Tony','Olausson','13000 Vista Del Nort',NULL,'78216','San Antonio','TX',223,0),(319,319,'m','Simply Better','Carmen','Vertullo','2345',NULL,'92020','El Cajon','CA',223,0),(320,320,'m','Simply Better','Lois','Vertullo','3456',NULL,'92065','El Cajon','CA',223,0),(310,310,'m','TEAM KIA EL CAJON','Michael','Pridgeon','kia',NULL,'2020','El Cajon','CA',223,0),(311,311,'m','TEAM KIA EL CAJON','Tony','Jones','adsf',NULL,'92020','El Cajon','CA',223,0),(312,312,'m','TEAM KIA EL CAJON','R','Littlefield','234',NULL,'92020','El Cajon','CA',223,0),(313,313,'m','TEAM KIA EL CAJON','Adam','Wolf','2345',NULL,'92020','El Cajon','CA',223,0),(314,314,'m','TEAM KIA EL CAJON','M','Brent','35',NULL,'92020','El Cajon','CA',223,0),(363,363,'m','Personal','Deborah','Al-Hamami','',NULL,'','','',0,0),(398,398,'m','Mike Rundlett','Jim','Collins','8124 Hillandale',NULL,'92120','San Diego','CA',223,0),(317,317,'m','Personal','Kevin','Stavness','512 Bedford Ct',NULL,'95661','Roseville','CA',223,0),(318,318,'m','Personal','Trevor','Stavness','512 Bedford Ct',NULL,'95661','Roseville','CA',223,0),(323,323,'f','Live Your Vision','Kizzie ','Jones','13000 Vista Del Nort',NULL,'78216','San Antonio','TX',223,0),(324,324,'m','Personal','reece','coulter','9074 pimpernel drive',NULL,'92129','San Diego','CA',223,0),(325,325,'m','Personal','Paloma','Gooch','902 Loma View n/a',NULL,'91910','chula vista','CA',223,0),(382,382,'m','Living My Purpose','Jeff','Caddell','1212 H Street # 193',NULL,'92065','Ramona','CA',223,0),(336,336,'m','BOSS','Kathleen','Ohara','PO Box 900366',NULL,'92190','San Diego','CA',223,0),(367,367,'f','TEAM KIA EL CAJON','Zainab','Miran','1730 N. Mollison Ave',NULL,'92021','El Cajon','CA',223,0),(335,335,'f','LaBahns','Sharon','Danner','9948 Via Frances',NULL,'92071','Santee','CA',223,0),(331,331,'m','BOSS','Broc','Kelly','5165 Espinoza Rd',NULL,'92021','El Cajon','CA',223,0),(332,332,'f','Nash','Audrie','Nash','14501 Northwoods Blv',NULL,'96161','Truckee','CA',223,0),(333,0,'m','Personal','Zachary','Nash','14501 Northwoods Blv',NULL,'96161','Truckee','96161',0,0),(334,334,'m','BOSS','Kirk','Texeira','5501 Cambria Court',NULL,'92120','San Diego','CA',223,0),(342,342,'m','Nash','Stephen','Nash','14501 Northwoods Blv',NULL,'96161','Truckee','CA',223,0),(343,343,'f','Nash','Audrie','Nash','14501 Northwoods Bl',NULL,'96161','Truckee','CA',223,0),(381,381,'f','Nash','Elizabeth','Nash','14501 Northwoods Bl.',NULL,'96161','Truckee','CA',223,0),(383,383,'f','Living My Purpose','Mona','Maynard','43063 A St',NULL,'92065','Ramona','CA',223,0),(384,384,'m','Personal','Glenn','Lowe','1672 Main St #E212',NULL,'92065','Ramona','CA',223,0),(368,368,'f','TEAM KIA EL CAJON','Sheryl','Bjornson','9230 Lake Murry Blvd',NULL,'92119','San Diego','CA',223,0),(385,385,'m','Living My Purpose','Victor','Sanchez','9024 Hillery Dr.',NULL,'92126','San Diego','CA',223,0),(386,386,'f','LMP Staff','Debra D.','Dantice','2030 Black Canyon Rd ',NULL,'92065','Ramona','CA',223,0),(387,387,'m','Living My Purpose','Randy','Pigott','24114 Plata Court',NULL,'92595','Wildomar','CA',223,0),(388,388,'m','Living My Purpose','Michael','Harris','7440 Colony Dr. ',NULL,'91942','La Mesa','CA',223,0),(389,389,'m','Living My Purpose','Robert','Leavitt','204 N. El Camino Rea',NULL,'92024','Encinitas','CA',223,0),(390,390,'f','BOSS','erica','crossland','',NULL,'','','CA',223,0),(1177,1222,'m','Personal','Garrett','Solberg','12546 Avenida Tineo,',NULL,'92128','San Diego','CA',223,0),(392,392,'m','Personal','Joshua','Solberg','11775 Angelique Street,',NULL,'92131','San Diego','CA',223,0),(683,711,'m','Personal','Dianna','Gilmore','19304 Starvale Lane,',NULL,'92065','Ramona','CA',223,0),(394,394,'m','Living My Purpose','Stephen','Brindley','118 14th Street‚#34',NULL,'92065','Ramona','CA',223,0),(395,395,'m','MVCC','Eric','Clarke','',NULL,'','Ramona','CA',223,0),(396,396,'m','Tom Koss','Bill','Downing','2550 Eastman Ave  Suite # 1&sbquo;',NULL,'93003','Ventura','',223,0),(397,397,'m','Personal','Åukasz','Gawroński','Grochowska 341/87',NULL,'03-822','Warszawa','Not A US State',170,0),(403,403,'m','Foothills','Jeremy','Miller','8209 Lemon Ave #4',NULL,'91941','La Mesa','CA',223,0),(399,399,'m','Foothills','Kevin','Miller','350 B Cypress Lane',NULL,'92020','El Cajon','CA',223,0),(400,400,'f','Foothills','Alison ','Bennett','350 Cypress Lane Sui',NULL,'92020','EL Cajon ','CA',223,0),(401,401,'f','Foothills','Hannah','Smith','350 Cyprus Ln SuiteB',NULL,'92020','El Cajon','CA',223,0),(402,402,'m','Living My Purpose','Rachel','Adams','po box 1875',NULL,'92065','Ramona','CA',223,0),(405,405,'f','Living My Purpose','Britt','Mulvaney','405 S Magnolia',NULL,'92020','El Cajon','CA',223,0),(406,406,'m','Personal','Valerie','Colacchia','',NULL,'','','CA',223,0),(408,408,'f','Personal','souls','jen','305 dred street',NULL,'x1b 2v3','montreal','CA',38,0),(409,409,'m','Personal','Sammy','Simpson','27 Commerce St #4A',NULL,'10014','New York','NY',223,0),(410,410,'m','LaBahns','Gary','McCunn','4410 East Kiowa St',NULL,'85044','Phoenix','AZ',223,0),(411,411,'m','LaBahns','Al','Ancira','3305 Pestana way',NULL,'94550','Livermore','CA',223,0),(412,412,'f','Personal','Ros','Jaquiery','19 Trevor Tce',NULL,'6021','Newtown, Wellington','Not A US State',153,0),(413,413,'f','Personal','Eileen','Bellamy','66 Geary St. #315',NULL,'94108','San Francisco','CA',223,0),(414,414,'f','Personal','laura','jones','918 jacob ct',NULL,'59870','stevensville','MT',223,0),(415,415,'m','Personal','florin','radu','muncii no. 30',NULL,'765365','vaslui','Not A US State',175,0),(416,416,'m','Mike Rundlett','Thom','Lubic','',NULL,'','El Cajon','CA',223,0),(417,417,'m','Personal','Key','Seng','4351 Plumosa Dr',NULL,'92886','Yorba linda','CA',223,0),(418,418,'f','Personal','Elizabeth','Crabtree','2395 Ironstone Loop',NULL,'93465','templeton','CA',223,0),(419,419,'f','Personal','Giulia','Luca','5555 San Felipe',NULL,'77056','Houston','TX',223,0),(420,420,'m','Tom Koss','Robert Paul','Black','P.O. Box 2205&sbquo;',NULL,'92065','Ramona','CA',223,0),(481,481,'f','Living My Purpose','Julia','Garcia','P.O. Box 652',NULL,'92036','Julian','CA',223,0),(422,422,'m','Personal','rando','proomet','Mustamäe tee 177-32',NULL,'12913','Tallinn','Not A US State',67,0),(423,423,'m','Living My Purpose','Tom','Koss','',NULL,'','','CA',223,0),(424,424,'f','Personal','Jodie','Daniels','2240 Palmview Cir',NULL,'33823','Auburndale','FL',223,0),(425,425,'f','Personal','Reva','Hambleton','900 SW Robinson ave',NULL,'66606','topeka','KS',223,0),(426,426,'m','Personal','Amari','Ice','6515 Belcrest Rd',NULL,'20782','hyattsville','MD',223,0),(427,427,'m','Personal','David','Barnes','9530 Baltimore Ave',NULL,'20740','College Park','MD',223,0),(428,428,'f','Personal','Michele','To','4847 Irving St',NULL,'80221','Denver','CO',223,0),(429,429,'m','Personal','Walter','Stoermer','55 Fair Dr. #1170',NULL,'92626','Costa Mesa','CA',223,0),(430,430,'m','Personal','Taylor','Wynings','1323 E Capitol St SE',NULL,'20003','Washington','DC',223,0),(431,431,'m','Living My Purpose','Talon','DeAngelo','',NULL,'92019','El Cajon','CA',223,0),(432,432,'f','Personal','Michelle','DeAngelo','157 S. Gina Ave.',NULL,'92019','El Cajon','CA',223,0),(433,433,'f','Personal','Linda','Knapp','13130 Decant Drive',NULL,'92064','Poway','CA',223,0),(434,434,'m','Living My Purpose','Troy','Hollinger','',NULL,'','El Cajon','CA',223,0),(435,435,'m','Personal','Landi','Idrizi','68 ave',NULL,'f44 222s','new york','NY',19,0),(436,436,'m','Ababa','Jim','Law','',NULL,'','El Cajon','CA',223,0),(437,437,'f','Ababa','Cathy','Law','',NULL,'','El Cajon','CA',223,0),(438,438,'m','Ababa','Darlene','Peer','',NULL,'','','CA',223,0),(439,439,'m','Ababa','Kevin','Chappell','',NULL,'','','',223,0),(440,440,'m','Ababa','Tom','McAllister','',NULL,'','','CA',223,0),(441,441,'m','Ababa','Larry ','Olson','',NULL,'','','CA',223,0),(442,442,'m','Ababa','Chuck','Page','',NULL,'','','CA',223,0),(443,443,'m','Ababa','Ray','Silva','',NULL,'','','CA',223,0),(444,444,'m','Ababa','Ray','Doane','',NULL,'','','CA',223,0),(445,445,'m','Ababa','Glen','Morin','',NULL,'','','CA',223,0),(446,446,'m','Ababa','Sue','Katona','',NULL,'','','CA',223,0),(447,447,'m','Ababa','Jorge','Munoz','',NULL,'','','CA',223,0),(448,448,'m','Ababa','Susie','Kennedy','',NULL,'','','CA',223,0),(449,449,'m','Ababa','Lorelei','Bean','',NULL,'','','CA',223,0),(450,450,'m','Ababa','Yon','Rasmussen','',NULL,'','','CA',223,0),(451,451,'m','Ababa','Bernie','Baquerizo','',NULL,'','','CA',223,0),(452,452,'m','Personal','Subhash','Jain','Karol Bagh',NULL,'11111','New Delhi','IL',99,0),(453,453,'f','Personal','Tina','Carson','361 main st ',NULL,'38310','Adamsville','TN',223,0),(454,454,'m','Living My Purpose','Jamie','Moore','',NULL,'','Ramona','CA',223,0),(455,455,'f','Personal','Linda','Krokenberger','13036 Tuscarora Driv',NULL,'92064','Poway','CA',223,0),(456,456,'m','Personal','kjorge','Kjorge','114 victoria street',NULL,'2090','johannesburg','Not A US State',193,0),(457,457,'m','MVCC','Jon','Shellhammer','',NULL,'','','CA',223,0),(458,458,'m','MVCC','Gary','Buchholz','15736 Zeigler Ct. ',NULL,'92065','Ramona','CA',223,0),(459,459,'m','Living My Purpose','Andrew','Marasso','7880 Quince St&sbquo; Apt#7',NULL,'91941','La Mesa','CA',223,0),(460,460,'m','MVCC','josh','stewart','1464 realty rd',NULL,'92065','ramona','CA',223,0),(461,461,'m','MVCC','Gary','Stapp','2132 Raymond av',NULL,'92065','Ramona','CA',223,0),(462,462,'m','MVCC','Ron','Hardesty','1230 10th Street',NULL,'92065','Ramona','CA',223,0),(463,463,'f','Living My Purpose','Mindy','Chenault','940 teatro circle',NULL,'92021','el cajon','CA',223,0),(464,464,'m','Living My Purpose','Ross','Chenault','',NULL,'','','CA',223,0),(465,465,'m','Living My Purpose','Evan','Knapp','',NULL,'','','CA',223,0),(466,466,'f','Personal','Karen','Wynott','',NULL,'','','CA',223,0),(467,467,'m','Personal','Jeremy','Edmiston','9855 Prospect Ave',NULL,'92071','Santee','CA',223,0),(468,468,'m','Living My Purpose','Sharon','Ritchie','P.O. Box 81031',NULL,'','','',0,0),(469,469,'m','Living My Purpose','Inger ','Kidd','',NULL,'','','',0,0),(470,470,'m','MVCC','Ginny','Shellhammer','',NULL,'','','',0,0),(471,471,'m','Living My Purpose','CJ','Conrad','',NULL,'','','AK',0,0),(479,479,'f','Living My Purpose','Terah','Reed','',NULL,'','','CA',0,0),(473,473,'f','LaBahns','Laurie','Wright','7936 Cinnabar Dr',NULL,'91941','La Mesa','CA',223,0),(480,480,'m','Living My Purpose','Lee','Reisinger','',NULL,'','','AK',0,0),(482,482,'m','Living My Purpose','Alvaro','Provencio','',NULL,'91902','Bonita','CA',223,0),(483,483,'m','Living My Purpose','Garland','Buckingham','',NULL,'','','',0,0),(484,484,'m','Personal','Shanley','Murray','3415 Aliso Drive',NULL,'91902','Bonita','CA',223,0),(485,485,'m','Living My Purpose','Teresa','Wright','',NULL,'','','',0,0),(486,486,'m','LaBahns','Alvaro I. ','Provencio','',NULL,'','','CA',223,0),(487,487,'m','Living My Purpose','Skip','Elmore','',NULL,'','','',0,0),(488,488,'m','Living My Purpose','Emilia','Provencio','',NULL,'','','',0,0),(491,491,'m','Living My Purpose','Kim','Reif','',NULL,'','','',0,0),(492,492,'m','Living My Purpose','Joline','Martina','',NULL,'','','',0,0),(493,493,'m','Living My Purpose','Pamela','Fenlaw','',NULL,'','','',0,0),(494,494,'m','Living My Purpose','Roger','Wynott','',NULL,'','','',0,0),(495,495,'m','Living My Purpose','Matt','Turney','',NULL,'','','',0,0),(496,496,'m','Living My Purpose','Danial','Wilson','',NULL,'','','',0,0),(497,497,'m','Living My Purpose','Dick','Hausam','',NULL,'','','CA',0,0),(498,498,'m','Living My Purpose','Lisa','Deaderick','',NULL,'','','',0,0),(499,499,'m','Living My Purpose','Gabrielle','Mulvaney','',NULL,'','','',0,0),(500,500,'m','Living My Purpose','Cheryl\'s Son','Guzman','',NULL,'','','',0,0),(501,501,'m','Living My Purpose','Cheryl','Guzman','',NULL,'','','',0,0),(502,502,'f','Living My Purpose','Alyssa','Huggins','8000 W Manchester Av',NULL,'90293','Playa del Rey','CA',223,0),(503,503,'f','Personal','Leah','Diehl','10361 Moorpark Stree',NULL,'91978','Spring Valley','CA',223,0),(504,504,'m','Personal','Spencer','Koroly','10337 San Vicente',NULL,'91977','Spring Valley','CA',223,0),(505,505,'f','Personal','Renee','Redman','11775 Calle Simpson',NULL,'92019','El Cajon','CA',223,0),(506,506,'f','Personal','Melanie','Burke','2425 Pence Dr',NULL,'92019','El Cajon','CA',223,0),(507,507,'f','Personal','Ashley','Lane','2115 Piedmont Road',NULL,'23435','Suffolk','VA',223,0),(508,508,'m','Personal','David','Lane','2115 Piedmont Road',NULL,'23435','Suffolk','VA',223,0),(509,509,'m','Mike Rundlett','Makenzi','Rundlett','',NULL,'','','',0,0),(510,510,'f','Living My Purpose','Linda','Jacobson','',NULL,'','','',0,0),(513,513,'f','Living My Purpose','Lynda','Obrien','',NULL,'','','',0,0),(512,512,'f','Personal','Sonia','Krick','9439 Cathywood Dr.',NULL,'92071-1322','Santee','CA',223,0),(514,514,'m','Living My Purpose','Tom','Obrien','',NULL,'','','',0,0),(515,515,'m','Tom Koss','Karen','Bennett','',NULL,'','','',0,0),(516,516,'m','Tom Koss','Jordan ','Huggins','',NULL,'','','',0,0),(517,517,'m','Living My Purpose','Natalie ','Lewis','',NULL,'','','',0,0),(518,518,'m','Living My Purpose','Molly','Zastoupil','',NULL,'','','',0,0),(520,520,'m','Living My Purpose','Steven ','Reed','',NULL,'','','',0,0),(521,521,'m','Living My Purpose','Mikaila','Santos','',NULL,'','','CA',0,0),(522,522,'m','Living My Purpose','Mark','Hunter','',NULL,'','','',0,0),(523,523,'m','Living My Purpose','Dianna ','Cortes','',NULL,'','','',0,0),(524,524,'m','Living My Purpose','gamer77','Redman','',NULL,'','','',0,0),(525,525,'m','Living My Purpose','Freddie','Salababarria','',NULL,'','','',0,0),(526,526,'m','Living My Purpose','Frank W ','Gerberding','',NULL,'','','',0,0),(527,527,'m','Tom Koss','Melissa ','Guzman','',NULL,'','','',0,0),(528,528,'m','Living My Purpose','Billy','White','',NULL,'','','',0,0),(529,529,'m','Tom Koss','Evan ','Conrad','',NULL,'','','',0,0),(530,530,'f','Personal','Vrushali','Mudaliar','Bur Dubai',NULL,'6099','Dubai','Not A US State',221,0),(531,531,'m','Living My Purpose','Shane','Miller','',NULL,'','','',0,0),(532,532,'m','Tom Koss','Dalton','Mosser','',NULL,'','','',0,0),(533,533,'m','LaBahns','Monica','Hunter','614 Singing Vista Ct',NULL,'92019','El Cajon','CA',223,0),(534,534,'m','Living My Purpose','John','Nelson','',NULL,'','','',0,0),(535,535,'m','Tom Koss','Angel','Pauls','1029 N Mollison Ave # 7',NULL,'92021','El Cajon','CA',223,0),(536,536,'m','Foothills','Nathan','Deyling','',NULL,'','','',0,0),(537,537,'m','Tom Koss','Abigail','Nava','',NULL,'','','',0,0),(538,538,'m','MVCC','Dan','Cunningham','23939 Otero Way',NULL,'92065','Ramona','CA',223,0),(539,539,'m','Personal','Spencer ','George','2437 Singing Trails ',NULL,'92019','El Cajon','CA',223,0),(540,540,'m','Living My Purpose','Joshua','Youpa','',NULL,'','','',0,0),(541,541,'m','Living My Purpose','Lauren','West','',NULL,'','','',0,0),(542,542,'f','Personal','Sherrie','Russell','2869 Tall Oaks Ct.',NULL,'48326','Auburn Hills','MI',223,0),(543,543,'m','MVCC','Tim','Miller','530 16th St # 1',NULL,'92065','Ramona','CA',223,0),(544,544,'m','Living My Purpose','Karly','Santos','',NULL,'','','',0,0),(545,545,'m','TEAM KIA EL CAJON','Jeff','Richards','540 N. Johnson',NULL,'92020','El Cajon','CA',223,0),(546,546,'m','NCFS','Kathleen','Johnson','',NULL,'','','',0,0),(547,547,'m','Living My Purpose','Cyndi','Seiler','',NULL,'','','',0,0),(548,548,'m','Living My Purpose','Micaela','Fonseca','',NULL,'','','',0,0),(549,549,'m','Living My Purpose','Debbie','George','',NULL,'','','',0,0),(550,550,'m','Living My Purpose','Jon','Cowen','',NULL,'','','',0,0),(551,551,'f','Personal','christina','barss','8754 hermitage road',NULL,'44077','chardon','OH',223,0),(552,552,'m','NCFS','Carson','Nevarde','',NULL,'','','',0,0),(555,555,'m','Living My Purpose','Anna','IronCloud','',NULL,'','','',0,0),(556,556,'m','Personal','Joseph','Hill','17251 Tablero Pl&sbquo;',NULL,'92127','San Diego','CA',223,0),(557,557,'m','Living My Purpose','Muhammad','Abid','',NULL,'','','',0,0),(558,558,'m','Personal','Taylor','McHale','2958 las olas ct',NULL,'92009','carlsbad','CA',223,0),(559,559,'m','Living My Purpose','Tom','Holmquist','',NULL,'','','',0,0),(560,560,'m','Living My Purpose','Garrett','Reed','',NULL,'','','',0,0),(561,561,'m','Living My Purpose','Luke','Eckert','',NULL,'','','',0,0),(562,562,'f','Living My Purpose','Liz','Eckert','5957 Joel Lane',NULL,'91942','La Mesa','CA',223,0),(575,575,'m','Personal','fahim','kevin','any,',NULL,'024dfklj','peris','france',73,0),(569,569,'m','Personal','Arslan','Hameed','london,',NULL,'024dfklj','london','u.k',222,0),(570,570,'m','Personal','ion','bell','any,',NULL,'9222433513','oslo','PA',160,0),(571,571,'m','Personal','stewart','thomson','london,',NULL,'9222433513','london','u.k',222,0),(572,572,'m','Personal','atif','hafeez','any,',NULL,'9222433513','lhr','PA',162,0),(573,573,'m','Personal','paulu','saleh','any,',NULL,'9222433513','peris','PA',73,0),(574,574,'m','Personal','ali','johny','any,',NULL,'9222433513','fsd','PA',162,0),(576,577,'m','Personal','fahim','kevin','any,',NULL,'092','fsd','PA',162,0),(577,579,'m','Personal','fahim','kevin','any,',NULL,'092','fsd','PA',162,0),(578,581,'m','Personal','atif','hafeez','any,',NULL,'9222433513','lhr','PA',162,0),(579,582,'m','Personal','shane ','warne','any,',NULL,'092','fsd','PA',162,0),(580,584,'m','Personal','foreign','calvin','any,',NULL,'092','london','u.k',98,0),(581,586,'m','Personal','foreign','kevin','any,',NULL,'092','fsd','PA',162,0),(601,617,'m','Personal','froke','deleema','st#4, London',NULL,'092','london','PA',162,0),(600,616,'m','Personal','freak','kotal','str#4,london,peris new york,',NULL,'sah23','newyork','u.s.a',223,0),(584,594,'m','Personal','Eric','Holmquist','3767 Stearnlee Ave',NULL,'90808','Long Beach','CA',223,0),(599,615,'m','Personal','naveed','mohsin','4250 E renner Rd',NULL,'75088','Richardson','TX',223,0),(586,600,'m','Personal','Chris','Holmquist','3767 Stearnlee Ave.',NULL,'90808','Long Beach','CA',223,0),(589,605,'m','Personal','freak','kevin','str#4,london,peris new york,',NULL,'024dfklj','london','u.k',222,0),(590,606,'m','Personal','thomos','edison','str#4,london,peris new york,',NULL,'024dfklj','london','u.k',222,0),(591,607,'m','Personal','methew','gamy','str#4,london,peris new york,',NULL,'9222433513','london','u.k',222,0),(592,608,'m','Personal','gourme','col','str#4,london,peris new york,',NULL,'9222433513','london','u.k',222,0),(593,609,'m','Personal','pathe ','patel','str#4,london,peris new york,',NULL,'9222433513','london','u.k',222,0),(594,610,'m','Personal','murli','vijhy','str#4,london,peris new york,',NULL,'9222433513','london','u.k',222,0),(598,614,'m','Personal','moli ','peter','florida road,london,',NULL,'024dfklj','oslo','norway',160,0),(597,613,'m','Personal','fernado','kotal','florida road,london,',NULL,'024dfklj','oslo','norway',160,0),(602,618,'m','Personal','hallay','tom','str#9,peris,',NULL,'0998800','peris','france',73,0),(603,619,'m','Personal','johnson','matal','st#6,holand,',NULL,'0201329','holand','holand',150,0),(604,620,'m','Personal','tele','vision','st#6,holand,',NULL,'0201329','holand','holand',150,0),(610,626,'m','Living My Purpose','David','Richards','',NULL,'','','',0,0),(608,624,'m','Personal','marine','pollarad','st#4, London,',NULL,'9222433513','london','PA',162,0),(609,625,'m','Personal','daron','bravo','st#4, London',NULL,'092','london','PA',162,0),(611,627,'m','Personal','Mike99000','ad','P.O. Box 1875,',NULL,'6199850799','Ramona','California',223,0),(635,651,'m','Personal','Mikewtrhj5656','Adams4tn5656','P.O. Box 1875,',NULL,'6199850799','Ramona','California',223,0),(636,652,'m','Personal','Mikewtrhj565656','Adams4tn565656','P.O. Box 1875,',NULL,'6199850799','Ramona','California',223,0),(634,650,'m','Personal','Theresa8df56','Adams56','P.O. Box 1875,',NULL,'6199850799','Ramona','California',223,0),(633,649,'m','Personal','Mikewtrhj56','Adams4tn56','P.O. Box 1875,',NULL,'6199850799','Ramona','California',223,0),(632,648,'m','Personal','Mikewtrhj','Adams4tn','P.O. Box 1875,',NULL,'6199850799','Ramona','California',223,0),(637,653,'m','Personal','Mike9999','Adams9999','P.O. Box 1875,',NULL,'92065','Ramona','CA',223,0),(638,654,'m','Personal','danny','adams','P.O. Box 1875,',NULL,'6199850799','Ramona','California',223,0),(639,655,'m','Personal','Mike2323','Adams2323','P.O. Box 1875,',NULL,'6199850799','Ramona','California',223,0),(640,656,'m','Personal','Mike3434','Adams3434','P.O. Box 1875,',NULL,'6199850799','Ramona','California',223,0),(641,657,'m','Personal','Mike9090','Adams','P.O. Box 1875,',NULL,'6199850799','Ramona','California',223,0),(642,658,'m','Living My Purpose','David','Vermeulen','',NULL,'','','',0,0),(643,659,'m','Living My Purpose','Project Review Demo','Review','',NULL,'','','',0,0),(644,660,'m','Personal','Mike','Adams','P.O Box 1875,',NULL,'2701707','romane','calefornia',223,0),(645,661,'m','Personal','Mike','Adams','P.O Box 1875,',NULL,'2973409120','romane','calefornia',223,0),(646,662,'m','Personal','Mike ','Adams','P.O Box 1875,',NULL,'27340917','romane','calefornia',223,0),(647,663,'m','Personal','Mike ','Adams','P.O Box 1875,',NULL,'277402970','romane','calefornia',223,0),(648,664,'m','Personal','frotty','thomson','P.O Box 1875,',NULL,'91409814','melbourne','australia',13,0),(649,665,'m','Personal','Mike','Adams','P.O Box 1875,',NULL,'9222433513','london','PA',162,0),(650,666,'m','Personal','jj','thomson','P.O Box 1875,',NULL,'243124142','peris','france',73,0),(651,667,'m','Personal','Mike','Adams','P.O Box 1875,',NULL,'234134','romane','calefornia',223,0),(652,669,'m','Personal','pan','apple','P.O Box 1875,',NULL,'9222433513','melbourne','australia',13,0),(653,672,'m','Personal','tarbella','dam','P.O Box 1875,',NULL,'9222433513','london','PA',162,0),(654,674,'m','Personal','freak','segal','P.O Box 1875,',NULL,'9222433513','london','PA',222,0),(655,676,'m','Personal','methew','gayle','P.O Box 1875,',NULL,'9222433513','london','PA',222,0),(656,678,'m','Personal','tonny','greig','P.O Box 1875,',NULL,'042','london','PA',129,0),(657,679,'m','Personal','michal','jackson','P.O Box 1875,',NULL,'042','london','PA',129,0),(658,0,'m','Personal','Devin','Vermeulen','',NULL,'','','',0,0),(659,681,'f','Living My Purpose','Jenny','LaBahn','',NULL,'','','',0,0),(660,0,'m','Personal','marshall','beetle','melbourn,St#9,block A,',NULL,'3248028','melbourne','australia',223,0),(661,0,'m','Personal','fernando','mars','P.O Box 1875,',NULL,'042','romane','PA',38,0),(662,684,'m','Personal','patel','singh','P.O Box 1875,',NULL,'042','romane','PA',38,0),(663,0,'m','Personal','parthy','patel','london,',NULL,'092','london','PA',160,0),(664,686,'m','Personal','motorola','cables','london,',NULL,'092','london','PA',160,0),(665,0,'m','Personal','cortra','duck','P.O Box 1875,',NULL,'2413251','romane','calefornia',223,0),(666,688,'m','Personal','matra','rayein','P.O Box 1875,',NULL,'2413251','romane','calefornia',223,0),(667,0,'m','Personal','hallay','kevin','st#4, London,',NULL,'9222433513','london','PA',162,0),(668,0,'m','Personal','hallay','kevin','P.O Box 1875,',NULL,'9222433513','fsd','PA',162,0),(669,0,'m','Personal','mike','hussy','P.O Box 1875,',NULL,'290918','romane','calefornia',223,0),(670,0,'m','Personal','marshal','gallon','P.O Box 1875,',NULL,'9222433513','london','PA',162,0),(671,0,'m','Personal','gottam','ghambiir','st#4, London,',NULL,'9222433513','london','PA',162,0),(672,695,'m','Personal','tom','jerry','P.O Box 1875,',NULL,'43235','romane','calefornia',223,0),(673,697,'m','Personal','tom','jerry','st#4, London,',NULL,'9222433513','london','PA',162,0),(674,699,'m','Personal','Mike','Adams','P.O. Box 1875,',NULL,'6199850799','Ramona','California',223,0),(675,701,'m','Personal','Mike','Adams','P.O. Box 1875,',NULL,'92065','Ramona','California',223,0),(676,702,'m','Personal','Theresa','Adams','P.O. Box 1875,',NULL,'92065','Ramona','California',223,0),(677,703,'m','Personal','Eric','Holmquist','3767 Stearnlee Ave',NULL,'90808','Long Beach','CA',223,0),(678,704,'m','Living My Purpose','Pam','Orlina','',NULL,'','','',0,0),(679,706,'m','Personal','Jill','Black','P.O. Box 2205,',NULL,'92065','Ramona','CA',223,0),(680,707,'m','Personal','Tony','Orlina','',NULL,'','','',0,0),(681,708,'m','Personal','Michael','Adams','',NULL,'','','',0,0),(682,709,'m','Personal','Conor','Gilmore','',NULL,'','','',0,0),(684,712,'m','Mike Rundlett','Myra','Mroz','',NULL,'','','',0,0),(685,713,'m','Mike Rundlett','Jessica','Frumm','',NULL,'','','',0,0),(686,714,'m','Mike Rundlett','Vanessa','Martin','',NULL,'','','',0,0),(687,715,'m','Mike Rundlett','Darrin','Mroz','',NULL,'','','',0,0),(688,716,'m','Personal','Nicole','Amescua','',NULL,'','','',0,0),(689,717,'m','Mike Rundlett','David','Paul','',NULL,'','','',0,0),(690,718,'m','Personal','Joline','Martina','1649 Vallea St.',NULL,'92019','El Cajon','CA',0,0),(691,719,'m','Personal','Ric','Vermeulen','',NULL,'','','',0,0),(692,720,'m','Personal','Kim','Vermeulen','',NULL,'','','',0,0),(693,721,'m','Personal','Devin','DeRosia','',NULL,'','','',0,0),(694,723,'m','Personal','James','Kurtz','816 Pine Way,',NULL,'92065','Ramona','CA',223,0),(695,724,'m','Personal','James','Kurtz','9447 new colt ct',NULL,'92021','El cajon','CA',223,0),(696,725,'m','Personal','James','Kurtz','9447 new colt ct',NULL,'92021','El cajon','CA',223,0),(697,726,'f','Personal','Dabnee','Stoecker','1302 S. Pacific Stre',NULL,'92054','Oceanside','CA',223,0),(698,727,'m','Personal','james ','kurtz','9447 new colt ct',NULL,'92021','el cajon','CA',223,0),(699,728,'f','Personal','Rachel','McFarland','12835 PRAIRIE DOG AV',NULL,'92129','SAN DIEGO','CA',223,0),(700,730,'m','Personal','MaryJo','Root','2514 Jamacha Rd #502-111,',NULL,'21019','El Cajon','CA',223,0),(701,732,'m','Personal','Garhett','Revetta','3389 Devon Ct.,',NULL,'91935','Jamul','CA',223,0),(702,733,'m','Living My Purpose','Madison','Peila','',NULL,'','','',0,0),(703,734,'f','Living My Purpose','Mindy','Hoffman','',NULL,'','','',0,0),(704,735,'m','Personal','Ric','Vermeulen','16646 Peace Valley L',NULL,'92065','RAMONA','CA',223,0),(705,736,'m','Mike Rundlett','Alison','Newman','',NULL,'','','',0,0),(706,737,'m','Personal','Jill','Black','P.O. Box 2205&sbquo;',NULL,'92065','Ramona','CA',223,0),(707,739,'m','NCFS-Pam','Tony','Orlina','',NULL,'','','',0,0),(708,740,'m','Personal','Mark','Richards','4712 Aragon drive',NULL,'92115','San Diego','CA',223,0),(709,741,'m','Personal','Steve','Reed','9612 Lamar Street',NULL,'91977','Spring Valley','CA',223,0),(710,742,'m','Personal','JOHN','Oberster','325 E. Bradley Ave. ',NULL,'92021','El Cajon','CA',223,0),(711,744,'m','Personal','Cheyne','Hafner','816 Pine Way,',NULL,'92065','Ramona','CA',223,0),(712,746,'m','Personal','Zachery','Braunwarth','2514 Jamacha Rd #502-111,',NULL,'92019','El Cajon','CA',223,0),(713,747,'m','NCFS','MaryJo','Root','',NULL,'','','',0,0),(714,748,'m','Living My Purpose','Alix','Wiley','',NULL,'','','',0,0),(715,749,'m','Living My Purpose','Todd','Nicholson','',NULL,'','','',0,0),(716,750,'m','NCFS','Malvina','Laudicina','',NULL,'','','',0,0),(717,752,'m','Personal','Tyler','Nicholson','10460 Rancho Carmel Dr.,',NULL,'92128','San Diego','CA',223,0),(718,754,'m','Living My Purpose','Michael ','Martina','1649 Vallea St.',NULL,'92019','El Cajon','CA',0,0),(719,756,'m','Personal','Ric','Vermeulen','',NULL,'','','',0,0),(720,758,'m','Personal','Kim','Vermeulen','',NULL,'','','',0,0),(721,759,'m','Personal','Sarah','Haymin','',NULL,'','','',0,0),(722,760,'m','CoachMeKaren','Stephen','Carson','',NULL,'','','',0,0),(723,761,'m','Living My Purpose','Jonny','Van Ommering','',NULL,'','','',0,0),(724,763,'m','Personal','emily','depue','2935 Kalmia st,',NULL,'92104','san diego','ca',223,0),(725,764,'m','Personal','Emily','Depue','',NULL,'','','',0,0),(726,766,'m','Personal','Lilia','Monge','919 Correa Lane,',NULL,'91977','Spring Valley','CA',223,0),(727,768,'m','Personal','Matthew','Hanington','8908 Bower Lane,',NULL,'92040-5001','Lakeside','CA',223,0),(728,769,'m','NCFS','Lilia','Monge','',NULL,'','','',0,0),(729,770,'m','NCFS','Matthew','Hanington','',NULL,'','','',0,0),(730,771,'m','Personal','Jenn','English','',NULL,'','','',0,0),(731,772,'m','Personal','Taylor','Abeel','',NULL,'','','',0,0),(732,773,'m','NCFS-MaryJo','Garhett','Revetta','3389 Devon Ct.&sbquo;',NULL,'91935','Jamul','CA',223,0),(733,775,'m','Personal','Mackenzie','Loudon','2514 Jamacha Rd, #502-111',NULL,'92019','El Cajon','Ca',223,0),(734,777,'m','Personal','Nicholas','Loudon','11439 Belshire Ln,',NULL,'92126','San Diego','CA',223,0),(735,779,'m','Personal','John','Loudon','11439 Belshire Ln,',NULL,'92126','San Diego','CA',223,0),(736,780,'m','Personal','Chelsea','Stitt','',NULL,'','','',0,0),(737,781,'m','Personal','Levi','Michaud','',NULL,'','','',0,0),(738,783,'m','Personal','jason','huntley','PO Box 722466,',NULL,'92172','San Diego','ca',223,0),(739,784,'m','Personal','Miketestcartfix','Adams','P.O. Box 1875,',NULL,'92065','Ramona','California',223,0),(740,785,'m','Personal','Jason','Huntley','',NULL,'','','',0,0),(741,786,'','VLS','Sierra','De Andrade','2415 Jamacha Rd , #502-111',NULL,'92019','El Cajon','CA',223,0),(742,787,'','VLS','Caitlyn','Filippone','26189 Bellemore Dr.,',NULL,'92019','Ramona','CA',223,0),(743,788,'m','Personal','Maggie ','Topper','',NULL,'','','',0,0),(744,789,'m','Personal','Michael','Davies','',NULL,'','','',0,0),(745,790,'m','Personal','Joshua','Davies','',NULL,'','','',0,0),(746,791,'m','Personal','Jake','Carroll','',NULL,'','','',0,0),(747,792,'m','LaBahns','MaryJo','Root','2514 Jamacha Rd',NULL,'92019','El Cajon','CA',0,0),(748,793,'m','Personal','Kelsee','Dauz','',NULL,'','','',0,0),(749,794,'m','Skyline Youth - HS','Todd','Nicholson','',NULL,'','','',0,0),(750,795,'m','NCFS-Malvina','Malvina','Laudicina','',NULL,'','','',0,0),(751,796,'m','Personal','Rebekah','Hermsmeler','',NULL,'','','',0,0),(752,797,'m','Personal','Tyler','Nicholson','10460 Rancho Carmel Dr.&sbquo;',NULL,'92128','San Diego','CA',223,0),(753,798,'m','Personal','Johnathan','Alvarado','',NULL,'','','',0,0),(754,799,'m','Personal','Candin','Spooner','',NULL,'','','',0,0),(755,800,'m','Personal','Daniel','Henderson','',NULL,'','','',0,0),(756,801,'m','NCFS-Corporate','Brodie','Martin','',NULL,'','','',0,0),(757,802,'m','Personal','Krista','Tidwell','',NULL,'','','',0,0),(758,803,'m','Personal','Tessa','Tidwell','',NULL,'','','',0,0),(759,804,'m','Personal','Tom','Edelen','',NULL,'','','',0,0),(760,805,'m','Personal','Betty','Goodman','',NULL,'','','',0,0),(761,806,'m','Personal','Chloe','Marquardt','',NULL,'','','',0,0),(762,807,'m','Personal','Kasie','Ogrady','12546 Tineo Ave,',NULL,'92128','San DIego','CA',223,0),(763,808,'m','Personal','Ryan','Deyling','',NULL,'','','',0,0),(764,809,'m','MVCC','Eileen','Cunningham','',NULL,'','','',0,0),(765,810,'m','MVCC','Nathaniel','Cunningham','',NULL,'','','',0,0),(766,811,'m','Personal','Jeanne','Cochrun','',NULL,'','','',0,0),(767,812,'m','Personal','katey','huntley','PO Box 722466,',NULL,'92172','San Diego','ca',223,0),(768,813,'m','Living My Purpose','Kyle','Moberg','',NULL,'','','',0,0),(769,814,'m','Living My Purpose','Cody','Moberg','',NULL,'','','',0,0),(770,815,'m','Living My Purpose','Melissa','Goodman','',NULL,'','','',0,0),(771,816,'m','Living My Purpose','Corey','Haines','',NULL,'','','',0,0),(772,817,'m','Living My Purpose','Jade','Resto','',NULL,'','','',0,0),(773,818,'f','Kaleo Coaching','Ana','Christopher','3389 Devon Ct.‚',NULL,'91935','Jamul','CA',223,0),(774,819,'m','Living My Purpose','Priscilla ','Fitch','',NULL,'','','',0,0),(775,820,'','VLS','Jade','Callahan','816 Pine Way,',NULL,'92065','Ramona','CA',223,0),(776,821,'','VLS','Maricelle ','Giusti','816 Pine Way,',NULL,'92065','Ramona','CA',223,0),(777,822,'m','Growing Leaders','Tim','Elmore','',NULL,'','','',0,0),(778,823,'m','Growing Leaders','Holly','Moore','',NULL,'','','',0,0),(779,824,'m','Growing Leaders','Chris','Chris','',NULL,'','','',0,0),(780,825,'m','Growing Leaders','Katlyn','Katlyn','',NULL,'','','',0,0),(781,826,'m','Personal','Levi','Michaud','',NULL,'','','AK',0,0),(782,827,'f','Living My Purpose','Kelly','Raglin','',NULL,'','','',0,0),(783,828,'','VLS','Briana','Taylor','12546 Ave. Tineo,',NULL,'92128','San Diego','CA',223,0),(843,888,'f','LaBahns','Kirschten','Huntley','PO box 722466',NULL,'92172','San Diego','CA',0,0),(785,830,'','VLS','Blake','Wurtzler','816 Pine Way,',NULL,'92065','Ramona','CA',223,0),(786,831,'','VLS','Alycia ','Morgan','816 Pine Way,',NULL,'92065','Ramona','CA',223,0),(787,832,'','VLS','Marissa','Resnick','816 Pine Way,',NULL,'92065','Ramona','CA',223,0),(788,833,'m','Heritage','Maggie ','Topper','',NULL,'','','',0,0),(789,834,'m','Heritage','Michael','Davies','',NULL,'','','',0,0),(790,835,'m','Heritage','Joshua','Davies','',NULL,'','','',0,0),(803,848,'f','LaBahns','Tessa','Tidwell','',NULL,'','','AK',0,0),(804,849,'m','Skyline Youth - HS','Josh','Austel','',NULL,'','','',0,0),(792,837,'m','Heritage','Jeff','Dauz','',NULL,'','','',0,0),(793,838,'f','Heritage','Kelsee','Dauz','',NULL,'','','',0,0),(794,839,'m','Heritage','Charity','Johnson','',NULL,'','','',0,0),(795,840,'m','Heritage','Savannah','Reed','',NULL,'','','',0,0),(796,841,'m','Heritage','Rebekah','Hermsmeier','',NULL,'','','',0,0),(797,842,'m','Heritage','Benjamin','Gish','',NULL,'','','',0,0),(798,843,'m','Heritage','Jonathan','Alvarado','',NULL,'','','',0,0),(799,844,'m','Heritage','Candin','Spooner','',NULL,'','','',0,0),(805,850,'m','Skyline Youth - HS','Joey','Magliato','',NULL,'','','',0,0),(801,846,'m','Heritage','Calvin','Amos','',NULL,'','','',0,0),(802,847,'f','Heritage','Krista','Tidwell','',NULL,'','','',0,0),(806,851,'m','Skyline Youth - HS','Brianna','Logan','',NULL,'','','',0,0),(807,852,'m','Skyline Youth - HS','Joanalise','Black','',NULL,'','','',0,0),(808,853,'f','Skyline Youth - HS','Delilah','Nichols','',NULL,'','','',0,0),(809,854,'m','Skyline Youth - HS','Kaitlyn','Bell','',NULL,'','','',0,0),(810,855,'m','Skyline Youth - HS','Alexis','Perez','',NULL,'','','',0,0),(811,856,'m','Skyline Youth - HS','Haley','Smith','',NULL,'','','',0,0),(812,857,'m','Skyline Youth - HS','Hayden','Mercurio','',NULL,'','','',0,0),(813,858,'m','Skyline Youth - HS','Paulina','Castillo','',NULL,'','','',0,0),(814,859,'m','Skyline Youth - HS','Miranda','Bugel','',NULL,'','','',0,0),(815,860,'m','Skyline Youth - HS','Lauren','Weigel','',NULL,'','','',0,0),(816,861,'m','Skyline Youth - HS','Tyler','Lee','',NULL,'','','',0,0),(817,862,'m','Skyline Youth - HS','Caralee','Loibl','',NULL,'','','',0,0),(818,863,'m','Skyline Youth - HS','Zach','Wilbur','3223 James Street',NULL,'92106','San Diego','CA',0,0),(819,864,'m','Skyline Youth - HS','Priscilla ','Fitch','',NULL,'','','',0,0),(820,865,'m','Skyline Youth - HS','Kyle','Krick','',NULL,'','','',0,0),(821,866,'m','Skyline Youth - HS','Jarred','Stimp','',NULL,'','','',0,0),(822,867,'m','Skyline Youth - HS','Daniel','Cargo','',NULL,'','','',0,0),(823,868,'m','Skyline Youth - HS','Willy','Howse','',NULL,'','','',0,0),(824,869,'m','Skyline Youth - HS','Preston','Frazier','',NULL,'','','',0,0),(825,870,'m','Skyline Youth - HS','Jean','Montigo','',NULL,'','','',0,0),(826,871,'m','Skyline Youth - HS','Becky','Dreesen','',NULL,'','','',0,0),(827,872,'f','Living My Purpose','Kelly','Raglin','',NULL,'','','',0,0),(828,873,'m','Skyline Youth - HS','Alyssa','Fraga','',NULL,'','','',0,0),(829,874,'m','LaBahns','Robert','Rohde','16840 Espola Road',NULL,'92064','Poway','CA',223,0),(830,875,'m','Skyline Youth - HS','Amanda','Howse','',NULL,'','','',0,0),(831,876,'m','Skyline Youth - HS','Kevin','Krick','',NULL,'','','',0,0),(832,877,'m','Skyline Youth - HS','Ryan','Baxter','',NULL,'','','',0,0),(833,878,'m','Skyline Youth - HS','Dustin','Merfalen','',NULL,'','','',0,0),(834,879,'m','Living My Purpose','Madison','Phillips','',NULL,'','','',0,0),(835,880,'m','Living My Purpose','David','Fucella','',NULL,'','','',0,0),(836,881,'m','Living My Purpose','Kristen','Cherry','',NULL,'','','',0,0),(837,882,'m','NCFS-Corporate','Kelly','Robson','',NULL,'','','',0,0),(838,883,'m','Foothills','Jack','Switzer','',NULL,'','','',0,0),(839,884,'m','LaBahns','Bill','Root','2514 Jamacha Rd',NULL,'92019','El Cajjon','CA',223,0),(840,885,'','VLS','Angelica','Northup','2514 Jamacha Road, 502-111,',NULL,'92019','El Cajon','CA',223,0),(841,886,'','VLS','Cassidy','Clark','12546 Ave. Tineo,',NULL,'92128','San Diego','CA',223,0),(842,887,'','VLS','Esther','Klijn','12546 Ave. Tineo,',NULL,'92128','San Diego','CA',223,0),(844,889,'m','Personal','Terry','Woodburn','Thomas Koss, E. 1885 Dehesa Road',NULL,'92019','El Cajon','CA',223,0),(845,890,'m','Foothills','Mike','VanMeter','',NULL,'','','',0,0),(846,891,'m','Foothills','Neil','Hoffman','',NULL,'','','',0,0),(847,892,'f','Foothills','Megan','Mosley','',NULL,'','','',0,0),(848,893,'m','Skyline Youth - HS','Baily','Vickars','',NULL,'','','AK',0,0),(849,894,'m','Foothills','Jared','Cook','',NULL,'','','',0,0),(850,895,'m','Skyline Youth - HS','Joey','Magliato','',NULL,'','','',0,0),(851,896,'m','Foothills','Kim','Nabors','',NULL,'','','',0,0),(852,897,'','VLS','Tony','LaDouce','12546 Ave. Tineo,',NULL,'92128','San Diego','CA',223,0),(853,898,'','VLS','Brittany','Shaeffer','PO Box 722466,',NULL,'92127','San Diego','CA',223,0),(854,899,'m','Foothills','Keith','Bridgeforth','',NULL,'','','',0,0),(855,900,'m','Foothills','Joseph','Bridgeforth','',NULL,'','','',0,0),(856,901,'m','Foothills','Isaac','Bridgeforth','',NULL,'','','',0,0),(857,902,'m','Foothills','Quentin','Bridgeforth','',NULL,'','','',0,0),(858,903,'m','Skyline Youth - HS','Andrew ','Pence','',NULL,'','','',0,0),(859,904,'m','Skyline Youth - HS','Brian','Lawrence','',NULL,'','','',0,0),(860,905,'m','Skyline Youth - HS','Danielle','Lawrence','',NULL,'','','',0,0),(861,906,'m','Skyline Youth - HS','Dustin','Merfalen','',NULL,'','','',0,0),(862,907,'m','Skyline Youth - HS','Jose','Flores','',NULL,'','','',0,0),(863,908,'m','Skyline Youth - HS','Josh','Austel','',NULL,'','','',0,0),(864,909,'m','LaBahns','Allyson','Wickersham','10820 HOBBLE LANE',NULL,'91978','SPRING VALLEY','CA',223,0),(865,910,'m','Skyline Youth - HS','Lauren','Snider','',NULL,'','','',0,0),(866,911,'m','Skyline Youth - HS','Micah','Nicholson','',NULL,'','','',0,0),(867,912,'m','Skyline Youth - HS','Briana','Bonta','',NULL,'','','',0,0),(868,913,'m','Skyline Youth - HS','Lauren','Fleming','',NULL,'','','',0,0),(1082,1127,'m','Personal','Neh','Shah','12546 Avenida Tineo,',NULL,'92128','San Diego','CA',223,0),(870,915,'m','Skyline Youth - HS','Leif','Simpson','',NULL,'','','',0,0),(871,916,'m','Skyline Youth - HS','Evan','Salababarria','',NULL,'','','',0,0),(872,917,'m','Living My Purpose','test','','',NULL,'','','',0,0),(873,918,'','VLS','Andrea','Harden','12546 Ave. Tineo,',NULL,'92128','San Diego','CA',223,0),(874,919,'m','Personal','Carissa','Park','',NULL,'','','',0,0),(875,920,'','VLS','Jacob','Secrist','12546 Ave. Tineo,',NULL,'92128','San Diego','CA',223,0),(876,921,'','VLS','Leah','Wilschetz','12546 Ave. Tineo,',NULL,'92128','San Diego','CA',223,0),(877,922,'m','LaBahns','Jeremy','LaBahn','',NULL,'','','',0,0),(878,923,'m','Personal','Dustin','Wheeler','',NULL,'','','',0,0),(879,924,'','VLS','Lora','Fisher','3223 James Street,',NULL,'92106','San Diego','CA',223,0),(880,925,'','VLS','Natalie','Barens','12546 Ave. Tineo,',NULL,'92128','San Diego','CA',223,0),(881,926,'','VLS','Max','Lundberg','12546 Ave. Tineo,',NULL,'92128','San Diego','CA',223,0),(882,927,'','VLS','Alfonso','Servey','12546 Ave. Tineo,',NULL,'92128','San Diego','CA',223,0),(883,928,'m','Personal','Brian','Abeel','',NULL,'','','',0,0),(884,929,'','VLS','Saige','Strickland','12546 Ave. Tineo,',NULL,'92128','San Diego','CA',223,0),(885,930,'','VLS','Cadence','Lewis','12546 Ave. Tineo,',NULL,'92128','San Diego','CA',223,0),(886,931,'f','Living My Purpose','Lisa','Carter','',NULL,'','','',0,0),(887,932,'f','Living My Purpose','Fallon','Newland','',NULL,'','','',0,0),(888,933,'f','Living My Purpose','Selah','Newland','',NULL,'','','',0,0),(889,934,'','VLS','David','Lozoya','12546 Ave. Tineo,',NULL,'92128','San Diego','CA',223,0),(890,935,'','VLS','Brad','Karen','12546 Ave. Tineo,',NULL,'92128','San Diego','CA',223,0),(891,936,'','VLS','Monica','Morales','1651 E. Main Street Suite 104,',NULL,'92021','El Cajon','CA',223,0),(892,937,'','VLS','Ariel','Carey','12546 Ave. Tineo,',NULL,'92128','San Diego','CA',223,0),(893,938,'','VLS','Karina','Calderon','12546 Ave. Tineo,',NULL,'92128','San Diego','CA',223,0),(894,939,'m','LaBahns','Jared','Cook','1277 bermuda place',NULL,'92021','El Cajon','CA',223,0),(895,940,'m','LaBahns','Emmanuel','Mercado','1256 Persimmon Ave. #A',NULL,'92021','El Cajon','CA',223,0),(896,941,'m','Living My Purpose','Jugdesh','Vaghella','',NULL,'','','',0,0),(897,942,'m','Living My Purpose','Joseph','Fidelis','',NULL,'','','',0,0),(898,943,'m','Living My Purpose','Sanin','Sanin','',NULL,'','','',0,0),(899,944,'m','LaBahns','Keith','Bridgeforth','9110 gotta pl',NULL,'92040','lakeside','CA',223,0),(900,945,'m','LaBahns','Joseph','Bridgeforth','9110 Gotta Place',NULL,'92040','Lakeside','CA',223,0),(901,946,'m','LaBahns','Jugdesh','Vaghella','',NULL,'','Karachi','',162,0),(902,947,'m','LaBahns','Quentin','Bridgeforth','9110 gotta pl',NULL,'92040','lakeside','CA',223,0),(903,948,'','VLS','Mike','Adams','P.O. Box 1875,',NULL,'6199850799','Ramona','California',223,0),(904,949,'','VLS','mike2','adams2','P.O. Box 1875,',NULL,'6199850799','Ramona','California',223,0),(905,950,'','VLS','Mike3','Adams3','po box,',NULL,'6199850799','ramona','CA',223,0),(906,951,'','VLS','mike4','adams3','po box,',NULL,'6199850799','ramona','CA',223,0),(907,952,'','VLS','Jugdesh5','Vaghella5','sdfdfs,',NULL,'dfdfdf','fd','dd',162,0),(908,953,'','VLS','Jugdesh6','Vaghella6','dsjfld,',NULL,'fjsfl','jk','jk',162,0),(909,954,'','VLS','J','V','sd, jkdfslj',NULL,'jdkfs','djslf','kfjdf',162,0),(910,955,'','VLS','Jugdesh','Vaghella','Jafds, dkjfsl',NULL,'fsd','djfs','jdkf',162,0),(911,956,'','VLS','Jugdesh7','Vaghella7','Jafds, dkjfsl',NULL,'fsd','djfs','jdkf',162,0),(912,957,'f','LaBahns','Briana','Bonta','1505 Cuyamaca Ave',NULL,'91977','Spring Valley','CA',223,0),(913,958,'','VLS','jugdesh9','vaghella9','as,',NULL,'dkfjsl','jks','jfls',162,0),(914,959,'','VLS','jugdesh10','vaghella10','as,',NULL,'dkfjsl','jks','jfls',162,0),(915,960,'','VLS','jugdesh11','vaghella11','as,',NULL,'dkfjsl','jks','jfls',162,0),(916,961,'','VLS','jugdesh12','vaghella12','as,',NULL,'dkfjsl','jks','jfls',162,0),(917,962,'','VLS','jugdesh13','vaghella13','as,',NULL,'dkfjsl','jks','jfls',162,0),(918,963,'','VLS','jugdesh14','vaghella14','as,',NULL,'dkfjsl','jks','jfls',162,0),(919,964,'','VLS','Jugdesh15','Vaghella15','lajds, jksl',NULL,'ksjfal;k','sdlfd','sdjlfkdk',162,0),(920,965,'','VLS','Jugdesh16','Vaghella16','lajds, jksl',NULL,'ksjfal;k','sdlfd','sdjlfkdk',162,0),(921,966,'m','Living My Purpose','Toni','Johnson','',NULL,'','','',0,0),(922,967,'m','Tom Koss','Tony','Piretti','',NULL,'','','',0,0),(923,968,'m','Personal','MikeTestEmails','Adams','',NULL,'','','',0,0),(924,969,'m','LaBahns','Jugdesh2','Vaghella2','12',NULL,'12','1212','',162,0),(925,970,'m','LaBahns','Jugdesh3','Vaghella3','df',NULL,'sfsd','fsfd','',162,0),(926,971,'m','LaBahns','jugdesh2','vaghella2','sdfd',NULL,'sfdf','qa','',162,0),(927,972,'m','LaBahns','jugdesh5','vaghella5','sdk',NULL,'kkdlfsk','lkds','',162,0),(928,973,'m','LaBahns','jugdesh','vaghella','sfd',NULL,'jds','jsl','',162,0),(929,974,'m','LaBahns','Jugdesh','Vaghella','sl',NULL,'kslfs','lkjsdlfj','',162,0),(930,975,'f','NCFS-Corporate','Cadence','Lewis','12546 Ave. Tineo&sbquo;',NULL,'92128','San Diego','CA',223,0),(931,976,'f','LaBahns','Lisa','Carter','12530 royal rd spc 23',NULL,'92021','el cajon','CA',223,0),(932,977,'m','LaBahns','jugdesh','vaghella','jsl',NULL,'l','j','',162,0),(933,978,'m','LaBahns','Jugdesh','Vaghella','',NULL,'','adsf','',162,0),(934,979,'m','LaBahns','Jugdesh','Vaghella','jskdl',NULL,'lsjd','sdl','',162,0),(935,980,'m','LaBahns','jugdesh','vaghella','sd',NULL,'sdf','ss','',162,0),(936,981,'m','LaBahns','jugdesh','vaghella','sa',NULL,'ljl','jld','',162,0),(937,982,'m','LaBahns','jugdesh','vaghella','sl',NULL,'ll','l','',162,0),(938,983,'m','LaBahns','jugdesh','vaghella','asds',NULL,'fdsfsdf','fsdfds','',162,0),(939,984,'m','Living My Purpose','testmike','testadams','',NULL,'','','',0,0),(940,985,'','VLS','Mike','Adams','P.O. Box 1875,',NULL,'6199850799','Ramona','California',223,0),(941,986,'m','Living My Purpose','Jugdesh','Vaghella','',NULL,'','','',0,0),(942,987,'','VLS','Jugdesh20','Vaghella20','as, sdf',NULL,'sdf','sfd','fsdfdsf',162,0),(943,988,'','VLS','Jugdesh202','Vaghella203','as, sdf',NULL,'sdf','sfd','fsdfdsf',162,0),(944,989,'f','MVCC','Rachel','Clarke','9110 gotta pl',NULL,'92040','lakeside','CA',223,0),(945,990,'','VLS','Jugdesh20233','Vaghella20333','as, sdf',NULL,'sdf','sfd','fsdfdsf',162,0),(946,991,'','VLS','Jugdesh30','Vaghella30','a, ls',NULL,'sjl','lsld','kdfja;',162,0),(947,992,'','VLS','Mike','Adams','P.O. Box 1875,',NULL,'6199850799','Ramona','California',223,0),(948,993,'f','Joyner Tax Service','Karen','Joyner','',NULL,'','','',0,0),(949,994,'m','Joyner Tax Service','Jeremy','Joyner','',NULL,'','','',0,0),(950,995,'f','Joyner Tax Service','Janae','Joyner','',NULL,'','','',0,0),(951,996,'m','Joyner Tax Service','Jerry','Joyner','',NULL,'','','',0,0),(952,997,'f','Joyner Tax Service','Debbie','Brown','',NULL,'','','',0,0),(953,998,'m','Joyner Tax Service','Suzette','Palacios','',NULL,'','','',0,0),(954,999,'m','Living My Purpose','Mike','Adams','',NULL,'','','',0,0),(955,1000,'m','Personal','Debbie','Abeel','',NULL,'','','',0,0),(956,1001,'','VLS','Kelsey','Ellison','12546 Ave. Tineo,',NULL,'92128','San Diego','CA',223,0),(957,1002,'m','LaBahns','Daneil','LaBahn','',NULL,'','','',0,0),(1006,1051,'m','Living My Purpose','Sabrina ','Cox','',NULL,'','','',0,0),(958,1003,'m','MVCC','David','Breeding','',NULL,'','','',0,0),(959,1004,'m','MVCC','Mark','Gordon','',NULL,'','','',0,0),(960,1005,'m','MVCC','Gerri','Gordon','',NULL,'','','',0,0),(961,1006,'m','MVCC','Kathleen','Jaquez','',NULL,'','','',0,0),(962,1007,'m','MVCC','Lydia','Leffler','',NULL,'','','',0,0),(963,1008,'m','MVCC','Corina','McMillen','',NULL,'','','',0,0),(964,1009,'m','MVCC','Angela','Price','',NULL,'','','',0,0),(965,1010,'m','MVCC','Patricia','Simon','',NULL,'','','',0,0),(966,1011,'m','MVCC','Daniel','Spencer','',NULL,'','','',0,0),(967,1012,'m','MVCC','Robert','Walter','',NULL,'','','',0,0),(968,1013,'m','MVCC','Barbara','Walter','',NULL,'','','',0,0),(969,1014,'','VLS','Jugdesh12','Vaghella12','1, 1',NULL,'1','1','11',162,0),(970,1015,'','VLS','Jugdesh13','Vaghella13','1, 1',NULL,'1','1','11',162,0),(971,1016,'m','Living My Purpose','Jeremy','Hassler','',NULL,'','','',0,0),(972,1017,'m','Living My Purpose','Christi','Hassler','',NULL,'','','',0,0),(973,1018,'','VLS','Olivia','Kingston','12546 Ave. Tineo,',NULL,'92128','San Diego','CA',223,0),(974,1019,'','VLS','Viana','Pham','12546 Ave. Tineo,',NULL,'92128','San Diego','CA',223,0),(975,1020,'','VLS','Jensen','Bogan','12546 Ave. Tineo,',NULL,'92128','San Diego','CA',223,0),(976,1021,'','VLS','Ann Marie','Murphy','12546 Ave. Tineo,',NULL,'92128','San Diego','CA',223,0),(977,1022,'m','Living My Purpose','Alex','Clayton','',NULL,'','','',0,0),(978,1023,'','VLS','Chloe','Gilbreth','12546 Ave. Tineo,',NULL,'92128','San Diego','CA',223,0),(979,1024,'','VLS','Grant','Gilbreth','12546 Ave. Tineo,',NULL,'92128','San Diego','CA',223,0),(980,1025,'','VLS','Reed','Gilbreth','12546 Ave. Tineo,',NULL,'92128','San Diego','CA',223,0),(981,1026,'m','Living My Purpose','Susie','Moyer','',NULL,'','','',0,0),(982,1027,'m','Tom Koss','Kim','Adams','',NULL,'','','',0,0),(983,1028,'m','Living My Purpose','Taylor','Falduti','',NULL,'','','',0,0),(1083,1128,'m','Living My Purpose','Dornsife','Markisha','',NULL,'','','',0,0),(985,1030,'m','Living My Purpose','Jim','Gledhill','',NULL,'','','',0,0),(986,1031,'m','Living My Purpose','Douglas','Gore','',NULL,'','','',0,0),(987,1032,'m','Living My Purpose','Ben','Sjogren','',NULL,'','','',0,0),(988,1033,'','VLS','David','Wilschetz','12546 Ave. Tineo,',NULL,'92128','San Diego','CA',223,0),(989,1034,'m','Living My Purpose','Jesse','Abeel','',NULL,'','','',0,0),(990,1035,'','VLS','Sarah','ORourke','12546 Ave. Tineo,',NULL,'92128','San Diego','CA',223,0),(991,1036,'','VLS','Hannah','Wood','12546 Ave. Tineo,',NULL,'92128','San Diego','CA',223,0),(992,1037,'m','MVCC','Jim','Johnson','',NULL,'','','',0,0),(993,1038,'','VLS','Christine','Leung','12546 Ave. Tineo,',NULL,'92128','San Diego','CA',223,0),(994,1039,'','VLS','Peter','Leung','12546 Ave. Tineo,',NULL,'92128','San Diego','CA',223,0),(995,1040,'','VLS','Kelly','Slizza','816 Pine Way,',NULL,'92065','Ramona','CA',223,0),(996,1041,'m','Joyner Tax Service','Jerry','Joyner','',NULL,'','','',0,0),(997,1042,'m','Personal','Teal','Messner','po box,',NULL,'91977','Spring Valley','CA',223,0),(998,1043,'m','Living My Purpose','Mirna','Adams','',NULL,'','','',0,0),(999,1044,'m','Living My Purpose','Mike','Adams','',NULL,'','','',0,0),(1000,1045,'','VLS','Mike','Adams','P.O. Box 1875,',NULL,'6199850799','Ramona','California',223,0),(1001,1046,'','VLS','Samantha','Pejouan','12546 Avenida Tineo,',NULL,'92128','San Diego','CA',223,0),(1002,1047,'m','LaBahns','Daniel','LaBahn','',NULL,'','','',0,0),(1003,1048,'','VLS','Thomas','Casey','12546 Avenida Tineo,',NULL,'92128','San Diego','CA',223,0),(1004,1049,'m','LaBahns','Scott','Hilton','',NULL,'','','',0,0),(1005,1050,'m','Ross Chenault','Brandon','Chenault','',NULL,'','','',0,0),(1007,1052,'m','Living My Purpose','Gretchen','Williams','',NULL,'','','',0,0),(1008,1053,'m','Living My Purpose','Gray','Rohde','',NULL,'','','',0,0),(1009,1054,'m','Personal','Kaya','White','12546 Avenida Tineo,',NULL,'92128','San Diego','CA',223,0),(1010,1055,'m','Living My Purpose','Kim','Heggem','',NULL,'','','',0,0),(1011,1056,'m','Living My Purpose','Richard','Blackledge','',NULL,'','','',0,0),(1012,1057,'f','Heritage','Jamie','Myers','',NULL,'','','',0,0),(1013,1058,'f','Living My Purpose','Ruth','Melendez','',NULL,'','','',0,0),(1014,1059,'m','Living My Purpose','Ben','Roderick','',NULL,'','','',0,0),(1015,1060,'m','Personal','Peter','Myers','4375 Via Sorpresa,',NULL,'92124','San Diego','CA',223,0),(1016,1061,'m','Personal','Philip ','Geerdes','4375 Via Sorpresa,',NULL,'92124','San Diego','CA',223,0),(1017,1062,'m','Personal','Chris','Toth','12546 Avenida Tineo,',NULL,'92128','San Diego','CA',223,0),(1018,1063,'m','Personal','Victor','Aranda','12546 Avenida Tineo,',NULL,'92128','San Diego','CA',223,0),(1019,1064,'m','Personal','Sanchez','Abraham','12546 Avenida Tineo,',NULL,'92128','San Diego','CA',223,0),(1020,1065,'m','Personal','Sanchez','Jasmine','12546 Avenida Tineo,',NULL,'92128','San Diego','CA',223,0),(1021,1066,'f','Living My Purpose','Molly','Hannon','',NULL,'','','',0,0),(1022,1067,'m','Living My Purpose','Alex','Clayton','',NULL,'','','',0,0),(1023,1068,'m','Personal','Joshua','Smith','4802138708242359,',NULL,'92128','San Diego','CA',223,0),(1024,1069,'m','Personal','Rachel','Corona','12546 Avenida Tineo,',NULL,'92128','San Diego','CA',223,0),(1025,1070,'m','Living My Purpose','Annie','Atterbury','',NULL,'','','',0,0),(1026,1071,'m','Personal','Anthony','Topete','12546 Avenida Tineo,',NULL,'92128','San Diego','CA',223,0),(1027,1072,'m','Personal','Brooke Mehki','Mehki','12546 Avenida Tineo,',NULL,'92128','San Diego','CA',223,0),(1028,1073,'m','Living My Purpose','Taylor','Falduti','',NULL,'','','',0,0),(1029,1074,'f','LaBahns','Bailee','Byers','15553 Via La Ventana ',NULL,'92131','San Diego','CA',223,0),(1030,1075,'m','Living My Purpose','Katerina','Harnetiaux','',NULL,'','','',0,0),(1031,1076,'f','Living My Purpose','Rachel Elizabeth','Mases','',NULL,'','','',0,0),(1032,1077,'m','Living My Purpose','Timothy','Mayer','',NULL,'','','',0,0),(1033,1078,'m','Personal','Melissa','Potter','12546 Avenida Tineo,',NULL,'92128','San Diego','CA',223,0),(1034,1079,'m','Personal','Patsy','Wilson','816 Pine Way,',NULL,'92065','Ramona','CA',223,0),(1035,1080,'m','Living My Purpose','Jason','Winters','',NULL,'','','',0,0),(1036,1081,'m','Living My Purpose','Steven','Drenning','',NULL,'','','',0,0),(1037,1082,'m','Living My Purpose','Dusty','Gruber','',NULL,'','','',0,0),(1038,1083,'m','Living My Purpose','Sinai','Reyes','',NULL,'','','',0,0),(1039,1084,'m','LaBahns','Peter','Leung','12546 Ave. Tineo&sbquo;',NULL,'92128','San Diego','CA',223,0),(1040,1085,'f','LaBahns','Kelly','Slizza','816 Pine Way&sbquo;',NULL,'92065','Ramona','CA',223,0),(1041,1086,'m','Living My Purpose','Connor','Chung','',NULL,'','','',0,0),(1042,1087,'m','Personal','Mark','Kats','2017 N. Nutmeg St.,',NULL,'92026','Escondido','CA',223,0),(1043,1088,'f','LaBahns','Mirna','Adams','900 N. Cleveland St. Spc. 170',NULL,'92054','Oceanside','CA',223,0),(1044,1089,'m','Living My Purpose','Adina','Mroz','',NULL,'','','',0,0),(1045,1090,'m','Living My Purpose','Miguel','Martin','',NULL,'','','',0,0),(1046,1091,'m','Personal','Kiran','Mehta','12546 Avenida Tineo,',NULL,'92128','San Diego','CA',223,0),(1047,1092,'m','Living My Purpose','Joshua','Villarino','',NULL,'','','',0,0),(1048,1093,'m','Living My Purpose','Morgan','Peterson','',NULL,'','','',0,0),(1049,1094,'m','Living My Purpose','Scout','Wolfe','',NULL,'','','',0,0),(1050,1095,'m','LaBahns','Brandon','Chenault','940 Teatro Circle',NULL,'92021','El Cajon','CA',223,0),(1051,1096,'m','Living My Purpose','Derrick','Oh','',NULL,'','','',0,0),(1052,1097,'m','Living My Purpose','Miranda','Lara','',NULL,'','','',0,0),(1053,1098,'m','Living My Purpose','Sydney','Waldron','',NULL,'','','',0,0),(1054,1099,'m','Ross Chenault','Andrew','Chenault','',NULL,'','','',0,0),(1055,1100,'m','NCFS-Pam','Karla','Krasky','',NULL,'','','',0,0),(1056,1101,'m','NCFS-Pam','Kristina','McDaniel','',NULL,'','','',0,0),(1057,1102,'m','Living My Purpose','Preston','Fraser','',NULL,'','','',0,0),(1058,1103,'','VLS','Dominic','Giusti','816 Pine Way,',NULL,'92065','Ramona','CA',223,0),(1059,1104,'','VLS','Ryan','Cage','816 Pine Way,',NULL,'92065','Ramona','CA',223,0),(1060,1105,'m','Living My Purpose','Troy','Beyer','',NULL,'','','',0,0),(1061,1106,'m','Living My Purpose','Karinne','Russo','',NULL,'','','',0,0),(1062,1107,'m','Living My Purpose','Patrick','Martin','',NULL,'','','',0,0),(1063,1108,'m','Personal','Allie','Servey','12546 Avenida Tineo,',NULL,'92128','SAN DIEGO','California',223,0),(1064,1109,'m','Living My Purpose','Lisa','Martin','',NULL,'','','',0,0),(1065,1110,'m','Living My Purpose','Selina','Mroz','',NULL,'','','',0,0),(1066,1111,'m','Living My Purpose','James','Sadik','',NULL,'','','',0,0),(1067,1112,'m','Living My Purpose','Justin','Christensen','',NULL,'','','',0,0),(1068,1113,'m','Personal','Emily','Norris','9612 Lamar St,',NULL,'91977','Spring Valley','CA',223,0),(1069,1114,'m','Living My Purpose','Curtis','Anderson','',NULL,'','','',0,0),(1070,1115,'m','Personal','Brenner','Ryan','12546 Avenida Tineo,',NULL,'92128','San Diego','CA',223,0),(1071,1116,'m','MVCC','Ron','Holt','',NULL,'','','',0,0),(1072,1117,'m','MVCC','Jen','Villagrana','',NULL,'','','',0,0),(1073,1118,'m','MVCC','Gene','Villagrana','',NULL,'','','',0,0),(1074,1119,'m','MVCC','Leah','Cullen','',NULL,'','','',0,0),(1075,1120,'m','MVCC','Scott','Shelby','',NULL,'','','',0,0),(1076,1121,'f','Living My Purpose','Rachel Elizabeth','Mases','',NULL,'','','',0,0),(1077,1122,'m','MVCC','David','Meske','',NULL,'','','',0,0),(1078,1123,'m','Personal','Frank','Cabral','12546 Avenida Tineo,',NULL,'92128','San Diego','CA',109,0),(1079,1124,'m','Personal','Patsy','Wilson','816 Pine Way&sbquo;',NULL,'92065','Ramona','CA',223,0),(1080,1125,'m','LaBahns','Jason','Winters','2511 Mitten Lane',NULL,'92065','Ramona','CA',223,0),(1081,1126,'m','Personal','Andrea','Marquez','940 Teatro Circle,',NULL,'92021','El Cajon','CA',223,0),(1084,1129,'m','Living My Purpose','George del','Hierro','',NULL,'','','',0,0),(1085,1130,'m','Living My Purpose','Irene','Chung','',NULL,'','','',0,0),(1086,1131,'m','Living My Purpose','Teresa','Rios','',NULL,'','','',0,0),(1087,1132,'m','Living My Purpose','Cameron','Desmarais','',NULL,'','','',0,0),(1088,1133,'','VLS','Malia','Naputi','940 Teatro Circle,',NULL,'6198940961','El Cajon','CA',223,0),(1089,1134,'m','Living My Purpose','Michael','Cloyd','',NULL,'','','',0,0),(1090,1135,'m','Living My Purpose','Chelsea','Mullen','',NULL,'','','',0,0),(1091,1136,'f','Living My Purpose','Tammy','Spicer','',NULL,'','','',0,0),(1092,1137,'m','LaBahns','Joshua','Villarino','1858 Granite Hills Dr.',NULL,'92019','El Cajon','CA',223,0),(1093,1138,'m','Living My Purpose','Lindsey','VanNevel','',NULL,'','','',0,0),(1094,1139,'m','Living My Purpose','Tanya','Rodriguez','',NULL,'','','',0,0),(1095,1140,'m','Living My Purpose','Emily','Harris','',NULL,'','','',0,0),(1096,1141,'m','Living My Purpose','April','Powell','',NULL,'','','',0,0),(1097,1142,'m','Living My Purpose','Miranda','Lara','',NULL,'','','',0,0),(1098,1143,'m','Living My Purpose','Sheila','Galindo','',NULL,'','','',0,0),(1099,1144,'m','Living My Purpose','Michelle','Wooldridge','',NULL,'','','',0,0),(1100,1145,'m','Living My Purpose','Diane','Harshman','',NULL,'','','',0,0),(1101,1146,'m','Living My Purpose','Jerda E','Campbell','',NULL,'','','',0,0),(1102,1147,'m','Living My Purpose','Lexi','Moore','',NULL,'','','',0,0),(1103,1148,'m','LaBahns','Dominic','Giusti','816 Pine Way&sbquo;',NULL,'92065','Ramona','CA',223,0),(1104,1149,'m','LaBahns','Ryan','Cage','816 Pine Way&sbquo;',NULL,'92065','Ramona','CA',223,0),(1105,1150,'m','Living My Purpose','Tina','Serrano','',NULL,'','','',0,0),(1106,1151,'m','Living My Purpose','Mat','Marquez','',NULL,'','','',0,0),(1107,1152,'m','Living My Purpose','Dan','Slagle','',NULL,'','','',0,0),(1108,1153,'m','Living My Purpose','Gina','Slagle','',NULL,'','','',0,0),(1109,1154,'m','Living My Purpose','Mike','Slagle','',NULL,'','','',0,0),(1110,1155,'m','LaBahns','Mike','email','',NULL,'','','',0,0),(1111,1156,'m','LaBahns','Dan','Slagle','',NULL,'','','',0,0),(1112,1157,'m','LaBahns','Tina','Serrano','',NULL,'','','',0,0),(1113,1158,'m','Living My Purpose','Mat','Marquez','',NULL,'','','',0,0),(1114,1159,'m','Living My Purpose','Tammy','Spicer','',NULL,'','','',0,0),(1115,1160,'m','LaBahns','Shae','King','',NULL,'','','',0,0),(1116,1161,'m','LaBahns','Lindsey','VanNevel','',NULL,'','','',0,0),(1117,1162,'m','LaBahns','Tanya','Rodriguez','',NULL,'','','',0,0),(1118,1163,'m','Living My Purpose','Emily','Harris','',NULL,'','','',0,0),(1119,1164,'m','Living My Purpose','April','Powell','',NULL,'','','',0,0),(1120,1165,'m','Living My Purpose','Catherine','Ahue','',NULL,'','','',0,0),(1121,1166,'m','Living My Purpose','Sheila','Galindo','',NULL,'','','',0,0),(1122,1167,'m','Living My Purpose','Michelle','Wooldridge','',NULL,'','','',0,0),(1123,1168,'m','Living My Purpose','Diane','Harshman','',NULL,'','','',0,0),(1124,1169,'m','Living My Purpose','Jerda E','Campbell','',NULL,'','','',0,0),(1125,1170,'f','Living My Purpose','Maryam','Atty','2511 Mitten Lane',NULL,'92065','Ramona','CA',223,0),(1126,1171,'m','Living My Purpose','Sheri','Johnson','',NULL,'','','',0,0),(1127,1172,'m','Living My Purpose','Sharon','Slagle','',NULL,'','','',0,0),(1128,1173,'m','Living My Purpose','Jeff','Fink','',NULL,'','','',0,0),(1129,1174,'m','Living My Purpose','Ashley','Fink','',NULL,'','','',0,0),(1130,1175,'m','Living My Purpose','Tim','Heredia','',NULL,'','','',0,0),(1131,1176,'m','Living My Purpose','Teresa','Rios','',NULL,'','','',0,0),(1132,1177,'m','Living My Purpose','Kylie','Skiles','',NULL,'','','',0,0),(1133,1178,'f','LaBahns','Malia','Naputi','518 Padera Way',NULL,'91910','Chula Vista','CA',223,0),(1134,1179,'m','LaBahns','Michael','Cloyd','1776 Granite Hills Dr',NULL,'92019','El Cajon','CA',223,0),(1135,1180,'m','Living My Purpose','Chelsea','Mullen','',NULL,'','','',0,0),(1136,1181,'m','Living My Purpose','Kerensa','Gardnier','',NULL,'','','',0,0),(1137,1182,'m','Personal','Nathan','Penn','12546 Avenida Tineo,',NULL,'92128','San Diego','CA',223,0),(1138,1183,'m','Living My Purpose','Mike','Adams','',NULL,'','','',0,0),(1139,1184,'m','LaBahns','mike','Adams','',NULL,'','','',0,0),(1140,1185,'m','Personal','Stephen','Tardiff','940 Teatro Circle,',NULL,'6198940961','El Cajon','CA',223,0),(1141,1186,'m','LaBahns','Mike','Adams','',NULL,'','','',0,0),(1142,1187,'m','LaBahns','Mike','Adams','',NULL,'','','',0,0),(1143,1188,'m','Living My Purpose','Jesus','Olivera','',NULL,'','','',0,0),(1144,1189,'m','Living My Purpose','Alexandra','Taran','',NULL,'','','',0,0),(1145,1190,'m','Living My Purpose','Jared','Henderson','',NULL,'','','',0,0),(1146,1191,'m','Living My Purpose','Rhonda','Ruthenberg','',NULL,'','','',0,0),(1147,1192,'m','Living My Purpose','Liz','Mases','',NULL,'','','',0,0),(1148,1193,'m','Living My Purpose','Nora','Diaz','',NULL,'','','',0,0),(1149,1194,'f','LaBahns','Yoli','Hill','',NULL,'','','',0,0),(1150,1195,'m','Personal','Aiden','Ghosh','12546 Avenida Tineo,',NULL,'92128','San Diego','CA',223,0),(1151,1196,'m','Personal','Mariah','Maller','12546 Avenida Tineo,',NULL,'92128','San Diego','CA',223,0),(1152,1197,'m','Personal','Rachel','Rahilly','12546 Avenida Tineo,',NULL,'92128','San Diego','CA',223,0),(1153,1198,'m','Living My Purpose','Katherine','OBrien','',NULL,'','','',0,0),(1154,1199,'m','Living My Purpose','Fiona','Johnston','',NULL,'','','',0,0),(1155,1200,'m','Living My Purpose','Cindy','Topper','',NULL,'','','',0,0),(1156,1201,'m','Personal','Joshua','Stone','8145 Ronson Rd,',NULL,'92111','San Diego','CA',223,0),(1157,1202,'m','Living My Purpose','Sam','Frimmel','',NULL,'','','',0,0),(1158,1203,'m','Personal','mike','Adams','1798 Keyes Road,',NULL,'6199850799','Ramona','California',223,0),(1159,1204,'m','Personal','mike','adams','1798 Keyes Road,',NULL,'6199850799','Ramona','California',223,0),(1160,1205,'m','Personal','mike','Adams','1798 Keyes Road,',NULL,'6199850799','Ramona','California',223,0),(1161,1206,'m','LaBahns','Lindsey','VanNevel','',NULL,'','','',0,0),(1162,1207,'m','Living My Purpose','Steve','Robinson','',NULL,'','','',0,0),(1163,1208,'m','Living My Purpose','Anna','Naumenko','',NULL,'','','',0,0),(1164,1209,'m','Living My Purpose','Margaret','OBrien','',NULL,'','','',0,0),(1165,1210,'m','Personal','Dakota','Rivers','12546 Avenida Tineo,',NULL,'92128','San Diego','CA',223,0),(1166,1211,'f','Living My Purpose','Caryn','Smith','',NULL,'','','',0,0),(1167,1212,'m','Living My Purpose','Nonette','Wolfskill','',NULL,'','','',0,0),(1168,1213,'f','LaBahns','Diane','Harshman','3650 Couts st apt11c',NULL,'92110','san diego','CA',223,0),(1169,1214,'m','Living My Purpose','Bill','Weaver','',NULL,'','','',0,0),(1170,1215,'m','Personal','Achala','Mishra','12546 Avenida Tineo,',NULL,'92128','San Diego','CA',223,0),(1171,1216,'m','Living My Purpose','Claudia','Beccerra','',NULL,'','','',0,0),(1172,1217,'m','Living My Purpose','Steve','Powell','',NULL,'','','',0,0),(1173,1218,'m','Living My Purpose','Renee','Powell','',NULL,'','','',0,0),(1174,1219,'m','Living My Purpose','Andy','Jedynak','',NULL,'','','',0,0),(1175,1220,'m','Living My Purpose','Craig','Beswick','',NULL,'','','',0,0),(1176,1221,'m','Living My Purpose','Forrest','Higgins&sbquo;III','',NULL,'','','',0,0),(1178,1223,'f','Living My Purpose','Caitlin','Pierce','',NULL,'','','',0,0),(1179,1224,'m','Living My Purpose','Joel','Pierce','',NULL,'','','',0,0),(1180,1225,'m','Living My Purpose','Joshua','Gibbs','',NULL,'','','',0,0),(1181,1226,'m','Living My Purpose','Justin','Discar','',NULL,'','','',0,0),(1182,1227,'m','Living My Purpose','Daniel','Discar','',NULL,'','','',0,0),(1183,1228,'m','Living My Purpose','Brittany','Drake','',NULL,'','','',0,0),(1184,1229,'m','Living My Purpose','Jon','Burch','',NULL,'','','',0,0),(1185,1230,'m','Living My Purpose','Jennifer','Herrington','',NULL,'','','',0,0),(1186,1231,'m','Living My Purpose','Ashlee','Gonzales','',NULL,'','','',0,0),(1187,1232,'m','Living My Purpose','Rodney','Wilson','',NULL,'','','',0,0),(1188,1233,'m','Living My Purpose','Jacob','Toomey','',NULL,'','','',0,0),(1189,1234,'m','Living My Purpose','Trisha','Navarro','',NULL,'','','',0,0),(1190,1235,'m','Living My Purpose','Hannah','Thiele','',NULL,'','','',0,0),(1191,1236,'m','Living My Purpose','Jonathan','Farmer','',NULL,'','','',0,0),(1192,1237,'m','Living My Purpose','Jackie','Farmer','',NULL,'','','',0,0),(1193,1238,'m','Living My Purpose','Anthony','Simms','',NULL,'','','',0,0),(1194,1239,'m','Living My Purpose','Alexandre','Davis','',NULL,'','','',0,0),(1195,1240,'m','Living My Purpose','Davida','Alvarado','',NULL,'','','',0,0),(1196,1241,'m','Living My Purpose','Keyanna','Wilson','',NULL,'','','',0,0),(1197,1242,'m','Living My Purpose','Pjay','Anderson','',NULL,'','','',0,0),(1198,1243,'m','Living My Purpose','Derek','Klein','',NULL,'','','',0,0),(1199,1244,'m','Living My Purpose','Fiona','Johnston','',NULL,'','','',0,0),(1200,1245,'m','Living My Purpose','Mark','Seits','',NULL,'','','',0,0),(1201,1246,'m','Living My Purpose','Mary','Seits','',NULL,'','','',0,0),(1202,1247,'f','LaBahns','Sam','Frimmel','',NULL,'','','',0,0),(1203,1248,'m','Living My Purpose','Jered','Seits','',NULL,'','','',0,0),(1204,1249,'f','Living My Purpose','Morgan','Short','',NULL,'','','',0,0),(1205,1250,'m','LaBahns','mike','Adams','1798 Keyes Road,',NULL,'6199850799','Ramona','AK',223,0),(1206,1251,'m','LaBahns','mike','adams','346737',NULL,'92065','Ramona','CA',223,0),(1207,1252,'','LaBahns','Steve','Robinson','8425 Palm Street',NULL,'91945','Lemon Grove','CA',223,0),(1208,1253,'m','Living My Purpose','Mark','Higgins','',NULL,'','','',0,0),(1209,1254,'f','LaBahns','Margaret','Johnston','640 Flintridge Place',NULL,'92026','Escondido','CA',223,0),(1210,1255,'f','Living My Purpose','Katie','Hall','',NULL,'','','',0,0),(1211,1256,'m','Personal','Jessica','Bowers','12546 Avenida Tineo,',NULL,'92128','San Diego','CA',223,0),(1212,1257,'m','Living My Purpose','Taryn','Dimartile','',NULL,'','','',0,0),(1213,1258,'m','Living My Purpose','Jeff','Pezzotti','',NULL,'','','',0,0),(1214,1259,'m','Living My Purpose','Kaitlyn','Losch','',NULL,'','','',0,0),(1215,1260,'f','Living My Purpose','Megan','Judge','',NULL,'','','',0,0),(1216,1261,'m','Personal','Amanda','Matheson','12546 Avenida Tineo,',NULL,'92128','San Diego','ca',223,0),(1217,1262,'m','Personal','Michael','Matheson','12546 Avenida Tineo,',NULL,'92128','San Diego','CA',223,0),(1218,1263,'m','Personal','Jacob','Matheson','12546 Avenida Tineo,',NULL,'92128','San Diego','CA',223,0),(1219,1264,'m','LaBahns','Andy','Jedynak','2003 Via Teca',NULL,'92673','San Clemente','CA',223,0),(1220,1265,'m','LaBahns','Craig','Beswick','1443 sutter buttes st.',NULL,'91913','chula vista','CA',223,0),(1221,1266,'m','Living My Purpose','Lindsey','Gonsalves','',NULL,'','','',0,0),(1222,1267,'m','Living My Purpose','Jessica','Scott','',NULL,'','','',0,0),(1223,1268,'m','Living My Purpose','Joan','Haffey','',NULL,'','','',0,0),(1224,1269,'m','Personal','Jim','Matheson','12546 Avenida Tineo,',NULL,'92128','San Diego','CA',223,0),(1225,1270,'m','Living My Purpose','Mike','Adams','',NULL,'','','',0,0),(1226,1271,'m','Living My Purpose','mike','Adams','',NULL,'','','',0,0),(1227,1272,'m','Living My Purpose','Mike','Adams','',NULL,'','','',0,0),(1228,1273,'m','Living My Purpose','Mike','Adams','',NULL,'','','',0,0),(1229,1274,'m','Living My Purpose','Amanda','Poon','',NULL,'','','',0,0),(1230,1275,'m','Living My Purpose','mike','Adams','',NULL,'','','AK',0,0),(1231,1276,'m','TEAM KIA EL CAJON','Nick','Marquardt','',NULL,'','','',0,0),(1232,1277,'m','TEAM KIA EL CAJON','Viridiana','Cornel','',NULL,'','','',0,0),(1233,1278,'m','TEAM KIA EL CAJON','Robert','Lushia','',NULL,'','','',0,0),(1234,1279,'m','TEAM KIA EL CAJON','Ashley','Ross','',NULL,'','','',0,0),(1235,1280,'m','Living My Purpose','vijay','verma','india',NULL,'452001','indore','ID',99,0),(1236,1281,'m','LaBahns','student2','name','',NULL,'','','',0,0),(1344,1831,'','Living My Purpose','kumud','kumud','',NULL,'','','AK',0,0),(1275,1758,'','Living My Purpose','Maha','Albotri','',NULL,'','',NULL,0,0),(1281,1764,'','Living My Purpose','Ivana','Amaya','',NULL,'','',NULL,0,0),(1279,1762,'','Living My Purpose','Joseph','Atty','',NULL,'','',NULL,0,0),(1280,1763,'','Living My Purpose','Samantha','Aziez','',NULL,'','',NULL,0,0),(1276,1759,'','Living My Purpose','Ivana','Amaya','',NULL,'','',NULL,0,0),(1282,1765,'','Living My Purpose','Joseph','Atty','',NULL,'','',NULL,0,0),(1283,1766,'','Living My Purpose','Ivana','Amaya','',NULL,'','',NULL,0,0),(1284,1767,'','Living My Purpose','Joseph','Atty','',NULL,'','',NULL,0,0),(1285,1768,'','Living My Purpose','Ivana','Amaya','',NULL,'','',NULL,0,0),(1286,1769,'','Living My Purpose','Joseph','Atty','',NULL,'','',NULL,0,0),(1287,1770,'m','LaBahns','dodo','yoray','khajrana road',NULL,'482001','indore','IA',99,0),(1288,1771,'m','LaBahns','molu','watera','',NULL,'','','CA',7,0),(1291,1774,'','Living My Purpose','Maha','Albotri','',NULL,'','',NULL,0,0),(1292,1775,'','Living My Purpose','Samantha','Aziez','',NULL,'','',NULL,0,0),(1293,1776,'','Living My Purpose','aaaa','Albotri','',NULL,'','',NULL,0,0),(1295,1778,'','Living My Purpose','qqq','Amaya','',NULL,'','',NULL,0,0),(1328,1812,'','Living My Purpose','','','',NULL,'','',NULL,0,0),(1324,1808,'','Living My Purpose','komal','komal','',NULL,'','','AK',0,0),(1343,1830,'m','LaBahns','test','test','ert',NULL,'56758','hjyi','AK',15,0),(1327,1811,'m','Living My Purpose','aa','aa','ahmedabad',NULL,'380027','ahmedabad','GU',99,0),(1329,1813,'','Living My Purpose','','','',NULL,'','',NULL,0,0),(1330,1814,'','Living My Purpose','','','',NULL,'','',NULL,0,0),(1331,1815,'','Living My Purpose','','','',NULL,'','',NULL,0,0),(1332,1819,'','Living My Purpose','','','',NULL,'','',NULL,0,0),(1333,1820,'','Living My Purpose','','','',NULL,'','',NULL,0,0),(1334,1821,'','Living My Purpose','','','',NULL,'','',NULL,0,0),(1335,1822,'','Living My Purpose','','','',NULL,'','',NULL,0,0),(1336,1823,'','Living My Purpose','kusum','kusum','',NULL,'','','AK',0,0);

--
-- Table structure for table `address_format`
--

CREATE TABLE `address_format` (
  `address_format_id` int(11) NOT NULL AUTO_INCREMENT,
  `address_format` varchar(128) NOT NULL,
  `address_summary` varchar(48) NOT NULL,
  PRIMARY KEY (`address_format_id`)
) ENGINE=MyISAM AUTO_INCREMENT=6 DEFAULT CHARSET=latin1;

--
-- Dumping data for table `address_format`
--

INSERT INTO `address_format` VALUES (1,'$firstname $lastname$cr$streets$cr$city, $postcode$cr$statecomma$country','$city / $country'),(2,'$firstname $lastname$cr$streets$cr$city, $state    $postcode$cr$country','$city, $state / $country'),(3,'$firstname $lastname$cr$streets$cr$city$cr$postcode - $statecomma$country','$state / $country'),(4,'$firstname $lastname$cr$streets$cr$city ($postcode)$cr$country','$postcode / $country'),(5,'$firstname $lastname$cr$streets$cr$postcode $city$cr$country','$city / $country');

--
-- Table structure for table `banners`
--

CREATE TABLE `banners` (
  `banners_id` int(11) NOT NULL AUTO_INCREMENT,
  `banners_title` varchar(64) NOT NULL,
  `banners_url` varchar(255) NOT NULL,
  `banners_image` varchar(64) NOT NULL,
  `banners_group` varchar(10) NOT NULL,
  `banners_html_text` text,
  `expires_impressions` int(7) DEFAULT '0',
  `expires_date` datetime DEFAULT NULL,
  `date_scheduled` datetime DEFAULT NULL,
  `date_added` datetime NOT NULL,
  `date_status_change` datetime DEFAULT NULL,
  `status` int(1) NOT NULL DEFAULT '1',
  PRIMARY KEY (`banners_id`),
  KEY `idx_banners_group` (`banners_group`)
) ENGINE=MyISAM AUTO_INCREMENT=2 DEFAULT CHARSET=latin1;

--
-- Dumping data for table `banners`
--

INSERT INTO `banners` VALUES (1,'osCommerce','http://www.oscommerce.com','banners/oscommerce.gif','468x50','',0,NULL,NULL,'2010-01-22 15:35:53',NULL,1);

--
-- Table structure for table `banners_history`
--

CREATE TABLE `banners_history` (
  `banners_history_id` int(11) NOT NULL AUTO_INCREMENT,
  `banners_id` int(11) NOT NULL,
  `banners_shown` int(5) NOT NULL DEFAULT '0',
  `banners_clicked` int(5) NOT NULL DEFAULT '0',
  `banners_history_date` datetime NOT NULL,
  PRIMARY KEY (`banners_history_id`),
  KEY `idx_banners_history_banners_id` (`banners_id`)
) ENGINE=MyISAM AUTO_INCREMENT=24 DEFAULT CHARSET=latin1;

--
-- Dumping data for table `banners_history`
--

INSERT INTO `banners_history` VALUES (2,1,1,0,'2010-01-22 15:39:05'),(3,1,36,0,'2010-01-28 14:32:00'),(4,1,10,0,'2010-02-02 13:25:36'),(5,1,112,3,'2010-02-03 02:04:43'),(6,1,16,0,'2010-02-04 00:14:51'),(7,1,4,0,'2010-02-07 20:32:01'),(8,1,3,0,'2010-02-08 19:42:33'),(9,1,3,0,'2010-02-09 19:34:11'),(10,1,3,0,'2010-02-10 19:02:58'),(11,1,4,0,'2010-02-11 18:43:44'),(12,1,4,0,'2010-02-12 17:37:24'),(13,1,4,0,'2010-02-13 00:00:37'),(14,1,2,0,'2010-02-14 16:43:29'),(15,1,9,0,'2010-02-15 06:29:43'),(16,1,17,0,'2010-02-16 15:01:22'),(17,1,1,0,'2010-02-17 14:29:14'),(18,1,19,0,'2010-02-18 16:02:51'),(19,1,15,0,'2010-02-19 11:11:01'),(20,1,10,0,'2010-02-20 12:00:51'),(21,1,15,0,'2010-02-22 11:04:08'),(22,1,15,0,'2010-02-23 11:33:47'),(23,1,2,0,'2010-04-05 10:43:32');

--
-- Table structure for table `categories`
--

CREATE TABLE `categories` (
  `categories_id` int(11) NOT NULL AUTO_INCREMENT,
  `categories_image` varchar(64) DEFAULT NULL,
  `parent_id` int(11) NOT NULL DEFAULT '0',
  `sort_order` int(3) DEFAULT NULL,
  `date_added` datetime DEFAULT NULL,
  `last_modified` datetime DEFAULT NULL,
  PRIMARY KEY (`categories_id`),
  KEY `idx_categories_parent_id` (`parent_id`)
) ENGINE=MyISAM AUTO_INCREMENT=23 DEFAULT CHARSET=latin1;

--
-- Dumping data for table `categories`
--

INSERT INTO `categories` VALUES (21,NULL,0,0,'2010-01-28 14:25:54',NULL),(22,NULL,0,0,'2010-01-28 14:41:45',NULL);

--
-- Table structure for table `categories_description`
--

CREATE TABLE `categories_description` (
  `categories_id` int(11) NOT NULL DEFAULT '0',
  `language_id` int(11) NOT NULL DEFAULT '1',
  `categories_name` varchar(32) NOT NULL,
  PRIMARY KEY (`categories_id`,`language_id`),
  KEY `idx_categories_name` (`categories_name`)
) ENGINE=MyISAM DEFAULT CHARSET=latin1;

--
-- Dumping data for table `categories_description`
--

INSERT INTO `categories_description` VALUES (21,1,'Career'),(22,1,'College');

--
-- Table structure for table `coaching_action_items`
--

CREATE TABLE `coaching_action_items` (
  `coaching_action_items_id` int(10) unsigned NOT NULL AUTO_INCREMENT,
  `user_id` int(10) unsigned NOT NULL,
  `test_result_type` varchar(30) NOT NULL,
  `test_result_type_id` int(10) unsigned NOT NULL,
  `test_result_type_action_id` int(10) unsigned NOT NULL,
  `sent_date_action_item` date NOT NULL,
  `sent_time_action_item` time NOT NULL,
  PRIMARY KEY (`coaching_action_items_id`)
) ENGINE=MyISAM AUTO_INCREMENT=1438 DEFAULT CHARSET=latin1;

--
-- Dumping data for table `coaching_action_items`
--

INSERT INTO `coaching_action_items` VALUES (1418,315,'SF',23,2,'2013-09-20','09:58:40'),(1417,315,'SF',23,1,'2013-09-19','09:58:40'),(1416,315,'SF',33,7,'2013-09-18','09:58:40'),(1415,315,'SF',33,6,'2013-09-17','09:58:40'),(1414,315,'SF',33,5,'2013-09-16','09:58:40'),(1413,315,'SF',33,4,'2013-09-15','09:58:40'),(1412,315,'SF',33,3,'2013-09-14','09:58:40'),(1411,315,'SF',33,2,'2013-09-13','09:58:40'),(1410,315,'SF',33,1,'2013-09-12','09:58:40'),(1409,315,'SF',6,9,'2013-09-11','09:58:40'),(1408,315,'SF',6,8,'2013-09-10','09:58:40'),(1407,315,'SF',6,7,'2013-09-09','09:58:40'),(1406,315,'SF',6,6,'2013-09-08','09:58:40'),(1405,315,'SF',6,5,'2013-09-07','09:58:40'),(1404,315,'SF',6,4,'2013-09-06','09:58:40'),(1403,315,'SF',6,3,'2013-09-05','09:58:40'),(1400,315,'SF',25,8,'2013-09-02','09:58:40'),(1399,315,'SF',25,7,'2013-09-01','09:58:40'),(1398,315,'SF',25,6,'2013-08-31','09:58:40'),(1397,315,'SF',25,5,'2013-08-30','09:58:40'),(1396,315,'SF',25,4,'2013-08-29','09:58:40'),(1395,315,'SF',25,3,'2013-08-28','09:58:40'),(1394,315,'SF',25,2,'2013-08-27','09:58:40'),(1393,315,'SF',25,1,'2013-08-26','09:58:40'),(1392,315,'SF',20,3,'2013-08-25','09:58:40'),(1437,315,'DEFAULT-LAST',111,111,'2013-10-09','09:58:40'),(1436,315,'MB',16,10,'2013-10-08','09:58:40'),(1435,315,'MB',16,9,'2013-10-07','09:58:40'),(1434,315,'MB',16,8,'2013-10-06','09:58:40'),(1433,315,'MB',16,7,'2013-10-05','09:58:40'),(1432,315,'MB',16,6,'2013-10-04','09:58:40'),(1431,315,'MB',16,5,'2013-10-03','09:58:40'),(1430,315,'MB',16,4,'2013-10-02','09:58:40'),(1429,315,'MB',16,3,'2013-10-01','09:58:40'),(1428,315,'MB',16,2,'2013-09-30','09:58:40'),(1427,315,'MB',16,1,'2013-09-29','09:58:40'),(1426,315,'DISC',7,1,'2013-09-28','09:58:40'),(1425,315,'SF',23,9,'2013-09-27','09:58:40'),(1424,315,'SF',23,8,'2013-09-26','09:58:40'),(1423,315,'SF',23,7,'2013-09-25','09:58:40'),(1422,315,'SF',23,6,'2013-09-24','09:58:40'),(1421,315,'SF',23,5,'2013-09-23','09:58:40'),(1420,315,'SF',23,4,'2013-09-22','09:58:40'),(1419,315,'SF',23,3,'2013-09-21','09:58:40');

--
-- Table structure for table `coaching_action_items_for_phone`
--

CREATE TABLE `coaching_action_items_for_phone` (
  `coaching_phone_action_items_id` int(10) unsigned NOT NULL AUTO_INCREMENT,
  `user_id` int(10) unsigned NOT NULL,
  `test_result_type` varchar(30) NOT NULL,
  `test_result_type_id` int(10) unsigned NOT NULL,
  `test_result_type_action_id` int(10) unsigned NOT NULL,
  `sent_date_action_item` date NOT NULL,
  `sent_time_action_item` time NOT NULL,
  PRIMARY KEY (`coaching_phone_action_items_id`)
) ENGINE=MyISAM AUTO_INCREMENT=3517 DEFAULT CHARSET=latin1;

--
-- Dumping data for table `coaching_action_items_for_phone`
--

INSERT INTO `coaching_action_items_for_phone` VALUES (3495,315,'SF',23,2,'2013-09-20','09:58:40'),(3494,315,'SF',23,1,'2013-09-19','09:58:40'),(3493,315,'SF',33,7,'2013-09-18','09:58:40'),(3492,315,'SF',33,6,'2013-09-17','09:58:40'),(3491,315,'SF',33,5,'2013-09-16','09:58:40'),(3490,315,'SF',33,4,'2013-09-15','09:58:40'),(3489,315,'SF',33,3,'2013-09-14','09:58:40'),(3488,315,'SF',33,2,'2013-09-13','09:58:40'),(3487,315,'SF',33,1,'2013-09-12','09:58:40'),(3486,315,'SF',6,9,'2013-09-11','09:58:40'),(3484,315,'SF',6,7,'2013-09-09','09:58:40'),(3483,315,'SF',6,6,'2013-09-08','09:58:40'),(3482,315,'SF',6,5,'2013-09-07','09:58:40'),(3481,315,'SF',6,4,'2013-09-06','09:58:40'),(3480,315,'SF',6,3,'2013-09-05','09:58:40'),(3477,315,'SF',25,8,'2013-09-02','09:58:40'),(3476,315,'SF',25,7,'2013-09-01','09:58:40'),(3475,315,'SF',25,6,'2013-08-31','09:58:40'),(3474,315,'SF',25,5,'2013-08-30','09:58:40'),(3473,315,'SF',25,4,'2013-08-29','09:58:40'),(3472,315,'SF',25,3,'2013-08-28','09:58:40'),(3471,315,'SF',25,2,'2013-08-27','09:58:40'),(3470,315,'SF',25,1,'2013-08-26','09:58:40'),(3469,315,'SF',20,3,'2013-08-25','09:58:40'),(3514,315,'DEFAULT-LAST',111,111,'2013-10-09','09:58:40'),(3513,315,'MB',16,10,'2013-10-08','09:58:40'),(3512,315,'MB',16,9,'2013-10-07','09:58:40'),(3511,315,'MB',16,8,'2013-10-06','09:58:40'),(3510,315,'MB',16,7,'2013-10-05','09:58:40'),(3509,315,'MB',16,6,'2013-10-04','09:58:40'),(3508,315,'MB',16,5,'2013-10-03','09:58:40'),(3507,315,'MB',16,4,'2013-10-02','09:58:40'),(3506,315,'MB',16,3,'2013-10-01','09:58:40'),(3505,315,'MB',16,2,'2013-09-30','09:58:40'),(3504,315,'MB',16,1,'2013-09-29','09:58:40'),(3503,315,'DISC',7,1,'2013-09-28','09:58:40'),(3502,315,'SF',23,9,'2013-09-27','09:58:40'),(3501,315,'SF',23,8,'2013-09-26','09:58:40'),(3500,315,'SF',23,7,'2013-09-25','09:58:40'),(3499,315,'SF',23,6,'2013-09-24','09:58:40'),(3498,315,'SF',23,5,'2013-09-23','09:58:40'),(3497,315,'SF',23,4,'2013-09-22','09:58:40'),(3496,315,'SF',23,3,'2013-09-21','09:58:40');

--
-- Table structure for table `coaching_action_items_sent`
--

CREATE TABLE `coaching_action_items_sent` (
  `coaching_action_items_sent_id` int(10) unsigned NOT NULL AUTO_INCREMENT,
  `coaching_action_items_id` int(10) unsigned NOT NULL,
  `user_id` int(10) unsigned NOT NULL,
  `test_result_type` varchar(30) NOT NULL,
  `test_result_type_id` int(10) unsigned NOT NULL,
  `test_result_type_action_id` int(10) unsigned NOT NULL,
  `sent_date_action_item` date NOT NULL,
  `sent_time_action_item` time NOT NULL,
  `sent_status` tinyint(1) unsigned NOT NULL DEFAULT '0',
  PRIMARY KEY (`coaching_action_items_sent_id`)
) ENGINE=MyISAM AUTO_INCREMENT=2179 DEFAULT CHARSET=latin1;

--
-- Dumping data for table `coaching_action_items_sent`
--

INSERT INTO `coaching_action_items_sent` VALUES (2176,1391,315,'SF',20,2,'2013-08-24','11:00:02',1),(2175,1389,315,'DEFAULT-FIRST',111,111,'2013-08-23','09:59:46',1),(2174,1390,315,'SF',20,1,'2013-08-23','09:59:46',1),(2177,1401,315,'SF',6,1,'2013-09-03','08:58:26',1),(2178,1402,315,'SF',6,2,'2013-09-04','07:57:22',1);

--
-- Table structure for table `coaching_action_items_sent_for_phone`
--

CREATE TABLE `coaching_action_items_sent_for_phone` (
  `coaching_phone_action_items_sent_id` int(10) unsigned NOT NULL AUTO_INCREMENT,
  `coaching_phone_action_items_id` int(10) unsigned NOT NULL,
  `user_id` int(10) unsigned NOT NULL,
  `test_result_type` varchar(30) NOT NULL,
  `test_result_type_id` int(10) unsigned NOT NULL,
  `test_result_type_action_id` int(10) unsigned NOT NULL,
  `sent_date_action_item` date NOT NULL,
  `sent_time_action_item` time NOT NULL,
  `sent_status` tinyint(1) unsigned NOT NULL DEFAULT '0',
  PRIMARY KEY (`coaching_phone_action_items_sent_id`)
) ENGINE=MyISAM AUTO_INCREMENT=3122 DEFAULT CHARSET=latin1;

--
-- Dumping data for table `coaching_action_items_sent_for_phone`
--

INSERT INTO `coaching_action_items_sent_for_phone` VALUES (3116,3468,315,'SF',20,1,'2013-08-23','10:12:24',1),(3115,3466,315,'DEFAULT-FIRST',111,111,'2013-08-23','09:59:46',1),(3114,3467,315,'SF',20,1,'2013-08-23','09:59:46',1),(3117,3478,315,'SF',6,1,'2013-09-03','08:58:26',1),(3118,3479,315,'SF',6,2,'2013-09-04','07:57:21',1),(3119,3515,1530,'DEFAULT-FIRST',111,111,'2013-09-04','07:57:22',1),(3120,3516,1530,'DEFAULT-LAST',111,111,'2013-09-04','07:57:22',1),(3121,3485,315,'SF',20,1,'2013-09-04','08:56:34',1);

--
-- Table structure for table `company_departments`
--

CREATE TABLE `company_departments` (
  `company_department_id` int(10) NOT NULL AUTO_INCREMENT,
  `company_id` int(10) NOT NULL,
  `company_department_name` varchar(100) NOT NULL,
  `company_department_description` mediumtext NOT NULL,
  PRIMARY KEY (`company_department_id`)
) ENGINE=MyISAM AUTO_INCREMENT=21 DEFAULT CHARSET=latin1;

--
-- Dumping data for table `company_departments`
--

INSERT INTO `company_departments` VALUES (1,3,'Sales','Desc'),(2,3,'Accounting',''),(3,3,'Marketing',''),(4,3,'Production',''),(5,3,'Product Marketing',''),(6,3,'Customer Service',''),(7,3,'Shipping and Receiving',''),(8,3,'Management',''),(9,3,'Human Resources',''),(10,3,'Sales Team','LMP Sales Team'),(11,34,'Sales Team',''),(12,20,'Pastor',''),(13,20,'Elder',''),(14,20,'Staff',''),(15,20,'Deacon',''),(16,20,'Life Group Leader',''),(17,20,'Life Course Leader',''),(18,20,'Women\'s Ministry',''),(19,20,'Men\'s Ministry',''),(20,3,'IT','');

--
-- Table structure for table `company_recommendation`
--

CREATE TABLE `company_recommendation` (
  `company_recommendation_id` int(10) NOT NULL AUTO_INCREMENT,
  `company_id` int(10) NOT NULL,
  `company_team_leader_id` int(10) NOT NULL,
  `company_team_id` int(10) NOT NULL,
  `specialities1_id` int(10) NOT NULL,
  `minimun_score_specialities1` int(2) NOT NULL,
  `specialities2_id` int(10) NOT NULL,
  `minimun_score_specialities2` int(2) NOT NULL,
  `specialities3_id` int(10) NOT NULL,
  `minimun_score_specialities3` int(2) NOT NULL,
  `specialities4_id` int(10) NOT NULL,
  `minimun_score_specialities4` int(2) NOT NULL,
  `specialities5_id` int(10) NOT NULL,
  `minimun_score_specialities5` int(2) NOT NULL,
  `sf1_id` int(10) NOT NULL,
  `sf2_id` int(10) NOT NULL,
  `sf3_id` int(10) NOT NULL,
  `sf4_id` int(10) NOT NULL,
  `sf5_id` int(10) NOT NULL,
  `disc_id` int(10) NOT NULL,
  `mb_id` int(10) NOT NULL,
  `temperament1_id` int(10) NOT NULL,
  `temperament2_id` int(10) NOT NULL,
  PRIMARY KEY (`company_recommendation_id`)
) ENGINE=MyISAM AUTO_INCREMENT=20 DEFAULT CHARSET=latin1;

--
-- Dumping data for table `company_recommendation`
--

INSERT INTO `company_recommendation` VALUES (1,3,0,0,8,3,12,3,88,3,0,0,0,0,0,0,0,0,0,11,16,4,3),(2,3,3,0,8,6,12,2,88,4,0,0,0,0,0,0,0,0,0,0,0,0,0),(3,3,0,0,9,5,0,0,0,0,0,0,0,0,0,0,0,0,0,0,0,0,0),(4,3,0,3,10,7,7,4,69,5,0,0,0,0,0,0,0,0,0,0,0,0,0),(5,3,3,3,182,7,13,7,147,7,0,0,0,0,0,0,0,0,0,0,0,0,0),(6,3,0,4,10,6,11,5,12,4,0,0,0,0,0,0,0,0,0,0,0,0,0),(7,17,0,5,7,5,0,0,0,0,0,0,0,0,0,0,0,0,0,0,0,0,0),(8,3,0,6,129,3,10,5,0,0,0,0,0,0,0,0,0,0,0,0,0,0,0),(9,3,4,4,8,8,0,4,0,0,0,0,0,0,0,0,0,0,0,0,0,0,0),(10,24,0,8,8,1,0,0,0,0,0,0,0,0,0,0,0,0,0,0,0,0,0),(11,3,0,14,12,5,0,0,0,0,0,0,0,0,0,0,0,0,0,0,0,0,0),(12,3,0,9,146,5,0,0,0,0,0,0,0,0,0,0,0,0,0,0,0,0,0),(13,3,0,10,145,5,0,0,0,0,0,0,0,0,0,0,0,0,0,0,0,0,0),(14,3,0,13,98,5,0,0,0,0,0,0,0,0,0,0,0,0,0,0,0,0,0),(15,3,0,12,117,5,0,0,0,0,0,0,0,0,0,0,0,0,0,0,0,0,0),(16,3,0,11,258,5,0,0,0,0,0,0,0,0,0,0,0,0,0,0,0,0,0),(17,3,0,15,9,5,0,0,0,0,0,0,0,0,0,0,0,0,0,0,0,0,0),(18,3,0,16,276,6,286,4,0,0,0,0,0,0,0,0,0,0,0,0,0,0,0),(19,36,3,3,8,6,12,8,0,0,0,0,0,0,0,0,0,0,0,0,0,0,0);

--
-- Table structure for table `company_recommendation_search`
--

CREATE TABLE `company_recommendation_search` (
  `company_recommendation_search_id` int(10) NOT NULL AUTO_INCREMENT,
  `company_id` int(10) NOT NULL,
  `company_team_id` int(10) NOT NULL,
  `company_team_leader_id` int(10) NOT NULL,
  `user_id` int(10) NOT NULL,
  `user_rank` int(2) NOT NULL,
  `specialities1_score` int(2) NOT NULL,
  `specialities2_score` int(2) NOT NULL,
  `specialities3_score` int(2) NOT NULL,
  `specialities4_score` int(2) NOT NULL,
  `specialities5_score` int(2) NOT NULL,
  `specialities_score` int(2) NOT NULL,
  `partner_with_score` int(2) NOT NULL,
  PRIMARY KEY (`company_recommendation_search_id`)
) ENGINE=MyISAM AUTO_INCREMENT=362 DEFAULT CHARSET=latin1;

--
-- Dumping data for table `company_recommendation_search`
--

INSERT INTO `company_recommendation_search` VALUES (1,3,3,0,315,2,0,0,0,0,0,5,0),(2,3,0,0,298,1,0,0,0,0,0,5,0),(3,3,3,0,309,2,0,0,0,0,0,9,0),(4,3,3,0,347,2,0,0,0,0,0,10,0),(5,3,3,0,327,2,0,0,0,0,0,7,0),(6,3,3,0,335,2,0,0,0,0,0,10,0),(7,3,3,0,467,2,0,0,0,0,0,4,0),(8,3,3,0,476,2,0,0,0,0,0,0,0),(9,3,3,0,469,2,0,0,0,0,0,0,0),(10,3,3,0,470,1,0,0,0,0,0,7,0),(11,3,3,0,460,2,0,0,0,0,0,7,0),(12,3,3,0,510,2,0,0,0,0,0,7,0),(13,3,3,0,512,2,0,0,0,0,0,9,0),(14,3,3,0,514,2,0,0,0,0,0,6,0),(15,3,3,0,529,2,0,0,0,0,0,7,0),(16,3,3,0,530,2,0,0,0,0,0,5,0),(17,3,3,3,315,2,4,4,1,0,0,9,0),(18,3,0,3,298,2,0,0,0,0,0,4,17),(19,3,3,3,309,1,6,5,7,0,0,18,4),(20,3,3,3,347,2,5,5,6,0,0,16,4),(21,3,3,3,327,2,3,3,5,0,0,11,4),(22,3,3,3,335,1,7,5,8,0,0,20,4),(23,3,3,3,467,2,2,0,1,0,0,3,0),(24,3,3,3,476,2,0,0,0,0,0,0,0),(25,3,3,3,469,2,0,0,0,0,0,0,0),(26,3,3,3,470,1,7,5,4,0,0,16,2),(27,3,3,3,460,1,5,2,5,0,0,12,4),(28,3,3,3,510,2,3,4,5,0,0,12,0),(29,3,3,3,512,1,6,6,3,0,0,15,1),(30,3,3,3,514,2,4,3,6,0,0,13,4),(31,3,3,3,529,1,6,3,7,0,0,16,4),(32,3,3,3,530,2,2,3,5,0,0,10,1),(33,3,3,0,539,2,0,0,0,0,0,7,0),(34,3,16,0,546,1,0,0,0,0,0,11,0),(35,3,4,0,548,2,0,0,0,0,0,0,0),(36,3,3,3,539,2,4,2,4,0,0,10,1),(37,3,3,3,546,2,6,3,9,0,0,18,2),(38,3,3,3,548,2,0,0,0,0,0,0,0),(39,3,3,0,538,2,0,0,0,0,0,7,10),(40,3,3,3,538,1,6,1,6,0,0,13,1),(56,3,3,0,551,2,0,0,0,0,0,3,0),(42,17,5,0,491,1,0,0,0,0,0,7,0),(43,17,5,0,495,2,0,0,0,0,0,3,0),(44,17,5,0,504,1,0,0,0,0,0,5,0),(45,17,5,0,547,2,0,0,0,0,0,4,0),(46,17,5,0,508,2,0,0,0,0,0,4,0),(47,17,5,0,509,1,0,0,0,0,0,7,0),(48,17,5,0,521,1,0,0,0,0,0,5,0),(49,17,5,0,522,2,0,0,0,0,0,4,0),(50,17,5,0,523,2,0,0,0,0,0,2,0),(51,17,5,0,524,2,0,0,0,0,0,4,0),(57,3,3,3,551,2,1,3,1,0,0,5,1),(58,3,4,4,315,2,3,0,0,0,0,3,8),(59,3,4,4,309,1,6,3,0,0,0,9,4),(60,3,4,4,347,2,3,0,0,0,0,3,4),(61,3,4,4,327,2,6,0,0,0,0,6,11),(62,3,4,4,335,2,2,0,0,0,0,2,4),(63,3,4,4,467,2,6,0,0,0,0,6,8),(64,3,4,4,476,2,0,0,0,0,0,0,0),(65,3,4,4,469,2,0,0,0,0,0,0,0),(66,3,4,4,470,1,7,4,0,0,0,11,2),(67,3,4,4,460,2,5,1,0,0,0,6,4),(68,3,4,4,510,2,3,1,0,0,0,4,0),(69,3,4,4,512,1,6,4,0,0,0,10,1),(70,3,4,4,514,2,4,3,0,0,0,7,4),(71,3,4,4,529,1,6,2,0,0,0,8,4),(72,3,4,4,530,2,2,2,0,0,0,4,1),(73,3,4,4,538,1,6,1,0,0,0,7,1),(74,3,4,4,539,2,4,2,0,0,0,6,1),(75,3,4,4,546,2,4,8,0,0,0,12,2),(76,3,4,4,548,2,0,0,0,0,0,0,0),(77,3,4,4,551,2,1,3,0,0,0,4,1),(78,3,4,0,574,2,0,0,0,0,0,0,0),(79,3,4,4,574,2,0,0,0,0,0,0,0),(80,24,8,0,516,1,0,0,0,0,0,5,0),(81,24,8,0,517,1,0,0,0,0,0,4,0),(82,24,8,0,535,1,0,0,0,0,0,5,0),(83,24,8,0,545,1,0,0,0,0,0,3,0),(84,24,8,0,587,1,0,0,0,0,0,2,0),(85,3,3,0,590,2,2,1,3,0,0,5,2),(86,3,3,0,648,2,3,3,3,0,0,5,2),(87,3,3,0,649,2,4,1,4,0,0,7,4),(88,3,3,0,651,2,5,1,2,0,0,7,1),(89,3,15,0,652,2,3,4,4,0,0,3,4),(90,3,3,0,653,2,6,1,4,0,0,7,1),(91,3,3,0,654,2,3,3,2,0,0,9,2),(92,3,3,0,655,2,0,0,0,0,0,0,0),(93,3,3,3,648,2,3,2,3,0,0,8,2),(94,3,3,3,649,2,4,1,2,0,0,7,4),(95,3,3,3,651,2,5,2,4,0,0,11,1),(96,3,3,3,652,2,1,4,6,0,0,11,8),(97,3,3,3,653,2,3,1,4,0,0,8,1),(98,3,3,3,654,2,4,4,4,0,0,12,2),(99,3,3,3,655,2,0,0,0,0,0,0,0),(100,3,3,0,660,2,0,0,0,0,0,2,0),(101,3,3,3,660,2,0,0,2,0,0,2,0),(102,36,3,3,315,2,3,6,0,0,0,9,0),(103,36,3,3,665,1,8,6,0,0,0,14,4),(104,36,3,3,666,1,7,4,0,0,0,11,4),(105,36,3,3,667,2,5,4,0,0,0,9,1),(106,36,3,3,669,1,6,6,0,0,0,12,4),(107,3,3,0,668,2,0,0,0,0,0,8,0),(108,3,3,0,671,2,0,0,0,0,0,5,0),(109,3,3,0,689,2,0,0,0,0,0,7,0),(110,3,3,0,697,2,0,0,0,0,0,5,0),(111,3,3,0,700,2,0,0,0,0,0,0,0),(112,3,3,3,668,2,3,3,4,0,0,10,2),(113,3,3,3,671,2,3,3,6,0,0,12,1),(114,3,3,3,689,2,2,4,1,0,0,7,4),(115,3,3,3,697,2,1,3,3,0,0,7,1),(116,3,3,3,700,2,0,0,0,0,0,0,0),(117,3,3,0,756,2,1,0,0,0,0,1,1),(118,3,3,0,747,1,9,4,5,0,0,11,6),(119,3,3,0,720,2,0,0,0,0,0,0,0),(120,3,3,0,725,1,8,3,2,0,0,8,5),(121,3,3,0,729,2,3,0,0,0,0,3,1),(122,3,3,0,730,2,0,0,0,0,0,0,0),(123,3,3,0,731,2,4,5,4,0,0,5,1),(124,3,3,0,734,2,0,1,6,0,0,5,6),(125,3,3,0,735,2,6,4,7,0,0,8,2),(126,3,3,0,737,1,5,4,7,0,0,8,5),(127,3,3,0,745,1,7,2,5,0,0,9,5),(128,3,3,0,746,1,3,1,3,0,0,7,4),(129,3,3,0,748,2,2,2,6,0,0,6,4),(130,3,3,0,749,2,0,0,0,0,0,0,0),(131,3,3,0,751,2,2,0,0,0,0,2,0),(132,3,3,0,753,2,5,4,6,0,0,8,1),(133,3,3,0,754,2,5,4,4,0,0,7,4),(134,3,3,0,757,2,6,3,7,0,0,8,6),(135,3,3,0,758,2,2,2,5,0,0,4,4),(136,3,3,0,759,2,2,2,7,0,0,8,5),(137,3,3,0,760,2,7,4,5,0,0,8,4),(138,3,3,0,761,1,8,3,4,0,0,11,6),(139,3,3,0,762,2,10,4,6,0,0,10,1),(140,3,3,0,763,2,0,0,2,0,0,2,0),(141,3,3,0,764,2,3,2,7,0,0,8,5),(142,3,3,0,765,2,1,2,2,0,0,3,1),(143,3,3,0,766,2,0,0,0,0,0,0,0),(144,3,3,0,767,2,5,3,3,0,0,10,5),(145,3,3,0,768,1,7,3,4,0,0,8,1),(146,3,3,0,776,2,0,0,0,0,0,0,0),(147,3,3,0,779,2,0,0,0,0,0,0,0),(148,3,3,0,780,2,0,0,0,0,0,0,0),(149,3,3,3,781,2,2,3,7,0,0,12,5),(150,3,3,3,782,2,4,2,6,0,0,12,1),(151,3,3,0,783,2,0,0,0,0,0,0,0),(152,3,3,0,784,2,3,1,6,0,0,8,8),(153,3,3,0,786,1,6,4,7,0,0,10,3),(154,3,3,0,787,2,3,2,5,0,0,7,4),(155,3,3,0,788,2,0,2,2,0,0,5,3),(156,3,3,0,789,2,0,0,0,0,0,0,0),(157,3,3,0,790,2,0,0,3,0,0,2,0),(158,3,3,0,791,2,0,0,0,0,0,0,0),(159,3,3,0,792,2,0,0,0,0,0,0,0),(160,3,3,3,793,2,1,5,8,0,0,14,3),(161,3,3,0,794,2,2,1,7,0,0,8,4),(162,3,3,3,795,2,5,4,5,0,0,14,1),(163,3,3,0,797,2,3,0,1,0,0,3,1),(164,3,3,3,798,2,4,2,5,0,0,11,6),(165,3,3,0,799,2,2,2,3,0,0,5,1),(166,3,3,0,800,2,1,0,0,0,0,3,1),(167,3,3,0,802,2,5,3,5,0,0,8,2),(168,3,3,3,803,2,5,4,5,0,0,14,2),(169,3,3,0,806,2,2,3,3,0,0,5,1),(170,3,3,0,807,2,3,2,6,0,0,6,1),(171,3,3,0,810,2,5,2,6,0,0,9,6),(172,3,3,0,812,2,2,0,0,0,0,4,1),(173,3,3,0,813,2,0,0,0,0,0,0,0),(174,3,3,0,814,2,6,3,9,0,0,10,5),(175,3,3,0,815,2,0,0,2,0,0,2,6),(176,3,3,0,816,1,3,3,3,0,0,8,1),(177,3,3,0,821,2,6,2,4,0,0,7,5),(178,3,3,0,823,2,5,6,4,0,0,7,1),(179,3,3,0,825,2,3,5,2,0,0,8,1),(180,3,3,0,826,1,7,4,7,0,0,9,1),(181,3,3,0,827,2,1,3,2,0,0,4,3),(182,3,3,0,893,1,11,5,5,0,0,11,6),(183,3,3,0,926,2,3,2,7,0,0,9,3),(184,3,3,0,1003,2,2,4,7,0,0,7,4),(185,3,3,0,984,2,2,1,4,0,0,6,4),(186,3,3,0,1014,2,1,3,6,0,0,5,10),(187,3,3,0,999,2,0,0,0,0,0,0,0),(188,3,3,0,1000,2,3,0,6,0,0,6,3),(189,3,3,0,1015,2,0,0,0,0,0,0,0),(190,3,3,0,1027,2,1,0,3,0,0,3,1),(191,3,3,0,1059,2,3,3,4,0,0,6,1),(192,3,3,0,1079,2,3,2,7,0,0,6,1),(193,3,3,0,1080,2,4,3,9,0,0,8,4),(194,3,3,0,1081,2,6,4,8,0,0,9,3),(195,3,3,0,1083,2,2,0,1,0,0,2,0),(196,3,3,0,1084,2,0,0,0,0,0,0,0),(197,3,3,0,1085,2,0,0,0,0,0,0,0),(198,3,3,0,1093,2,2,0,0,0,0,2,0),(199,3,3,0,1039,2,0,0,0,0,0,5,0),(200,3,4,4,756,2,1,0,0,0,0,1,2),(201,3,4,4,648,2,6,0,0,0,0,6,7),(202,3,4,4,649,1,8,0,0,0,0,8,9),(203,3,4,4,651,2,4,0,0,0,0,4,5),(204,3,4,4,653,2,3,0,0,0,0,3,5),(205,3,4,4,654,2,4,0,0,0,0,4,6),(206,3,4,4,655,2,0,0,0,0,0,0,0),(207,3,4,4,660,2,0,0,0,0,0,0,0),(208,3,4,4,668,2,6,0,0,0,0,6,6),(209,3,4,4,671,2,3,0,0,0,0,3,2),(210,3,4,4,747,2,3,0,0,0,0,3,9),(211,3,4,4,689,2,4,0,0,0,0,4,11),(212,3,4,4,697,2,7,0,0,0,0,7,3),(213,3,4,4,700,2,0,0,0,0,0,0,0),(214,3,4,4,720,2,0,0,0,0,0,0,0),(215,3,4,4,725,2,6,0,0,0,0,6,6),(216,3,4,4,729,2,6,0,0,0,0,6,5),(217,3,4,4,730,2,0,0,0,0,0,0,0),(218,3,4,4,731,2,5,0,0,0,0,5,5),(219,3,4,4,734,2,6,0,0,0,0,6,5),(220,3,4,4,735,2,2,0,0,0,0,2,3),(221,3,4,4,737,2,3,0,0,0,0,3,8),(222,3,4,4,745,2,2,0,0,0,0,2,9),(223,3,4,4,746,2,5,0,0,0,0,5,11),(224,3,4,4,748,2,3,0,0,0,0,3,5),(225,3,4,4,749,2,0,0,0,0,0,0,0),(226,3,4,4,751,2,2,0,0,0,0,2,0),(227,3,4,4,753,2,4,0,0,0,0,4,5),(228,3,4,4,754,2,2,0,0,0,0,2,5),(229,3,4,4,757,2,2,0,0,0,0,2,10),(230,3,4,4,758,1,8,0,0,0,0,8,7),(231,3,4,4,759,2,2,0,0,0,0,2,6),(232,3,4,4,760,2,0,0,0,0,0,0,7),(233,3,4,4,761,2,3,0,0,0,0,3,6),(234,3,4,4,762,2,4,0,0,0,0,4,3),(235,3,4,4,763,2,2,0,0,0,0,2,1),(236,3,4,4,764,2,4,0,0,0,0,4,6),(237,3,4,4,765,2,3,0,0,0,0,3,3),(238,3,4,4,766,2,0,0,0,0,0,0,0),(239,3,4,4,767,2,4,0,0,0,0,4,6),(240,3,4,4,768,2,3,0,0,0,0,3,5),(241,3,4,4,776,2,0,0,0,0,0,0,0),(242,3,4,4,779,2,1,0,0,0,0,1,2),(243,3,4,4,780,2,0,0,0,0,0,0,0),(244,3,4,4,783,2,0,0,0,0,0,0,0),(245,3,4,4,784,2,4,0,0,0,0,4,16),(246,3,4,4,786,2,2,0,0,0,0,2,6),(247,3,4,4,787,2,5,0,0,0,0,5,8),(248,3,4,4,788,2,6,0,0,0,0,6,11),(249,3,4,4,789,2,0,0,0,0,0,0,0),(250,3,4,4,790,2,3,0,0,0,0,3,2),(251,3,4,4,791,2,0,0,0,0,0,0,0),(252,3,4,4,792,2,0,0,0,0,0,0,0),(253,3,4,4,794,2,5,0,0,0,0,5,11),(254,3,4,4,797,2,2,0,0,0,0,2,2),(255,3,4,4,799,2,7,0,0,0,0,7,3),(256,3,4,4,800,2,1,0,0,0,0,1,2),(257,3,4,4,802,2,4,0,0,0,0,4,2),(258,3,4,4,806,2,4,0,0,0,0,4,2),(259,3,4,4,807,2,4,0,0,0,0,4,6),(260,3,4,4,810,2,3,0,0,0,0,3,10),(261,3,4,4,813,2,0,0,0,0,0,0,0),(262,3,4,4,814,2,2,0,0,0,0,2,5),(263,3,4,4,815,2,3,0,0,0,0,3,3),(264,3,4,4,816,2,4,0,0,0,0,4,8),(265,3,4,4,821,2,3,0,0,0,0,3,9),(266,3,4,4,823,2,3,0,0,0,0,3,5),(267,3,4,4,825,2,5,0,0,0,0,5,11),(268,3,4,4,826,2,3,0,0,0,0,3,5),(269,3,4,4,827,2,6,0,0,0,0,6,5),(270,3,4,4,893,2,2,0,0,0,0,2,6),(271,3,4,4,926,2,3,0,0,0,0,3,7),(272,3,4,4,1003,2,5,0,0,0,0,5,8),(273,3,4,4,984,2,2,0,0,0,0,2,8),(274,3,4,4,1014,1,9,0,0,0,0,9,10),(275,3,4,4,999,2,0,0,0,0,0,0,0),(276,3,4,4,1000,2,7,0,0,0,0,7,8),(277,3,4,4,1027,2,0,0,0,0,0,0,2),(278,3,4,4,1039,2,5,0,0,0,0,5,8),(279,3,4,4,1079,2,4,0,0,0,0,4,5),(280,3,4,4,1080,2,2,0,0,0,0,2,8),(281,3,4,4,1081,2,2,0,0,0,0,2,10),(282,3,4,4,1083,2,5,0,0,0,0,5,3),(283,3,4,4,1093,2,2,0,0,0,0,2,0),(284,3,4,4,1113,2,0,0,0,0,0,0,0),(285,3,4,4,1145,2,0,0,0,0,0,0,0),(286,3,4,4,1146,2,0,0,0,0,0,0,0),(287,3,4,4,1147,2,0,0,0,0,0,0,0),(288,3,3,3,756,2,1,0,0,0,0,1,1),(289,3,3,3,747,1,9,4,2,0,0,15,6),(290,3,3,3,720,2,0,0,0,0,0,0,0),(291,3,3,3,725,1,8,3,1,0,0,12,2),(292,3,3,3,729,2,6,3,2,0,0,11,1),(293,3,3,3,730,1,7,3,5,0,0,15,2),(294,3,3,3,731,2,4,5,4,0,0,13,1),(295,3,3,3,734,2,0,1,5,0,0,6,0),(296,3,3,3,735,2,6,4,8,0,0,18,2),(297,3,3,3,737,2,5,4,5,0,0,14,8),(298,3,3,3,745,1,7,2,4,0,0,13,2),(299,3,3,3,746,2,3,1,2,0,0,6,7),(300,3,3,3,748,2,2,2,4,0,0,8,4),(301,3,3,3,749,2,0,0,0,0,0,0,0),(302,3,3,3,751,2,2,0,0,0,0,2,0),(303,3,3,3,753,2,5,4,5,0,0,14,4),(304,3,3,3,754,2,5,4,2,0,0,11,4),(305,3,3,3,757,2,6,3,7,0,0,16,3),(306,3,3,3,758,2,2,2,4,0,0,8,1),(307,3,3,3,759,2,2,2,5,0,0,9,2),(308,3,3,3,760,1,7,4,3,0,0,14,4),(309,3,3,3,761,1,8,3,3,0,0,14,6),(310,3,3,3,762,1,10,4,5,0,0,19,1),(311,3,3,3,763,2,0,0,2,0,0,2,0),(312,3,3,3,764,2,3,2,6,0,0,11,2),(313,3,3,3,765,2,1,2,2,0,0,5,1),(314,3,3,3,766,2,0,0,0,0,0,0,0),(315,3,3,3,767,2,5,3,0,0,0,8,2),(316,3,3,3,768,1,7,3,2,0,0,12,1),(317,3,3,3,776,2,0,0,0,0,0,0,0),(318,3,3,3,779,2,1,0,2,0,0,3,1),(319,3,3,3,780,2,0,0,0,0,0,0,0),(320,3,3,3,783,2,0,0,0,0,0,0,0),(321,3,3,3,784,2,3,1,3,0,0,7,5),(322,3,3,3,786,2,6,4,8,0,0,18,6),(323,3,3,3,787,2,3,2,1,0,0,6,4),(324,3,3,3,788,2,0,2,1,0,0,3,6),(325,3,3,3,789,2,0,0,0,0,0,0,0),(326,3,3,3,790,2,0,0,3,0,0,3,0),(327,3,3,3,791,2,0,0,0,0,0,0,0),(328,3,3,3,792,2,0,0,0,0,0,0,0),(329,3,3,3,794,2,2,1,4,0,0,7,7),(330,3,3,3,797,2,3,0,1,0,0,4,1),(331,3,3,3,799,2,2,2,1,0,0,5,1),(332,3,3,3,800,2,3,0,2,0,0,5,1),(333,3,3,3,806,2,2,3,2,0,0,7,1),(334,3,3,3,807,2,3,2,4,0,0,9,1),(335,3,3,3,810,2,5,2,4,0,0,11,3),(336,3,3,3,813,2,0,0,0,0,0,0,0),(337,3,3,3,814,2,6,3,9,0,0,18,2),(338,3,3,3,815,2,0,0,2,0,0,2,0),(339,3,3,3,816,2,3,3,2,0,0,8,1),(340,3,3,3,821,2,6,2,2,0,0,10,2),(341,3,3,3,823,2,5,6,3,0,0,14,1),(342,3,3,3,825,2,3,5,1,0,0,9,1),(343,3,3,3,826,1,7,4,5,0,0,16,1),(344,3,3,3,827,2,1,3,1,0,0,5,3),(345,3,3,3,893,1,11,5,4,0,0,20,6),(346,3,3,3,926,2,3,2,6,0,0,11,6),(347,3,3,3,1003,2,2,4,5,0,0,11,4),(348,3,3,3,984,2,2,1,2,0,0,5,1),(349,3,3,3,1014,2,1,3,3,0,0,7,4),(350,3,3,3,999,2,0,0,0,0,0,0,0),(351,3,3,3,1000,2,3,0,4,0,0,7,0),(352,3,3,3,1027,2,4,3,5,0,0,12,1),(353,3,3,3,1079,2,3,2,6,0,0,11,1),(354,3,3,3,1080,2,4,3,6,0,0,13,4),(355,3,3,3,1081,2,6,4,8,0,0,18,6),(356,3,3,3,1083,2,2,0,1,0,0,3,0),(357,3,3,3,1093,2,2,0,0,0,0,2,0),(358,3,3,3,1113,2,0,0,0,0,0,0,0),(359,3,3,3,1145,2,6,4,3,0,0,13,2),(360,3,3,3,1146,2,0,0,0,0,0,0,0),(361,3,3,3,1147,2,0,0,2,0,0,2,0);

--
-- Table structure for table `company_team_leaders`
--

CREATE TABLE `company_team_leaders` (
  `company_team_leader_id` int(10) NOT NULL AUTO_INCREMENT,
  `company_id` int(10) NOT NULL,
  `company_teamleader_name` varchar(50) NOT NULL,
  `company_teamleader_description` mediumtext NOT NULL,
  PRIMARY KEY (`company_team_leader_id`)
) ENGINE=MyISAM AUTO_INCREMENT=6 DEFAULT CHARSET=latin1;

--
-- Dumping data for table `company_team_leaders`
--

INSERT INTO `company_team_leaders` VALUES (3,0,'Family members','3'),(4,0,'','3'),(5,3,'Team leader','');

--
-- Table structure for table `company_teams`
--

CREATE TABLE `company_teams` (
  `company_team_id` int(10) NOT NULL AUTO_INCREMENT,
  `company_id` int(10) NOT NULL,
  `company_team_name` varchar(100) NOT NULL,
  `company_team_description` mediumtext NOT NULL,
  PRIMARY KEY (`company_team_id`)
) ENGINE=MyISAM AUTO_INCREMENT=17 DEFAULT CHARSET=latin1;

--
-- Dumping data for table `company_teams`
--

INSERT INTO `company_teams` VALUES (1,2,'Test Team1','Team1 Desc'),(2,2,'Test Team2','Team2 Desc'),(3,3,'Sales Team',''),(4,3,'IT Computer Team',''),(6,3,'Web Sales Team',''),(7,3,'Web Sales Team',''),(8,24,'Rundlett',''),(9,3,'Recruiters',''),(10,3,'Business and HR',''),(11,3,'Coaches',''),(12,3,'Mental Health',''),(13,3,'Education',''),(14,3,'Resellers',''),(15,3,'Major Accounts',''),(16,3,'Worship Team','');

--
-- Table structure for table `company_temp_users`
--

CREATE TABLE `company_temp_users` (
  `company_temp_users_id` int(10) NOT NULL AUTO_INCREMENT,
  `company_id` int(10) NOT NULL,
  `user_id` int(10) NOT NULL,
  `disc_id` int(10) NOT NULL,
  `mb_id` int(10) NOT NULL,
  `sf1_id` int(10) NOT NULL,
  `sf2_id` int(10) NOT NULL,
  `sf3_id` int(10) NOT NULL,
  `sf4_id` int(10) NOT NULL,
  `sf5_id` int(10) NOT NULL,
  `temperament1_id` int(10) NOT NULL,
  `temperament2_id` int(10) NOT NULL,
  PRIMARY KEY (`company_temp_users_id`)
) ENGINE=MyISAM AUTO_INCREMENT=188 DEFAULT CHARSET=latin1;

--
-- Dumping data for table `company_temp_users`
--

INSERT INTO `company_temp_users` VALUES (187,3,551,2,14,0,0,0,0,0,2,4),(186,3,530,7,3,1,14,29,23,27,4,1),(185,3,514,5,3,25,16,14,18,29,4,1);

--
-- Table structure for table `company_user_department_assign`
--

CREATE TABLE `company_user_department_assign` (
  `company_user_department_assign_id` int(10) NOT NULL AUTO_INCREMENT,
  `company_id` int(10) NOT NULL,
  `user_id` int(10) NOT NULL,
  `department_id` int(10) NOT NULL,
  PRIMARY KEY (`company_user_department_assign_id`)
) ENGINE=MyISAM AUTO_INCREMENT=41 DEFAULT CHARSET=latin1;

--
-- Dumping data for table `company_user_department_assign`
--

INSERT INTO `company_user_department_assign` VALUES (3,3,315,1),(4,3,315,2),(5,3,315,3),(6,3,315,4),(7,3,315,5),(8,3,309,1),(9,3,470,3),(10,3,347,2),(11,3,467,1),(12,3,476,4),(13,3,460,3),(14,3,327,3),(15,3,335,4),(16,3,510,5),(17,3,512,4),(18,3,469,8),(19,3,514,6),(20,3,529,8),(21,3,530,6),(22,3,538,9),(23,3,539,9),(24,3,546,1),(25,3,548,8),(26,3,551,6),(27,3,490,4),(28,3,335,8),(29,3,648,10),(30,3,649,10),(31,3,651,10),(32,3,652,10),(33,3,653,10),(34,3,654,10),(35,3,655,10),(36,34,315,11),(37,34,648,11),(38,20,546,13),(39,20,527,12),(40,20,661,12);

--
-- Table structure for table `configuration`
--

CREATE TABLE `configuration` (
  `configuration_id` int(11) NOT NULL AUTO_INCREMENT,
  `configuration_title` varchar(255) NOT NULL,
  `configuration_key` varchar(255) NOT NULL,
  `configuration_value` varchar(255) NOT NULL,
  `configuration_description` varchar(255) NOT NULL,
  `configuration_group_id` int(11) NOT NULL,
  `sort_order` int(5) DEFAULT NULL,
  `last_modified` datetime DEFAULT NULL,
  `date_added` datetime NOT NULL,
  `use_function` varchar(255) DEFAULT NULL,
  `set_function` varchar(255) DEFAULT NULL,
  PRIMARY KEY (`configuration_id`)
) ENGINE=MyISAM AUTO_INCREMENT=154 DEFAULT CHARSET=latin1;

--
-- Dumping data for table `configuration`
--



--
-- Table structure for table `configuration_group`
--

CREATE TABLE `configuration_group` (
  `configuration_group_id` int(11) NOT NULL AUTO_INCREMENT,
  `configuration_group_title` varchar(64) NOT NULL,
  `configuration_group_description` varchar(255) NOT NULL,
  `sort_order` int(5) DEFAULT NULL,
  `visible` int(1) DEFAULT '1',
  PRIMARY KEY (`configuration_group_id`)
) ENGINE=MyISAM AUTO_INCREMENT=16 DEFAULT CHARSET=latin1;

--
-- Dumping data for table `configuration_group`
--

INSERT INTO `configuration_group` VALUES (1,'My Store','General information about my store',1,1),(2,'Minimum Values','The minimum values for functions / data',2,1),(3,'Maximum Values','The maximum values for functions / data',3,1),(4,'Images','Image parameters',4,1),(5,'Customer Details','Customer account configuration',5,1),(6,'Module Options','Hidden from configuration',6,0),(7,'Shipping/Packaging','Shipping options available at my store',7,1),(8,'Product Listing','Product Listing    configuration options',8,1),(9,'Stock','Stock configuration options',9,1),(10,'Logging','Logging configuration options',10,1),(11,'Cache','Caching configuration options',11,1),(12,'E-Mail Options','General setting for E-Mail transport and HTML E-Mails',12,1),(13,'Download','Downloadable products options',13,1),(14,'GZip Compression','GZip compression options',14,1),(15,'Sessions','Session options',15,1);

--
-- Table structure for table `counter`
--

CREATE TABLE `counter` (
  `startdate` char(8) DEFAULT NULL,
  `counter` int(12) DEFAULT NULL
) ENGINE=MyISAM DEFAULT CHARSET=latin1;

--
-- Dumping data for table `counter`
--

INSERT INTO `counter` VALUES ('20100122',307);

--
-- Table structure for table `counter_history`
--

CREATE TABLE `counter_history` (
  `month` char(8) DEFAULT NULL,
  `counter` int(12) DEFAULT NULL
) ENGINE=MyISAM DEFAULT CHARSET=latin1;

--
-- Dumping data for table `counter_history`
--


--
-- Table structure for table `countries`
--

CREATE TABLE `countries` (
  `countries_id` int(11) NOT NULL AUTO_INCREMENT,
  `countries_name` varchar(64) NOT NULL,
  `countries_iso_code_2` char(2) NOT NULL,
  `countries_iso_code_3` char(3) NOT NULL,
  `address_format_id` int(11) NOT NULL,
  PRIMARY KEY (`countries_id`),
  KEY `IDX_COUNTRIES_NAME` (`countries_name`),
  KEY `countries_iso_code_2` (`countries_iso_code_2`)
) ENGINE=MyISAM AUTO_INCREMENT=240 DEFAULT CHARSET=latin1;

--
-- Dumping data for table `countries`
--

INSERT INTO `countries` VALUES (1,'Afghanistan','AF','AFG',1),(2,'Albania','AL','ALB',1),(3,'Algeria','DZ','DZA',1),(4,'American Samoa','AS','ASM',1),(5,'Andorra','AD','AND',1),(6,'Angola','AO','AGO',1),(7,'Anguilla','AI','AIA',1),(8,'Antarctica','AQ','ATA',1),(9,'Antigua and Barbuda','AG','ATG',1),(10,'Argentina','AR','ARG',1),(11,'Armenia','AM','ARM',1),(12,'Aruba','AW','ABW',1),(13,'Australia','AU','AUS',1),(14,'Austria','AT','AUT',5),(15,'Azerbaijan','AZ','AZE',1),(16,'Bahamas','BS','BHS',1),(17,'Bahrain','BH','BHR',1),(18,'Bangladesh','BD','BGD',1),(19,'Barbados','BB','BRB',1),(20,'Belarus','BY','BLR',1),(21,'Belgium','BE','BEL',1),(22,'Belize','BZ','BLZ',1),(23,'Benin','BJ','BEN',1),(24,'Bermuda','BM','BMU',1),(25,'Bhutan','BT','BTN',1),(26,'Bolivia','BO','BOL',1),(27,'Bosnia and Herzegowina','BA','BIH',1),(28,'Botswana','BW','BWA',1),(29,'Bouvet Island','BV','BVT',1),(30,'Brazil','BR','BRA',1),(31,'British Indian Ocean Territory','IO','IOT',1),(32,'Brunei Darussalam','BN','BRN',1),(33,'Bulgaria','BG','BGR',1),(34,'Burkina Faso','BF','BFA',1),(35,'Burundi','BI','BDI',1),(36,'Cambodia','KH','KHM',1),(37,'Cameroon','CM','CMR',1),(38,'Canada','CA','CAN',1),(39,'Cape Verde','CV','CPV',1),(40,'Cayman Islands','KY','CYM',1),(41,'Central African Republic','CF','CAF',1),(42,'Chad','TD','TCD',1),(43,'Chile','CL','CHL',1),(44,'China','CN','CHN',1),(45,'Christmas Island','CX','CXR',1),(46,'Cocos (Keeling) Islands','CC','CCK',1),(47,'Colombia','CO','COL',1),(48,'Comoros','KM','COM',1),(49,'Congo','CG','COG',1),(50,'Cook Islands','CK','COK',1),(51,'Costa Rica','CR','CRI',1),(52,'Cote D\'Ivoire','CI','CIV',1),(53,'Croatia','HR','HRV',1),(54,'Cuba','CU','CUB',1),(55,'Cyprus','CY','CYP',1),(56,'Czech Republic','CZ','CZE',1),(57,'Denmark','DK','DNK',1),(58,'Djibouti','DJ','DJI',1),(59,'Dominica','DM','DMA',1),(60,'Dominican Republic','DO','DOM',1),(61,'East Timor','TP','TMP',1),(62,'Ecuador','EC','ECU',1),(63,'Egypt','EG','EGY',1),(64,'El Salvador','SV','SLV',1),(65,'Equatorial Guinea','GQ','GNQ',1),(66,'Eritrea','ER','ERI',1),(67,'Estonia','EE','EST',1),(68,'Ethiopia','ET','ETH',1),(69,'Falkland Islands (Malvinas)','FK','FLK',1),(70,'Faroe Islands','FO','FRO',1),(71,'Fiji','FJ','FJI',1),(72,'Finland','FI','FIN',1),(73,'France','FR','FRA',1),(74,'France, Metropolitan','FX','FXX',1),(75,'French Guiana','GF','GUF',1),(76,'French Polynesia','PF','PYF',1),(77,'French Southern Territories','TF','ATF',1),(78,'Gabon','GA','GAB',1),(79,'Gambia','GM','GMB',1),(80,'Georgia','GE','GEO',1),(81,'Germany','DE','DEU',5),(82,'Ghana','GH','GHA',1),(83,'Gibraltar','GI','GIB',1),(84,'Greece','GR','GRC',1),(85,'Greenland','GL','GRL',1),(86,'Grenada','GD','GRD',1),(87,'Guadeloupe','GP','GLP',1),(88,'Guam','GU','GUM',1),(89,'Guatemala','GT','GTM',1),(90,'Guinea','GN','GIN',1),(91,'Guinea-bissau','GW','GNB',1),(92,'Guyana','GY','GUY',1),(93,'Haiti','HT','HTI',1),(94,'Heard and Mc Donald Islands','HM','HMD',1),(95,'Honduras','HN','HND',1),(96,'Hong Kong','HK','HKG',1),(97,'Hungary','HU','HUN',1),(98,'Iceland','IS','ISL',1),(99,'India','IN','IND',1),(100,'Indonesia','ID','IDN',1),(101,'Iran (Islamic Republic of)','IR','IRN',1),(102,'Iraq','IQ','IRQ',1),(103,'Ireland','IE','IRL',1),(104,'Israel','IL','ISR',1),(105,'Italy','IT','ITA',1),(106,'Jamaica','JM','JAM',1),(107,'Japan','JP','JPN',1),(108,'Jordan','JO','JOR',1),(109,'Kazakhstan','KZ','KAZ',1),(110,'Kenya','KE','KEN',1),(111,'Kiribati','KI','KIR',1),(112,'Korea, Democratic People\'s Republic of','KP','PRK',1),(113,'Korea, Republic of','KR','KOR',1),(114,'Kuwait','KW','KWT',1),(115,'Kyrgyzstan','KG','KGZ',1),(116,'Lao People\'s Democratic Republic','LA','LAO',1),(117,'Latvia','LV','LVA',1),(118,'Lebanon','LB','LBN',1),(119,'Lesotho','LS','LSO',1),(120,'Liberia','LR','LBR',1),(121,'Libyan Arab Jamahiriya','LY','LBY',1),(122,'Liechtenstein','LI','LIE',1),(123,'Lithuania','LT','LTU',1),(124,'Luxembourg','LU','LUX',1),(125,'Macau','MO','MAC',1),(126,'Macedonia, The Former Yugoslav Republic of','MK','MKD',1),(127,'Madagascar','MG','MDG',1),(128,'Malawi','MW','MWI',1),(129,'Malaysia','MY','MYS',1),(130,'Maldives','MV','MDV',1),(131,'Mali','ML','MLI',1),(132,'Malta','MT','MLT',1),(133,'Marshall Islands','MH','MHL',1),(134,'Martinique','MQ','MTQ',1),(135,'Mauritania','MR','MRT',1),(136,'Mauritius','MU','MUS',1),(137,'Mayotte','YT','MYT',1),(138,'Mexico','MX','MEX',1),(139,'Micronesia, Federated States of','FM','FSM',1),(140,'Moldova, Republic of','MD','MDA',1),(141,'Monaco','MC','MCO',1),(142,'Mongolia','MN','MNG',1),(143,'Montserrat','MS','MSR',1),(144,'Morocco','MA','MAR',1),(145,'Mozambique','MZ','MOZ',1),(146,'Myanmar','MM','MMR',1),(147,'Namibia','NA','NAM',1),(148,'Nauru','NR','NRU',1),(149,'Nepal','NP','NPL',1),(150,'Netherlands','NL','NLD',1),(151,'Netherlands Antilles','AN','ANT',1),(152,'New Caledonia','NC','NCL',1),(153,'New Zealand','NZ','NZL',1),(154,'Nicaragua','NI','NIC',1),(155,'Niger','NE','NER',1),(156,'Nigeria','NG','NGA',1),(157,'Niue','NU','NIU',1),(158,'Norfolk Island','NF','NFK',1),(159,'Northern Mariana Islands','MP','MNP',1),(160,'Norway','NO','NOR',1),(161,'Oman','OM','OMN',1),(162,'Pakistan','PK','PAK',1),(163,'Palau','PW','PLW',1),(164,'Panama','PA','PAN',1),(165,'Papua New Guinea','PG','PNG',1),(166,'Paraguay','PY','PRY',1),(167,'Peru','PE','PER',1),(168,'Philippines','PH','PHL',1),(169,'Pitcairn','PN','PCN',1),(170,'Poland','PL','POL',1),(171,'Portugal','PT','PRT',1),(172,'Puerto Rico','PR','PRI',1),(173,'Qatar','QA','QAT',1),(174,'Reunion','RE','REU',1),(175,'Romania','RO','ROM',1),(176,'Russian Federation','RU','RUS',1),(177,'Rwanda','RW','RWA',1),(178,'Saint Kitts and Nevis','KN','KNA',1),(179,'Saint Lucia','LC','LCA',1),(180,'Saint Vincent and the Grenadines','VC','VCT',1),(181,'Samoa','WS','WSM',1),(182,'San Marino','SM','SMR',1),(183,'Sao Tome and Principe','ST','STP',1),(184,'Saudi Arabia','SA','SAU',1),(185,'Senegal','SN','SEN',1),(186,'Seychelles','SC','SYC',1),(187,'Sierra Leone','SL','SLE',1),(188,'Singapore','SG','SGP',4),(189,'Slovakia (Slovak Republic)','SK','SVK',1),(190,'Slovenia','SI','SVN',1),(191,'Solomon Islands','SB','SLB',1),(192,'Somalia','SO','SOM',1),(193,'South Africa','ZA','ZAF',1),(194,'South Georgia and the South Sandwich Islands','GS','SGS',1),(195,'Spain','ES','ESP',3),(196,'Sri Lanka','LK','LKA',1),(197,'St. Helena','SH','SHN',1),(198,'St. Pierre and Miquelon','PM','SPM',1),(199,'Sudan','SD','SDN',1),(200,'Suriname','SR','SUR',1),(201,'Svalbard and Jan Mayen Islands','SJ','SJM',1),(202,'Swaziland','SZ','SWZ',1),(203,'Sweden','SE','SWE',1),(204,'Switzerland','CH','CHE',1),(205,'Syrian Arab Republic','SY','SYR',1),(206,'Taiwan','TW','TWN',1),(207,'Tajikistan','TJ','TJK',1),(208,'Tanzania, United Republic of','TZ','TZA',1),(209,'Thailand','TH','THA',1),(210,'Togo','TG','TGO',1),(211,'Tokelau','TK','TKL',1),(212,'Tonga','TO','TON',1),(213,'Trinidad and Tobago','TT','TTO',1),(214,'Tunisia','TN','TUN',1),(215,'Turkey','TR','TUR',1),(216,'Turkmenistan','TM','TKM',1),(217,'Turks and Caicos Islands','TC','TCA',1),(218,'Tuvalu','TV','TUV',1),(219,'Uganda','UG','UGA',1),(220,'Ukraine','UA','UKR',1),(221,'United Arab Emirates','AE','ARE',1),(222,'United Kingdom','GB','GBR',1),(223,'United States','US','USA',2),(224,'United States Minor Outlying Islands','UM','UMI',1),(225,'Uruguay','UY','URY',1),(226,'Uzbekistan','UZ','UZB',1),(227,'Vanuatu','VU','VUT',1),(228,'Vatican City State (Holy See)','VA','VAT',1),(229,'Venezuela','VE','VEN',1),(230,'Viet Nam','VN','VNM',1),(231,'Virgin Islands (British)','VG','VGB',1),(232,'Virgin Islands (U.S.)','VI','VIR',1),(233,'Wallis and Futuna Islands','WF','WLF',1),(234,'Western Sahara','EH','ESH',1),(235,'Yemen','YE','YEM',1),(236,'Yugoslavia','YU','YUG',1),(237,'Zaire','ZR','ZAR',1),(238,'Zambia','ZM','ZMB',1),(239,'Zimbabwe','ZW','ZWE',1);

--
-- Table structure for table `currencies`
--

CREATE TABLE `currencies` (
  `currencies_id` int(11) NOT NULL AUTO_INCREMENT,
  `title` varchar(32) NOT NULL,
  `code` char(3) NOT NULL,
  `symbol_left` varchar(12) DEFAULT NULL,
  `symbol_right` varchar(12) DEFAULT NULL,
  `decimal_point` char(1) DEFAULT NULL,
  `thousands_point` char(1) DEFAULT NULL,
  `decimal_places` char(1) DEFAULT NULL,
  `value` float(13,8) DEFAULT NULL,
  `last_updated` datetime DEFAULT NULL,
  PRIMARY KEY (`currencies_id`),
  KEY `idx_currencies_code` (`code`)
) ENGINE=MyISAM AUTO_INCREMENT=3 DEFAULT CHARSET=latin1;

--
-- Dumping data for table `currencies`
--

INSERT INTO `currencies` VALUES (1,'US Dollar','USD','$','','.',',','2',1.00000000,'2010-01-22 15:35:53'),(2,'Euro','EUR','','EUR','.',',','2',1.10360003,'2010-01-22 15:35:53');

--
-- Table structure for table `customers_basket`
--

CREATE TABLE `customers_basket` (
  `customers_basket_id` int(11) NOT NULL AUTO_INCREMENT,
  `customers_id` int(11) NOT NULL,
  `products_id` tinytext NOT NULL,
  `customers_basket_quantity` int(2) NOT NULL,
  `final_price` decimal(15,4) DEFAULT NULL,
  `customers_basket_date_added` char(8) DEFAULT NULL,
  PRIMARY KEY (`customers_basket_id`),
  KEY `idx_customers_basket_customers_id` (`customers_id`)
) ENGINE=MyISAM DEFAULT CHARSET=latin1;

--
-- Dumping data for table `customers_basket`
--


--
-- Table structure for table `customers_basket_attributes`
--

CREATE TABLE `customers_basket_attributes` (
  `customers_basket_attributes_id` int(11) NOT NULL AUTO_INCREMENT,
  `customers_id` int(11) NOT NULL,
  `products_id` tinytext NOT NULL,
  `products_options_id` int(11) NOT NULL,
  `products_options_value_id` int(11) NOT NULL,
  PRIMARY KEY (`customers_basket_attributes_id`),
  KEY `idx_customers_basket_att_customers_id` (`customers_id`)
) ENGINE=MyISAM DEFAULT CHARSET=latin1;

--
-- Dumping data for table `customers_basket_attributes`
--


--
-- Table structure for table `customers_info`
--

CREATE TABLE `customers_info` (
  `customers_info_id` int(11) NOT NULL,
  `customers_info_date_of_last_logon` datetime DEFAULT NULL,
  `customers_info_number_of_logons` int(5) DEFAULT NULL,
  `customers_info_date_account_created` datetime DEFAULT NULL,
  `customers_info_date_account_last_modified` datetime DEFAULT NULL,
  `global_product_notifications` int(1) DEFAULT '0',
  PRIMARY KEY (`customers_info_id`)
) ENGINE=MyISAM DEFAULT CHARSET=latin1;

--
-- Dumping data for table `customers_info`
--

INSERT INTO `customers_info` VALUES (266,NULL,0,'2011-03-06 11:48:32',NULL,0),(39,NULL,0,'2010-04-14 11:46:11',NULL,0),(223,NULL,0,'2010-12-16 10:53:56',NULL,0),(259,NULL,0,'2011-02-16 13:45:42',NULL,0),(40,NULL,0,'2010-04-29 09:42:58',NULL,0),(205,NULL,0,'2010-11-05 13:30:40',NULL,0),(226,NULL,0,'2010-12-21 09:04:22',NULL,0),(46,NULL,0,'2010-05-06 06:00:55',NULL,0),(29,NULL,0,'2010-02-23 05:38:19',NULL,0),(207,NULL,0,'2010-11-09 18:40:08',NULL,0),(227,NULL,0,'2010-12-21 20:50:13',NULL,0),(239,NULL,0,'2011-01-12 17:14:33',NULL,0),(222,NULL,0,'2010-12-15 07:39:43',NULL,0),(241,NULL,0,'2011-01-13 13:31:45',NULL,0),(58,NULL,0,'2010-07-09 14:45:08',NULL,0),(59,NULL,0,'2010-07-22 12:30:57',NULL,0),(60,NULL,0,'2010-07-22 12:40:11',NULL,0),(253,NULL,0,'2011-02-09 15:19:20',NULL,0),(66,NULL,0,'2010-08-03 07:40:25',NULL,0),(258,NULL,0,'2011-02-14 08:45:45',NULL,0),(249,NULL,0,'2011-02-04 14:29:35',NULL,0),(215,NULL,0,'2010-11-16 20:14:16',NULL,0),(260,NULL,0,'2011-02-17 07:48:30',NULL,0),(78,NULL,0,'2010-08-10 13:50:47',NULL,0),(278,NULL,0,'2011-03-21 16:21:53',NULL,0),(231,NULL,0,'2010-12-23 09:09:39',NULL,0),(243,NULL,0,'2011-01-18 21:35:17',NULL,0),(228,NULL,0,'2010-12-22 21:56:31',NULL,0),(247,NULL,0,'2011-02-03 17:21:53',NULL,0),(235,NULL,0,'2011-01-07 15:03:14',NULL,0),(244,NULL,0,'2011-01-20 17:03:25',NULL,0),(236,NULL,0,'2011-01-09 18:25:32',NULL,0),(248,NULL,0,'2011-02-03 17:25:15',NULL,0),(254,NULL,0,'2011-02-09 15:28:38',NULL,0),(242,NULL,0,'2011-01-17 22:13:42',NULL,0),(206,NULL,0,'2010-11-07 07:31:46',NULL,0),(233,NULL,0,'2010-12-29 14:26:40',NULL,0),(489,NULL,0,'2012-04-19 15:56:47',NULL,0),(256,NULL,0,'2011-02-09 15:55:52',NULL,0),(255,NULL,0,'2011-02-09 15:45:30',NULL,0),(240,NULL,0,'2011-01-12 17:32:05',NULL,0),(201,NULL,0,'2010-10-16 09:27:12',NULL,0),(221,NULL,0,'2010-12-15 07:26:16',NULL,0),(246,NULL,0,'2011-01-27 11:25:41',NULL,0),(200,NULL,0,'2010-10-16 02:41:43',NULL,0),(183,NULL,0,'2010-09-08 00:44:31',NULL,0),(251,NULL,0,'2011-02-08 17:07:13',NULL,0),(238,NULL,0,'2011-01-11 05:44:42',NULL,0),(198,NULL,0,'2010-10-05 17:07:17',NULL,0),(250,NULL,0,'2011-02-07 22:22:05',NULL,0),(245,NULL,0,'2011-01-23 16:54:39',NULL,0),(191,NULL,0,'2010-09-13 09:59:20',NULL,0),(252,NULL,0,'2011-02-09 15:01:52',NULL,0),(261,NULL,0,'2011-02-18 14:37:49',NULL,0),(262,NULL,0,'2011-02-28 17:43:18',NULL,0),(264,NULL,0,'2011-03-04 06:08:08',NULL,0),(382,NULL,0,'2011-06-15 14:25:44',NULL,0),(267,NULL,0,'2011-03-06 20:20:39',NULL,0),(268,NULL,0,'2011-03-16 07:07:42',NULL,0),(269,NULL,0,'2011-03-16 11:40:10',NULL,0),(270,NULL,0,'2011-03-16 12:33:45',NULL,0),(271,NULL,0,'2011-03-16 12:40:27',NULL,0),(277,NULL,0,'2011-03-21 06:34:50',NULL,0),(319,NULL,0,'2011-05-03 19:58:38',NULL,0),(321,NULL,0,'2011-05-04 13:22:36',NULL,0),(279,NULL,0,'2011-03-21 21:43:06',NULL,0),(276,NULL,0,'2011-03-19 15:31:12',NULL,0),(288,NULL,0,'2011-04-22 17:11:46',NULL,0),(320,NULL,0,'2011-05-03 20:01:55',NULL,0),(310,NULL,0,'2011-04-26 07:19:19',NULL,0),(311,NULL,0,'2011-04-26 07:29:41',NULL,0),(312,NULL,0,'2011-04-26 07:32:07',NULL,0),(313,NULL,0,'2011-04-26 07:39:25',NULL,0),(314,NULL,0,'2011-04-26 07:41:41',NULL,0),(367,NULL,0,'2011-06-06 10:37:53',NULL,0),(398,NULL,0,'2011-08-03 09:23:28',NULL,0),(317,NULL,0,'2011-04-28 21:56:01',NULL,0),(318,NULL,0,'2011-04-28 21:57:19',NULL,0),(322,NULL,0,'2011-05-14 17:34:45',NULL,0),(323,NULL,0,'2011-05-14 17:36:12',NULL,0),(324,NULL,0,'2011-05-17 11:37:30',NULL,0),(325,NULL,0,'2011-05-18 19:22:25',NULL,0),(336,NULL,0,'2011-05-24 16:37:11',NULL,0),(343,NULL,0,'2011-05-28 17:12:54',NULL,0),(335,NULL,0,'2011-05-24 16:29:50',NULL,0),(331,NULL,0,'2011-05-23 10:49:56',NULL,0),(332,NULL,0,'2011-05-23 13:03:47',NULL,0),(0,NULL,0,'2011-05-23 14:23:30',NULL,0),(334,NULL,0,'2011-05-23 14:27:57',NULL,0),(342,NULL,0,'2011-05-28 16:45:16',NULL,0),(383,NULL,0,'2011-06-17 15:22:17',NULL,0),(381,NULL,0,'2011-06-11 23:39:02',NULL,0),(384,NULL,0,'2011-06-20 13:36:39',NULL,0),(385,NULL,0,'2011-06-20 23:29:49',NULL,0),(368,NULL,0,'2011-06-06 10:49:59',NULL,0),(386,NULL,0,'2011-06-20 23:37:00',NULL,0),(387,NULL,0,'2011-06-22 20:07:32',NULL,0),(388,NULL,0,'2011-06-22 23:21:36',NULL,0),(389,NULL,0,'2011-06-24 08:17:31',NULL,0),(390,NULL,0,'2011-06-24 11:16:04',NULL,0),(1222,NULL,0,'2013-06-04 21:16:14',NULL,0),(392,NULL,0,'2011-07-03 22:09:30',NULL,0),(710,NULL,0,'2012-07-05 11:18:57',NULL,0),(394,NULL,0,'2011-07-18 09:56:16',NULL,0),(395,NULL,0,'2011-07-21 07:17:42',NULL,0),(396,NULL,0,'2011-07-21 11:32:09',NULL,0),(397,NULL,0,'2011-07-22 05:46:34',NULL,0),(399,NULL,0,'2011-08-03 14:11:03',NULL,0),(400,NULL,0,'2011-08-05 15:07:06',NULL,0),(401,NULL,0,'2011-08-05 15:37:45',NULL,0),(402,NULL,0,'2011-08-07 17:11:49',NULL,0),(403,NULL,0,'2011-08-10 10:49:45',NULL,0),(405,NULL,0,'2011-08-15 15:18:00',NULL,0),(406,NULL,0,'2011-08-22 12:43:23',NULL,0),(408,NULL,0,'2011-08-26 10:19:04',NULL,0),(409,NULL,0,'2011-08-29 07:46:55',NULL,0),(410,NULL,0,'2011-09-07 09:06:56',NULL,0),(411,NULL,0,'2011-09-09 10:19:58',NULL,0),(412,NULL,0,'2011-09-11 13:59:33',NULL,0),(413,NULL,0,'2011-09-12 11:09:28',NULL,0),(414,NULL,0,'2011-09-12 19:27:52',NULL,0),(415,NULL,0,'2011-09-14 03:48:22',NULL,0),(416,NULL,0,'2011-09-20 13:33:25',NULL,0),(417,NULL,0,'2011-10-04 20:52:43',NULL,0),(418,NULL,0,'2011-10-10 16:56:05',NULL,0),(419,NULL,0,'2011-10-11 07:11:09',NULL,0),(420,NULL,0,'2011-10-11 15:42:01',NULL,0),(481,NULL,0,'2012-04-11 19:53:52',NULL,0),(422,NULL,0,'2011-10-19 14:12:37',NULL,0),(423,NULL,0,'2011-10-21 09:05:32',NULL,0),(424,NULL,0,'2011-10-21 15:14:23',NULL,0),(425,NULL,0,'2011-10-22 03:13:56',NULL,0),(426,NULL,0,'2011-10-24 13:07:52',NULL,0),(427,NULL,0,'2011-11-13 15:25:49',NULL,0),(428,NULL,0,'2011-11-16 19:17:06',NULL,0),(429,NULL,0,'2011-11-27 01:23:53',NULL,0),(430,NULL,0,'2011-12-04 19:11:01',NULL,0),(431,NULL,0,'2011-12-30 19:14:47',NULL,0),(432,NULL,0,'2012-01-02 18:19:03',NULL,0),(433,NULL,0,'2012-01-04 15:06:39',NULL,0),(434,NULL,0,'2012-01-07 17:10:18',NULL,0),(435,NULL,0,'2012-01-11 18:26:07',NULL,0),(436,NULL,0,'2012-01-26 07:46:05',NULL,0),(437,NULL,0,'2012-01-26 07:49:46',NULL,0),(438,NULL,0,'2012-01-26 12:48:42',NULL,0),(439,NULL,0,'2012-01-26 15:34:45',NULL,0),(440,NULL,0,'2012-01-26 15:50:23',NULL,0),(441,NULL,0,'2012-01-26 15:51:27',NULL,0),(442,NULL,0,'2012-01-26 15:52:09',NULL,0),(443,NULL,0,'2012-01-26 15:52:52',NULL,0),(444,NULL,0,'2012-01-26 15:53:52',NULL,0),(445,NULL,0,'2012-01-26 15:54:33',NULL,0),(446,NULL,0,'2012-01-26 15:55:15',NULL,0),(447,NULL,0,'2012-01-26 15:56:01',NULL,0),(448,NULL,0,'2012-01-26 15:56:39',NULL,0),(449,NULL,0,'2012-01-26 15:57:22',NULL,0),(450,NULL,0,'2012-01-26 15:58:11',NULL,0),(451,NULL,0,'2012-01-26 15:59:00',NULL,0),(452,NULL,0,'2012-02-01 03:40:33',NULL,0),(453,NULL,0,'2012-02-01 07:00:05',NULL,0),(454,NULL,0,'2012-02-09 06:55:15',NULL,0),(455,NULL,0,'2012-02-16 10:31:42',NULL,0),(456,NULL,0,'2012-02-26 00:31:58',NULL,0),(457,NULL,0,'2012-03-25 15:29:40',NULL,0),(458,NULL,0,'2012-03-25 17:08:33',NULL,0),(459,NULL,0,'2012-03-29 21:49:18',NULL,0),(460,NULL,0,'2012-03-30 09:57:45',NULL,0),(461,NULL,0,'2012-03-30 16:41:50',NULL,0),(462,NULL,0,'2012-04-01 21:08:52',NULL,0),(463,NULL,0,'2012-04-02 09:29:23',NULL,0),(464,NULL,0,'2012-04-02 09:32:05',NULL,0),(465,NULL,0,'2012-04-02 09:44:53',NULL,0),(466,NULL,0,'2012-04-02 09:48:57',NULL,0),(467,NULL,0,'2012-04-03 23:50:00',NULL,0),(468,NULL,0,'2012-04-05 10:17:44',NULL,0),(469,NULL,0,'2012-04-06 12:45:04',NULL,0),(470,NULL,0,'2012-04-08 08:09:11',NULL,0),(471,NULL,0,'2012-04-09 08:34:26',NULL,0),(479,NULL,0,'2012-04-11 11:22:45',NULL,0),(473,NULL,0,'2012-04-09 17:48:43',NULL,0),(480,NULL,0,'2012-04-11 17:02:53',NULL,0),(482,NULL,0,'2012-04-16 08:53:00',NULL,0),(483,NULL,0,'2012-04-16 08:54:48',NULL,0),(484,NULL,0,'2012-04-16 08:57:12',NULL,0),(485,NULL,0,'2012-04-17 14:58:56',NULL,0),(486,NULL,0,'2012-04-18 19:06:05',NULL,0),(487,NULL,0,'2012-04-19 14:26:34',NULL,0),(488,NULL,0,'2012-04-19 14:40:55',NULL,0),(490,NULL,0,'2012-04-19 16:22:54',NULL,0),(491,NULL,0,'2012-04-19 17:36:13',NULL,0),(492,NULL,0,'2012-04-19 17:37:28',NULL,0),(493,NULL,0,'2012-04-20 15:28:10',NULL,0),(494,NULL,0,'2012-04-20 15:30:29',NULL,0),(495,NULL,0,'2012-04-20 15:35:34',NULL,0),(496,NULL,0,'2012-04-20 15:36:53',NULL,0),(497,NULL,0,'2012-04-20 15:38:02',NULL,0),(498,NULL,0,'2012-04-20 15:47:49',NULL,0),(499,NULL,0,'2012-04-20 15:55:15',NULL,0),(500,NULL,0,'2012-04-20 18:05:18',NULL,0),(501,NULL,0,'2012-04-20 18:06:08',NULL,0),(502,NULL,0,'2012-04-21 10:50:01',NULL,0),(503,NULL,0,'2012-04-21 15:54:35',NULL,0),(504,NULL,0,'2012-04-21 16:00:37',NULL,0),(505,NULL,0,'2012-04-21 19:17:54',NULL,0),(506,NULL,0,'2012-04-22 10:37:35',NULL,0),(507,NULL,0,'2012-04-22 13:48:21',NULL,0),(508,NULL,0,'2012-04-22 13:50:34',NULL,0),(509,NULL,0,'2012-04-23 19:47:44',NULL,0),(510,NULL,0,'2012-04-24 16:11:36',NULL,0),(513,NULL,0,'2012-04-25 17:56:06',NULL,0),(512,NULL,0,'2012-04-25 10:43:28',NULL,0),(514,NULL,0,'2012-04-25 17:58:20',NULL,0),(515,NULL,0,'2012-04-25 18:03:18',NULL,0),(516,NULL,0,'2012-04-25 18:23:35',NULL,0),(517,NULL,0,'2012-04-25 18:25:01',NULL,0),(518,NULL,0,'2012-04-25 18:29:25',NULL,0),(520,NULL,0,'2012-04-25 18:40:25',NULL,0),(521,NULL,0,'2012-04-25 18:50:06',NULL,0),(522,NULL,0,'2012-04-25 18:51:59',NULL,0),(523,NULL,0,'2012-04-25 18:54:50',NULL,0),(524,NULL,0,'2012-04-25 19:09:37',NULL,0),(525,NULL,0,'2012-04-25 19:11:11',NULL,0),(526,NULL,0,'2012-04-25 19:14:16',NULL,0),(527,NULL,0,'2012-04-25 19:23:34',NULL,0),(528,NULL,0,'2012-04-25 19:46:34',NULL,0),(529,NULL,0,'2012-04-26 08:07:57',NULL,0),(530,NULL,0,'2012-04-27 06:10:20',NULL,0),(531,NULL,0,'2012-04-28 10:25:55',NULL,0),(532,NULL,0,'2012-04-28 10:27:16',NULL,0),(533,NULL,0,'2012-04-28 10:31:11',NULL,0),(534,NULL,0,'2012-04-28 10:32:08',NULL,0),(535,NULL,0,'2012-04-28 10:33:07',NULL,0),(536,NULL,0,'2012-04-28 10:34:17',NULL,0),(537,NULL,0,'2012-04-28 10:35:09',NULL,0),(538,NULL,0,'2012-04-29 11:28:00',NULL,0),(539,NULL,0,'2012-04-30 16:42:13',NULL,0),(540,NULL,0,'2012-04-30 22:28:52',NULL,0),(541,NULL,0,'2012-05-09 20:37:16',NULL,0),(542,NULL,0,'2012-05-10 09:38:57',NULL,0),(543,NULL,0,'2012-05-12 14:57:03',NULL,0),(544,NULL,0,'2012-05-16 19:21:26',NULL,0),(545,NULL,0,'2012-05-17 18:00:42',NULL,0),(546,NULL,0,'2012-05-22 16:40:21',NULL,0),(547,NULL,0,'2012-05-23 07:30:30',NULL,0),(548,NULL,0,'2012-05-24 21:21:14',NULL,0),(549,NULL,0,'2012-05-29 09:12:32',NULL,0),(550,NULL,0,'2012-05-30 22:21:55',NULL,0),(551,NULL,0,'2012-05-31 10:44:54',NULL,0),(552,NULL,0,'2012-06-04 08:00:49',NULL,0),(555,NULL,0,'2012-06-06 19:45:26',NULL,0),(556,NULL,0,'2012-06-07 10:32:26',NULL,0),(557,NULL,0,'2012-06-09 12:35:11',NULL,0),(558,NULL,0,'2012-06-11 12:56:50',NULL,0),(559,NULL,0,'2012-06-14 08:15:24',NULL,0),(560,NULL,0,'2012-06-18 16:19:43',NULL,0),(561,NULL,0,'2012-06-18 16:20:55',NULL,0),(562,NULL,0,'2012-06-18 16:23:13',NULL,0),(574,NULL,0,'2012-06-21 03:50:40',NULL,0),(569,NULL,0,'2012-06-20 22:52:22',NULL,0),(570,NULL,0,'2012-06-20 23:07:49',NULL,0),(571,NULL,0,'2012-06-21 01:05:30',NULL,0),(572,NULL,0,'2012-06-21 03:23:03',NULL,0),(573,NULL,0,'2012-06-21 03:44:34',NULL,0),(575,NULL,0,'2012-06-21 04:30:22',NULL,0),(577,NULL,0,'2012-06-21 04:52:42',NULL,0),(579,NULL,0,'2012-06-21 05:13:54',NULL,0),(581,NULL,0,'2012-06-21 05:20:50',NULL,0),(582,NULL,0,'2012-06-21 05:59:46',NULL,0),(584,NULL,0,'2012-06-21 07:00:31',NULL,0),(586,NULL,0,'2012-06-21 07:23:35',NULL,0),(588,NULL,0,'2012-06-21 08:52:37',NULL,0),(590,NULL,0,'2012-06-21 08:56:54',NULL,0),(594,NULL,0,'2012-06-21 09:20:49',NULL,0),(598,NULL,0,'2012-06-21 09:30:25',NULL,0),(600,NULL,0,'2012-06-21 14:17:26',NULL,0),(601,NULL,0,'2012-06-21 23:01:23',NULL,0),(603,NULL,0,'2012-06-21 23:53:17',NULL,0),(616,NULL,0,'2012-06-23 02:20:18',NULL,0),(628,NULL,0,'2012-06-25 22:49:13',NULL,0),(611,NULL,0,'2012-06-22 01:06:55',NULL,0),(617,NULL,0,'2012-06-23 02:49:11',NULL,0),(618,NULL,0,'2012-06-25 00:18:52',NULL,0),(619,NULL,0,'2012-06-25 00:47:00',NULL,0),(621,NULL,0,'2012-06-25 00:54:38',NULL,0),(622,NULL,0,'2012-06-25 01:30:32',NULL,0),(623,NULL,0,'2012-06-25 01:37:07',NULL,0),(631,NULL,0,'2012-06-25 23:34:52',NULL,0),(630,NULL,0,'2012-06-25 23:23:50',NULL,0),(626,NULL,0,'2012-06-25 16:23:55',NULL,0),(658,NULL,0,'2012-06-26 16:13:37',NULL,0),(632,NULL,0,'2012-06-25 23:51:14',NULL,0),(633,NULL,0,'2012-06-26 00:00:49',NULL,0),(635,NULL,0,'2012-06-26 00:38:52',NULL,0),(636,NULL,0,'2012-06-26 00:45:18',NULL,0),(638,NULL,0,'2012-06-26 00:53:25',NULL,0),(640,NULL,0,'2012-06-26 01:13:22',NULL,0),(642,NULL,0,'2012-06-26 01:18:31',NULL,0),(643,NULL,0,'2012-06-26 01:29:23',NULL,0),(644,NULL,0,'2012-06-26 01:31:48',NULL,0),(675,NULL,0,'2012-06-27 05:01:58',NULL,0),(660,NULL,0,'2012-06-26 22:28:25',NULL,0),(659,NULL,0,'2012-06-26 16:45:37',NULL,0),(662,NULL,0,'2012-06-26 22:48:03',NULL,0),(663,NULL,0,'2012-06-26 22:54:52',NULL,0),(668,NULL,0,'2012-06-27 00:16:07',NULL,0),(671,NULL,0,'2012-06-27 01:39:17',NULL,0),(673,NULL,0,'2012-06-27 03:17:05',NULL,0),(677,NULL,0,'2012-06-27 05:16:57',NULL,0),(680,NULL,0,'2012-06-27 05:28:46',NULL,0),(682,NULL,0,'2012-06-27 06:00:11',NULL,0),(683,NULL,0,'2012-06-27 06:04:29',NULL,0),(685,NULL,0,'2012-06-27 06:14:54',NULL,0),(687,NULL,0,'2012-06-27 06:28:11',NULL,0),(689,NULL,0,'2012-06-27 06:57:40',NULL,0),(690,NULL,0,'2012-06-27 07:00:05',NULL,0),(691,NULL,0,'2012-06-27 07:08:36',NULL,0),(692,NULL,0,'2012-06-27 07:21:39',NULL,0),(693,NULL,0,'2012-06-27 07:27:36',NULL,0),(694,NULL,0,'2012-06-27 07:44:25',NULL,0),(696,NULL,0,'2012-06-27 08:23:56',NULL,0),(698,NULL,0,'2012-06-27 10:54:54',NULL,0),(700,NULL,0,'2012-06-27 10:59:45',NULL,0),(703,NULL,0,'2012-06-27 11:07:19',NULL,0),(704,NULL,0,'2012-06-27 11:11:05',NULL,0),(705,NULL,0,'2012-06-28 16:02:02',NULL,0),(707,NULL,0,'2012-06-30 08:17:23',NULL,0),(708,NULL,0,'2012-07-01 14:37:57',NULL,0),(709,NULL,0,'2012-07-03 09:29:18',NULL,0),(712,NULL,0,'2012-07-06 07:49:37',NULL,0),(713,NULL,0,'2012-07-06 07:56:10',NULL,0),(714,NULL,0,'2012-07-06 07:59:36',NULL,0),(715,NULL,0,'2012-07-06 08:17:02',NULL,0),(716,NULL,0,'2012-07-06 08:26:59',NULL,0),(717,NULL,0,'2012-07-06 08:32:28',NULL,0),(718,NULL,0,'2012-07-06 19:00:26',NULL,0),(719,NULL,0,'2012-07-09 21:47:22',NULL,0),(720,NULL,0,'2012-07-09 21:51:02',NULL,0),(721,NULL,0,'2012-07-11 21:50:04',NULL,0),(722,NULL,0,'2012-07-12 10:49:37',NULL,0),(726,NULL,0,'2012-07-13 15:20:06',NULL,0),(728,NULL,0,'2012-07-16 16:01:30',NULL,0),(729,NULL,0,'2012-07-17 16:20:12',NULL,0),(731,NULL,0,'2012-07-24 15:00:33',NULL,0),(733,NULL,0,'2012-07-30 22:17:19',NULL,0),(734,NULL,0,'2012-08-01 08:51:37',NULL,0),(736,NULL,0,'2012-08-02 11:07:39',NULL,0),(737,NULL,0,'2012-08-05 09:23:31',NULL,0),(738,NULL,0,'2012-08-07 12:39:45',NULL,0),(745,NULL,0,'2012-08-14 11:32:12',NULL,0),(742,NULL,0,'2012-08-10 18:44:24',NULL,0),(743,NULL,0,'2012-08-11 14:31:50',NULL,0),(747,NULL,0,'2012-08-14 18:13:56',NULL,0),(748,NULL,0,'2012-08-14 22:14:24',NULL,0),(749,NULL,0,'2012-08-15 12:18:18',NULL,0),(750,NULL,0,'2012-08-16 07:53:31',NULL,0),(751,NULL,0,'2012-08-19 23:16:42',NULL,0),(753,NULL,0,'2012-08-21 13:20:53',NULL,0),(755,NULL,0,'2012-08-22 15:19:05',NULL,0),(757,NULL,0,'2012-08-22 20:29:48',NULL,0),(759,NULL,0,'2012-08-22 22:58:27',NULL,0),(760,NULL,0,'2012-08-24 07:44:59',NULL,0),(761,NULL,0,'2012-08-24 20:15:53',NULL,0),(762,NULL,0,'2012-08-24 21:42:45',NULL,0),(764,NULL,0,'2012-08-24 22:06:10',NULL,0),(765,NULL,0,'2012-08-25 10:53:03',NULL,0),(767,NULL,0,'2012-08-25 11:57:12',NULL,0),(769,NULL,0,'2012-08-25 12:20:02',NULL,0),(770,NULL,0,'2012-08-25 12:22:35',NULL,0),(771,NULL,0,'2012-08-27 08:21:51',NULL,0),(772,NULL,0,'2012-08-28 08:59:40',NULL,0),(773,NULL,0,'2012-08-29 17:14:14',NULL,0),(774,NULL,0,'2012-08-31 12:43:35',NULL,0),(776,NULL,0,'2012-08-31 12:54:50',NULL,0),(778,NULL,0,'2012-08-31 12:59:42',NULL,0),(780,NULL,0,'2012-09-05 12:11:05',NULL,0),(781,NULL,0,'2012-09-05 12:15:30',NULL,0),(782,NULL,0,'2012-09-06 22:53:02',NULL,0),(888,NULL,0,'2012-10-16 16:30:56',NULL,0),(785,NULL,0,'2012-09-07 08:50:42',NULL,0),(786,NULL,0,'2012-09-08 13:22:33',NULL,0),(787,NULL,0,'2012-09-10 16:41:12',NULL,0),(788,NULL,0,'2012-09-14 18:39:33',NULL,0),(789,NULL,0,'2012-09-14 18:40:56',NULL,0),(790,NULL,0,'2012-09-14 18:42:09',NULL,0),(849,NULL,0,'2012-10-12 08:55:56',NULL,0),(792,NULL,0,'2012-09-14 18:44:32',NULL,0),(793,NULL,0,'2012-09-14 18:45:31',NULL,0),(794,NULL,0,'2012-09-14 18:46:37',NULL,0),(795,NULL,0,'2012-09-14 18:47:56',NULL,0),(796,NULL,0,'2012-09-14 18:49:42',NULL,0),(797,NULL,0,'2012-09-14 18:51:38',NULL,0),(798,NULL,0,'2012-09-14 18:52:58',NULL,0),(799,NULL,0,'2012-09-14 18:54:34',NULL,0),(850,NULL,0,'2012-10-12 08:58:29',NULL,0),(801,NULL,0,'2012-09-14 19:03:12',NULL,0),(802,NULL,0,'2012-09-14 19:04:19',NULL,0),(803,NULL,0,'2012-09-14 19:05:28',NULL,0),(804,NULL,0,'2012-09-15 15:40:56',NULL,0),(805,NULL,0,'2012-09-15 15:42:09',NULL,0),(806,NULL,0,'2012-09-15 15:47:41',NULL,0),(807,NULL,0,'2012-09-17 20:51:28',NULL,0),(808,NULL,0,'2012-09-17 22:08:49',NULL,0),(809,NULL,0,'2012-09-18 08:36:04',NULL,0),(810,NULL,0,'2012-09-18 08:37:32',NULL,0),(811,NULL,0,'2012-09-18 20:06:19',NULL,0),(812,NULL,0,'2012-09-20 09:48:45',NULL,0),(813,NULL,0,'2012-09-21 10:01:02',NULL,0),(814,NULL,0,'2012-09-21 10:03:08',NULL,0),(815,NULL,0,'2012-09-21 10:05:34',NULL,0),(816,NULL,0,'2012-09-21 10:07:43',NULL,0),(817,NULL,0,'2012-09-21 11:31:02',NULL,0),(818,NULL,0,'2012-09-22 08:35:45',NULL,0),(819,NULL,0,'2012-09-22 08:36:42',NULL,0),(820,NULL,0,'2012-09-22 17:14:48',NULL,0),(821,NULL,0,'2012-09-23 15:45:22',NULL,0),(822,NULL,0,'2012-09-25 10:03:03',NULL,0),(823,NULL,0,'2012-09-25 10:04:05',NULL,0),(824,NULL,0,'2012-09-25 10:16:52',NULL,0),(825,NULL,0,'2012-09-25 10:17:32',NULL,0),(826,NULL,0,'2012-09-25 10:18:26',NULL,0),(827,NULL,0,'2012-09-25 16:15:37',NULL,0),(829,NULL,0,'2012-09-27 11:34:57',NULL,0),(830,NULL,0,'2012-09-28 10:02:12',NULL,0),(831,NULL,0,'2012-09-28 10:29:37',NULL,0),(832,NULL,0,'2012-09-28 18:09:50',NULL,0),(833,NULL,0,'2012-09-28 18:10:14',NULL,0),(834,NULL,0,'2012-09-28 18:14:27',NULL,0),(835,NULL,0,'2012-09-29 13:53:56',NULL,0),(836,NULL,0,'2012-10-01 14:15:14',NULL,0),(837,NULL,0,'2012-10-01 16:38:15',NULL,0),(838,NULL,0,'2012-10-01 16:40:40',NULL,0),(839,NULL,0,'2012-10-01 20:39:54',NULL,0),(840,NULL,0,'2012-10-02 18:47:33',NULL,0),(841,NULL,0,'2012-10-02 18:58:08',NULL,0),(842,NULL,0,'2012-10-03 10:07:45',NULL,0),(843,NULL,0,'2012-10-03 23:13:04',NULL,0),(844,NULL,0,'2012-10-04 11:05:33',NULL,0),(845,NULL,0,'2012-10-05 13:05:47',NULL,0),(846,NULL,0,'2012-10-06 02:09:10',NULL,0),(847,NULL,0,'2012-10-09 19:27:48',NULL,0),(848,NULL,0,'2012-10-12 08:44:46',NULL,0),(851,NULL,0,'2012-10-12 08:59:34',NULL,0),(852,NULL,0,'2012-10-12 09:00:49',NULL,0),(853,NULL,0,'2012-10-12 09:10:01',NULL,0),(854,NULL,0,'2012-10-12 09:12:10',NULL,0),(855,NULL,0,'2012-10-12 09:19:29',NULL,0),(856,NULL,0,'2012-10-12 09:20:50',NULL,0),(857,NULL,0,'2012-10-12 09:21:37',NULL,0),(858,NULL,0,'2012-10-12 09:23:34',NULL,0),(859,NULL,0,'2012-10-12 09:24:29',NULL,0),(860,NULL,0,'2012-10-12 09:49:25',NULL,0),(861,NULL,0,'2012-10-12 09:50:16',NULL,0),(862,NULL,0,'2012-10-12 09:51:10',NULL,0),(863,NULL,0,'2012-10-12 09:51:59',NULL,0),(864,NULL,0,'2012-10-12 09:52:49',NULL,0),(865,NULL,0,'2012-10-12 10:27:32',NULL,0),(866,NULL,0,'2012-10-12 10:28:53',NULL,0),(867,NULL,0,'2012-10-12 10:29:58',NULL,0),(868,NULL,0,'2012-10-12 10:31:14',NULL,0),(1127,NULL,0,'2013-04-15 00:28:31',NULL,0),(870,NULL,0,'2012-10-12 10:40:27',NULL,0),(871,NULL,0,'2012-10-12 10:41:32',NULL,0),(872,NULL,0,'2012-10-12 10:42:45',NULL,0),(873,NULL,0,'2012-10-12 10:43:45',NULL,0),(874,NULL,0,'2012-10-12 10:44:59',NULL,0),(875,NULL,0,'2012-10-12 10:46:15',NULL,0),(876,NULL,0,'2012-10-12 10:47:14',NULL,0),(877,NULL,0,'2012-10-12 10:48:45',NULL,0),(878,NULL,0,'2012-10-12 10:50:05',NULL,0),(879,NULL,0,'2012-10-12 11:17:43',NULL,0),(880,NULL,0,'2012-10-12 11:18:38',NULL,0),(881,NULL,0,'2012-10-12 12:40:04',NULL,0),(882,NULL,0,'2012-10-12 15:24:20',NULL,0),(883,NULL,0,'2012-10-12 15:25:10',NULL,0),(884,NULL,0,'2012-10-13 13:10:26',NULL,0),(885,NULL,0,'2012-10-14 21:53:48',NULL,0),(886,NULL,0,'2012-10-15 16:28:12',NULL,0),(887,NULL,0,'2012-10-15 17:24:21',NULL,0),(889,NULL,0,'2012-10-17 07:22:25',NULL,0),(890,NULL,0,'2012-10-19 12:12:20',NULL,0),(891,NULL,0,'2012-10-19 12:16:03',NULL,0),(892,NULL,0,'2012-10-19 12:20:57',NULL,0),(893,NULL,0,'2012-10-19 12:28:44',NULL,0),(894,NULL,0,'2012-10-19 12:31:48',NULL,0),(895,NULL,0,'2012-10-19 12:34:14',NULL,0),(896,NULL,0,'2012-10-19 12:36:15',NULL,0),(897,NULL,0,'2012-10-19 15:34:13',NULL,0),(898,NULL,0,'2012-10-20 14:13:21',NULL,0),(899,NULL,0,'2012-10-22 10:35:18',NULL,0),(900,NULL,0,'2012-10-22 10:35:33',NULL,0),(901,NULL,0,'2012-10-22 10:35:38',NULL,0),(902,NULL,0,'2012-10-22 10:35:42',NULL,0),(903,NULL,0,'2012-10-22 11:29:35',NULL,0),(904,NULL,0,'2012-10-22 11:30:54',NULL,0),(905,NULL,0,'2012-10-22 11:31:53',NULL,0),(906,NULL,0,'2012-10-22 11:32:34',NULL,0),(907,NULL,0,'2012-10-22 11:33:21',NULL,0),(908,NULL,0,'2012-10-22 11:34:12',NULL,0),(909,NULL,0,'2012-10-22 11:35:22',NULL,0),(910,NULL,0,'2012-10-22 11:36:15',NULL,0),(911,NULL,0,'2012-10-22 11:37:47',NULL,0),(912,NULL,0,'2012-10-22 11:39:00',NULL,0),(913,NULL,0,'2012-10-22 11:39:43',NULL,0),(914,NULL,0,'2012-10-22 11:40:52',NULL,0),(915,NULL,0,'2012-10-22 11:41:51',NULL,0),(916,NULL,0,'2012-10-22 13:47:16',NULL,0),(918,NULL,0,'2012-10-23 14:12:02',NULL,0),(919,NULL,0,'2012-10-23 16:58:15',NULL,0),(920,NULL,0,'2012-10-24 17:02:34',NULL,0),(921,NULL,0,'2012-10-26 13:28:43',NULL,0),(922,NULL,0,'2012-10-29 12:12:52',NULL,0),(923,NULL,0,'2012-10-29 12:15:02',NULL,0),(924,NULL,0,'2012-10-29 14:38:32',NULL,0),(925,NULL,0,'2012-10-30 14:18:19',NULL,0),(926,NULL,0,'2012-10-30 14:57:11',NULL,0),(927,NULL,0,'2012-10-31 13:31:26',NULL,0),(928,NULL,0,'2012-11-02 17:48:55',NULL,0),(929,NULL,0,'2012-11-07 12:28:58',NULL,0),(930,NULL,0,'2012-11-08 17:23:21',NULL,0),(931,NULL,0,'2012-11-09 15:31:59',NULL,0),(932,NULL,0,'2012-11-13 11:07:08',NULL,0),(933,NULL,0,'2012-11-13 11:08:22',NULL,0),(934,NULL,0,'2012-11-13 11:55:32',NULL,0),(935,NULL,0,'2012-11-14 15:25:12',NULL,0),(936,NULL,0,'2012-11-16 15:02:15',NULL,0),(937,NULL,0,'2012-11-19 17:30:58',NULL,0),(938,NULL,0,'2012-11-21 10:36:13',NULL,0),(940,NULL,0,'2012-11-23 13:46:44',NULL,0),(941,NULL,0,'2012-11-24 10:04:24',NULL,0),(942,NULL,0,'2012-11-24 11:07:11',NULL,0),(943,NULL,0,'2012-11-25 14:01:57',NULL,0),(944,NULL,0,'2012-11-26 11:36:35',NULL,0),(1008,NULL,0,'2012-12-09 08:50:04',NULL,0),(996,NULL,0,'2012-11-28 19:32:27',NULL,0),(1000,NULL,0,'2012-11-30 14:19:38',NULL,0),(1004,NULL,0,'2012-12-09 08:46:40',NULL,0),(986,NULL,0,'2012-11-28 14:14:20',NULL,0),(1003,NULL,0,'2012-12-09 08:45:51',NULL,0),(1007,NULL,0,'2012-12-09 08:49:10',NULL,0),(999,NULL,0,'2012-11-30 11:48:13',NULL,0),(1005,NULL,0,'2012-12-09 08:47:44',NULL,0),(997,NULL,0,'2012-11-28 19:33:31',NULL,0),(998,NULL,0,'2012-11-28 19:34:49',NULL,0),(1006,NULL,0,'2012-12-09 08:48:30',NULL,0),(995,NULL,0,'2012-11-28 19:31:32',NULL,0),(994,NULL,0,'2012-11-28 19:30:32',NULL,0),(993,NULL,0,'2012-11-28 19:28:50',NULL,0),(1001,NULL,0,'2012-11-30 18:17:53',NULL,0),(1002,NULL,0,'2012-12-03 15:58:16',NULL,0),(1128,NULL,0,'2013-04-15 09:36:16',NULL,0),(966,NULL,0,'2012-11-28 09:02:13',NULL,0),(967,NULL,0,'2012-11-28 10:14:43',NULL,0),(1009,NULL,0,'2012-12-09 08:50:41',NULL,0),(1010,NULL,0,'2012-12-09 08:51:28',NULL,0),(1011,NULL,0,'2012-12-09 08:52:22',NULL,0),(1012,NULL,0,'2012-12-09 08:53:14',NULL,0),(1013,NULL,0,'2012-12-09 08:54:10',NULL,0),(1032,NULL,0,'2012-12-24 11:18:57',NULL,0),(1016,NULL,0,'2012-12-12 08:39:47',NULL,0),(1017,NULL,0,'2012-12-12 08:41:01',NULL,0),(1019,NULL,0,'2012-12-12 13:17:57',NULL,0),(1021,NULL,0,'2012-12-12 18:51:03',NULL,0),(1022,NULL,0,'2012-12-17 17:54:53',NULL,0),(1025,NULL,0,'2012-12-17 22:12:14',NULL,0),(1026,NULL,0,'2012-12-18 11:21:49',NULL,0),(1027,NULL,0,'2012-12-18 16:42:10',NULL,0),(1028,NULL,0,'2012-12-18 18:03:27',NULL,0),(1029,NULL,0,'2012-12-20 14:50:57',NULL,0),(1030,NULL,0,'2012-12-20 16:38:32',NULL,0),(1031,NULL,0,'2012-12-21 16:04:27',NULL,0),(1033,NULL,0,'2012-12-28 20:22:56',NULL,0),(1034,NULL,0,'2013-01-03 15:11:35',NULL,0),(1035,NULL,0,'2013-01-03 18:45:39',NULL,0),(1036,NULL,0,'2013-01-07 20:34:39',NULL,0),(1037,NULL,0,'2013-01-09 16:07:57',NULL,0),(1039,NULL,0,'2013-01-11 16:18:41',NULL,0),(1040,NULL,0,'2013-01-12 18:33:45',NULL,0),(1042,NULL,0,'2013-01-14 11:17:18',NULL,0),(1043,NULL,0,'2013-01-14 11:46:35',NULL,0),(1044,NULL,0,'2013-01-14 11:47:31',NULL,0),(1048,NULL,0,'2013-01-18 15:27:33',NULL,0),(1049,NULL,0,'2013-01-22 08:35:43',NULL,0),(1050,NULL,0,'2013-01-22 13:00:42',NULL,0),(1051,NULL,0,'2013-01-26 19:49:17',NULL,0),(1052,NULL,0,'2013-01-27 18:57:26',NULL,0),(1053,NULL,0,'2013-01-28 09:34:04',NULL,0),(1054,NULL,0,'2013-01-28 13:58:03',NULL,0),(1055,NULL,0,'2013-01-31 11:00:31',NULL,0),(1056,NULL,0,'2013-02-01 23:05:39',NULL,0),(1057,NULL,0,'2013-02-04 13:16:13',NULL,0),(1058,NULL,0,'2013-02-05 14:35:57',NULL,0),(1059,NULL,0,'2013-02-05 14:39:32',NULL,0),(1061,NULL,0,'2013-02-06 22:32:47',NULL,0),(1065,NULL,0,'2013-02-07 13:21:23',NULL,0),(1066,NULL,0,'2013-02-10 15:21:59',NULL,0),(1068,NULL,0,'2013-02-15 18:14:44',NULL,0),(1069,NULL,0,'2013-02-19 10:07:44',NULL,0),(1070,NULL,0,'2013-02-24 22:26:22',NULL,0),(1072,NULL,0,'2013-02-25 12:47:23',NULL,0),(1073,NULL,0,'2013-02-25 17:23:52',NULL,0),(1074,NULL,0,'2013-02-26 18:07:54',NULL,0),(1075,NULL,0,'2013-02-26 18:08:34',NULL,0),(1076,NULL,0,'2013-02-26 18:09:29',NULL,0),(1077,NULL,0,'2013-03-02 10:06:39',NULL,0),(1078,NULL,0,'2013-03-03 09:58:41',NULL,0),(1079,NULL,0,'2013-03-03 14:25:39',NULL,0),(1080,NULL,0,'2013-03-06 15:58:04',NULL,0),(1081,NULL,0,'2013-03-06 15:58:49',NULL,0),(1082,NULL,0,'2013-03-06 15:59:37',NULL,0),(1083,NULL,0,'2013-03-06 16:00:39',NULL,0),(1084,NULL,0,'2013-03-06 16:01:30',NULL,0),(1085,NULL,0,'2013-03-06 16:02:08',NULL,0),(1086,NULL,0,'2013-03-08 13:50:49',NULL,0),(1087,NULL,0,'2013-03-09 11:09:03',NULL,0),(1088,NULL,0,'2013-03-09 11:12:36',NULL,0),(1089,NULL,0,'2013-03-10 08:40:10',NULL,0),(1090,NULL,0,'2013-03-10 08:41:04',NULL,0),(1091,NULL,0,'2013-03-11 11:46:06',NULL,0),(1092,NULL,0,'2013-03-11 12:35:00',NULL,0),(1093,NULL,0,'2013-03-12 16:45:52',NULL,0),(1094,NULL,0,'2013-03-15 15:34:49',NULL,0),(1095,NULL,0,'2013-03-19 11:51:59',NULL,0),(1096,NULL,0,'2013-03-21 09:40:12',NULL,0),(1097,NULL,0,'2013-03-21 09:41:08',NULL,0),(1098,NULL,0,'2013-03-21 09:42:21',NULL,0),(1099,NULL,0,'2013-03-22 07:51:50',NULL,0),(1100,NULL,0,'2013-03-23 09:38:56',NULL,0),(1101,NULL,0,'2013-03-23 09:39:43',NULL,0),(1102,NULL,0,'2013-03-23 09:49:35',NULL,0),(1103,NULL,0,'2013-03-26 09:51:37',NULL,0),(1104,NULL,0,'2013-03-26 17:59:57',NULL,0),(1105,NULL,0,'2013-03-29 08:04:15',NULL,0),(1106,NULL,0,'2013-03-29 08:14:49',NULL,0),(1107,NULL,0,'2013-03-29 08:24:00',NULL,0),(1108,NULL,0,'2013-03-29 10:46:53',NULL,0),(1109,NULL,0,'2013-04-01 11:43:53',NULL,0),(1110,NULL,0,'2013-04-01 12:46:07',NULL,0),(1111,NULL,0,'2013-04-01 12:47:55',NULL,0),(1112,NULL,0,'2013-04-03 23:12:07',NULL,0),(1113,NULL,0,'2013-04-04 12:44:39',NULL,0),(1114,NULL,0,'2013-04-05 15:18:59',NULL,0),(1115,NULL,0,'2013-04-08 10:02:46',NULL,0),(1116,NULL,0,'2013-04-08 12:53:38',NULL,0),(1117,NULL,0,'2013-04-08 12:54:27',NULL,0),(1118,NULL,0,'2013-04-08 12:55:28',NULL,0),(1119,NULL,0,'2013-04-08 12:56:16',NULL,0),(1120,NULL,0,'2013-04-08 12:57:03',NULL,0),(1121,NULL,0,'2013-04-08 12:57:51',NULL,0),(1122,NULL,0,'2013-04-08 12:58:44',NULL,0),(1123,NULL,0,'2013-04-08 18:12:39',NULL,0),(1124,NULL,0,'2013-04-08 18:19:25',NULL,0),(1125,NULL,0,'2013-04-12 16:49:13',NULL,0),(1126,NULL,0,'2013-04-12 17:16:43',NULL,0),(1129,NULL,0,'2013-04-15 09:39:59',NULL,0),(1130,NULL,0,'2013-04-15 09:42:29',NULL,0),(1131,NULL,0,'2013-04-16 07:29:14',NULL,0),(1132,NULL,0,'2013-04-17 07:20:57',NULL,0),(1133,NULL,0,'2013-04-20 20:32:46',NULL,0),(1134,NULL,0,'2013-04-22 07:31:33',NULL,0),(1135,NULL,0,'2013-04-23 17:38:31',NULL,0),(1136,NULL,0,'2013-04-23 19:24:07',NULL,0),(1137,NULL,0,'2013-04-23 19:25:01',NULL,0),(1138,NULL,0,'2013-04-23 19:25:50',NULL,0),(1139,NULL,0,'2013-04-23 19:26:31',NULL,0),(1140,NULL,0,'2013-04-23 19:27:17',NULL,0),(1141,NULL,0,'2013-04-23 19:28:05',NULL,0),(1142,NULL,0,'2013-04-23 19:28:45',NULL,0),(1143,NULL,0,'2013-04-23 19:29:29',NULL,0),(1144,NULL,0,'2013-04-23 19:30:09',NULL,0),(1145,NULL,0,'2013-04-23 19:30:45',NULL,0),(1146,NULL,0,'2013-04-23 19:31:37',NULL,0),(1147,NULL,0,'2013-04-23 19:32:32',NULL,0),(1148,NULL,0,'2013-04-23 19:33:11',NULL,0),(1149,NULL,0,'2013-04-23 19:36:29',NULL,0),(1150,NULL,0,'2013-04-23 19:49:36',NULL,0),(1151,NULL,0,'2013-04-24 11:01:17',NULL,0),(1152,NULL,0,'2013-04-24 11:25:23',NULL,0),(1153,NULL,0,'2013-04-24 14:28:44',NULL,0),(1154,NULL,0,'2013-04-24 15:44:15',NULL,0),(1156,NULL,0,'2013-04-25 00:13:22',NULL,0),(1157,NULL,0,'2013-04-25 00:22:17',NULL,0),(1158,NULL,0,'2013-04-25 00:24:19',NULL,0),(1159,NULL,0,'2013-04-25 10:34:21',NULL,0),(1160,NULL,0,'2013-04-25 10:50:07',NULL,0),(1161,NULL,0,'2013-04-25 10:55:20',NULL,0),(1162,NULL,0,'2013-04-25 11:00:31',NULL,0),(1163,NULL,0,'2013-04-25 11:03:12',NULL,0),(1164,NULL,0,'2013-04-25 11:05:35',NULL,0),(1165,NULL,0,'2013-04-25 11:08:49',NULL,0),(1166,NULL,0,'2013-04-25 11:16:27',NULL,0),(1167,NULL,0,'2013-04-25 11:23:31',NULL,0),(1168,NULL,0,'2013-04-25 11:26:22',NULL,0),(1169,NULL,0,'2013-04-25 11:30:11',NULL,0),(1170,NULL,0,'2013-04-25 11:32:47',NULL,0),(1171,NULL,0,'2013-04-25 11:34:49',NULL,0),(1172,NULL,0,'2013-04-25 11:36:58',NULL,0),(1173,NULL,0,'2013-04-25 11:37:38',NULL,0),(1174,NULL,0,'2013-04-25 11:38:18',NULL,0),(1175,NULL,0,'2013-04-25 11:39:07',NULL,0),(1176,NULL,0,'2013-04-25 11:39:46',NULL,0),(1177,NULL,0,'2013-04-25 11:40:52',NULL,0),(1178,NULL,0,'2013-04-25 11:42:10',NULL,0),(1179,NULL,0,'2013-04-25 11:45:11',NULL,0),(1180,NULL,0,'2013-04-25 11:46:22',NULL,0),(1181,NULL,0,'2013-04-25 11:47:16',NULL,0),(1182,NULL,0,'2013-04-25 17:04:40',NULL,0),(1183,NULL,0,'2013-04-26 08:30:04',NULL,0),(1184,NULL,0,'2013-04-26 14:44:20',NULL,0),(1185,NULL,0,'2013-04-27 16:12:08',NULL,0),(1186,NULL,0,'2013-05-03 08:23:52',NULL,0),(1188,NULL,0,'2013-05-03 11:14:38',NULL,0),(1189,NULL,0,'2013-05-03 12:31:11',NULL,0),(1190,NULL,0,'2013-05-03 21:35:59',NULL,0),(1191,NULL,0,'2013-05-03 21:37:10',NULL,0),(1192,NULL,0,'2013-05-05 15:20:27',NULL,0),(1193,NULL,0,'2013-05-05 15:56:56',NULL,0),(1194,NULL,0,'2013-05-07 19:04:50',NULL,0),(1195,NULL,0,'2013-05-09 01:47:32',NULL,0),(1196,NULL,0,'2013-05-09 23:19:23',NULL,0),(1197,NULL,0,'2013-05-09 23:31:16',NULL,0),(1198,NULL,0,'2013-05-10 09:22:23',NULL,0),(1199,NULL,0,'2013-05-10 09:24:10',NULL,0),(1200,NULL,0,'2013-05-10 23:17:02',NULL,0),(1201,NULL,0,'2013-05-13 17:30:37',NULL,0),(1202,NULL,0,'2013-05-14 19:13:59',NULL,0),(1203,NULL,0,'2013-05-15 23:49:50',NULL,0),(1204,NULL,0,'2013-05-16 13:47:58',NULL,0),(1205,NULL,0,'2013-05-16 14:48:07',NULL,0),(1206,NULL,0,'2013-05-16 16:10:21',NULL,0),(1207,NULL,0,'2013-05-20 15:25:12',NULL,0),(1208,NULL,0,'2013-05-21 06:52:04',NULL,0),(1209,NULL,0,'2013-05-23 08:27:07',NULL,0),(1210,NULL,0,'2013-05-24 12:33:15',NULL,0),(1211,NULL,0,'2013-05-24 12:41:30',NULL,0),(1212,NULL,0,'2013-05-24 12:42:19',NULL,0),(1213,NULL,0,'2013-05-24 18:14:26',NULL,0),(1214,NULL,0,'2013-05-28 15:23:29',NULL,0),(1215,NULL,0,'2013-05-30 15:37:56',NULL,0),(1216,NULL,0,'2013-06-03 14:38:51',NULL,0),(1217,NULL,0,'2013-06-03 14:39:37',NULL,0),(1218,NULL,0,'2013-06-03 14:40:20',NULL,0),(1219,NULL,0,'2013-06-03 14:41:12',NULL,0),(1220,NULL,0,'2013-06-03 14:59:00',NULL,0),(1221,NULL,0,'2013-06-03 19:04:40',NULL,0),(1223,NULL,0,'2013-06-06 19:22:50',NULL,0),(1224,NULL,0,'2013-06-06 19:24:04',NULL,0),(1225,NULL,0,'2013-06-08 17:49:01',NULL,0),(1226,NULL,0,'2013-06-09 08:49:43',NULL,0),(1227,NULL,0,'2013-06-09 08:51:01',NULL,0),(1228,NULL,0,'2013-06-10 12:15:50',NULL,0),(1229,NULL,0,'2013-06-10 12:41:29',NULL,0),(1230,NULL,0,'2013-06-12 09:26:39',NULL,0),(1231,NULL,0,'2013-06-12 09:27:42',NULL,0),(1232,NULL,0,'2013-06-12 09:28:26',NULL,0),(1233,NULL,0,'2013-06-12 09:29:12',NULL,0),(1234,NULL,0,'2013-06-12 09:29:57',NULL,0),(1235,NULL,0,'2013-06-12 09:30:42',NULL,0),(1236,NULL,0,'2013-06-12 09:32:30',NULL,0),(1237,NULL,0,'2013-06-12 09:33:26',NULL,0),(1238,NULL,0,'2013-06-12 10:00:39',NULL,0),(1239,NULL,0,'2013-06-12 10:02:01',NULL,0),(1240,NULL,0,'2013-06-12 10:02:50',NULL,0),(1241,NULL,0,'2013-06-12 10:03:34',NULL,0),(1242,NULL,0,'2013-06-12 10:05:30',NULL,0),(1243,NULL,0,'2013-06-12 13:24:24',NULL,0),(1244,NULL,0,'2013-06-12 13:25:28',NULL,0),(1245,NULL,0,'2013-06-14 10:30:38',NULL,0),(1246,NULL,0,'2013-06-14 15:30:25',NULL,0),(1247,NULL,0,'2013-06-14 15:31:23',NULL,0),(1248,NULL,0,'2013-06-14 15:32:33',NULL,0),(1249,NULL,0,'2013-06-15 15:20:57',NULL,0),(1250,NULL,0,'2013-06-18 16:56:41',NULL,0),(1251,NULL,0,'2013-06-18 17:02:16',NULL,0),(1252,NULL,0,'2013-06-19 08:00:02',NULL,0),(1253,NULL,0,'2013-06-19 08:06:56',NULL,0),(1254,NULL,0,'2013-06-19 08:20:20',NULL,0),(1255,NULL,0,'2013-06-19 14:19:31',NULL,0),(1256,NULL,0,'2013-06-21 14:56:01',NULL,0),(1257,NULL,0,'2013-06-22 09:09:06',NULL,0),(1258,NULL,0,'2013-06-22 16:05:06',NULL,0),(1259,NULL,0,'2013-06-23 20:55:52',NULL,0),(1260,NULL,0,'2013-06-25 07:37:11',NULL,0),(1261,NULL,0,'2013-06-26 11:38:12',NULL,0),(1262,NULL,0,'2013-06-26 16:47:36',NULL,0),(1263,NULL,0,'2013-06-26 16:54:43',NULL,0),(1264,NULL,0,'2013-06-27 08:41:24',NULL,0),(1265,NULL,0,'2013-06-27 11:35:31',NULL,0),(1266,NULL,0,'2013-06-28 13:00:50',NULL,0),(1267,NULL,0,'2013-06-28 13:01:27',NULL,0),(1268,NULL,0,'2013-06-28 13:02:17',NULL,0),(1269,NULL,0,'2013-07-01 20:53:45',NULL,0),(1270,NULL,0,'2013-07-04 10:53:30',NULL,0),(1271,NULL,0,'2013-07-04 11:00:42',NULL,0),(1272,NULL,0,'2013-07-04 12:28:39',NULL,0),(1273,NULL,0,'2013-07-04 14:30:56',NULL,0),(1274,NULL,0,'2013-07-04 17:16:02',NULL,0),(1275,NULL,0,'2013-07-04 17:19:39',NULL,0),(1276,NULL,0,'2013-07-05 11:44:04',NULL,0),(1277,NULL,0,'2013-07-05 15:47:28',NULL,0),(1278,NULL,0,'2013-07-05 15:51:24',NULL,0),(1279,NULL,0,'2013-07-05 15:53:49',NULL,0),(1280,NULL,0,'2013-08-23 02:27:43',NULL,0),(1281,NULL,0,'2013-08-23 17:35:49',NULL,0),(1764,NULL,0,'2013-09-12 16:21:27',NULL,0),(1763,NULL,0,'2013-09-12 15:58:19',NULL,0),(1762,NULL,0,'2013-09-12 15:58:19',NULL,0),(1759,NULL,0,'2013-09-12 15:46:21',NULL,0),(1758,NULL,0,'2013-09-12 15:46:21',NULL,0),(1765,NULL,0,'2013-09-12 16:21:27',NULL,0),(1766,NULL,0,'2013-09-12 16:23:29',NULL,0),(1767,NULL,0,'2013-09-12 16:23:29',NULL,0),(1768,NULL,0,'2013-09-12 16:26:40',NULL,0),(1769,NULL,0,'2013-09-12 16:26:40',NULL,0),(1770,NULL,0,'2013-09-18 07:07:40',NULL,0),(1771,NULL,0,'2013-09-18 07:11:44',NULL,0),(1830,NULL,0,'2013-10-30 16:02:15',NULL,0),(1774,NULL,0,'2013-10-15 06:52:58',NULL,0),(1775,NULL,0,'2013-10-15 06:52:58',NULL,0),(1776,NULL,0,'2013-10-15 07:20:57',NULL,0),(1777,NULL,0,'2013-10-15 07:45:54',NULL,0),(1778,NULL,0,'2013-10-15 08:08:24',NULL,0),(1783,NULL,0,'2013-10-21 05:30:17',NULL,0),(1784,NULL,0,'2013-10-21 05:32:26',NULL,0),(1785,NULL,0,'2013-10-21 05:33:43',NULL,0),(1786,NULL,0,'2013-10-21 05:36:33',NULL,0),(1787,NULL,0,'2013-10-21 05:38:45',NULL,0),(1788,NULL,0,'2013-10-21 05:42:12',NULL,0),(1789,NULL,0,'2013-10-21 05:44:54',NULL,0),(1790,NULL,0,'2013-10-21 05:50:51',NULL,0),(1791,NULL,0,'2013-10-21 05:55:21',NULL,0),(1792,NULL,0,'2013-10-21 05:59:29',NULL,0),(1793,NULL,0,'2013-10-21 06:05:46',NULL,0),(1794,NULL,0,'2013-10-21 06:21:53',NULL,0),(1795,NULL,0,'2013-10-21 06:25:39',NULL,0),(1800,NULL,0,'2013-10-21 06:48:50',NULL,0),(1801,NULL,0,'2013-10-21 07:03:54',NULL,0),(1802,NULL,0,'2013-10-22 00:17:30',NULL,0),(1803,NULL,0,'2013-10-22 00:34:07',NULL,0),(1804,NULL,0,'2013-10-22 00:36:45',NULL,0),(1805,NULL,0,'2013-10-23 04:43:37',NULL,0),(1806,NULL,0,'2013-10-23 04:45:10',NULL,0),(1807,NULL,0,'2013-10-23 05:24:14',NULL,0),(1808,NULL,0,'2013-10-23 05:33:42',NULL,0),(1809,NULL,0,'2013-10-23 06:41:17',NULL,0),(1831,NULL,0,'2013-10-31 08:07:29',NULL,0),(1811,NULL,0,'2013-10-25 23:55:54',NULL,0),(1821,NULL,0,'2013-10-26 06:42:23',NULL,0),(1822,NULL,0,'2013-10-26 07:24:24',NULL,0),(1823,NULL,0,'2013-10-26 07:26:00',NULL,0);

--
-- Table structure for table `downloadedpdfdata`
--

CREATE TABLE `downloadedpdfdata` (
  `id` int(11) NOT NULL AUTO_INCREMENT,
  `CustomerId` int(11) NOT NULL,
  `ImagePath` varchar(255) NOT NULL,
  `ImageContent` text,
  PRIMARY KEY (`id`)
) ENGINE=InnoDB AUTO_INCREMENT=13562 DEFAULT CHARSET=latin1;

--
-- Dumping data for table `downloadedpdfdata`
--












INSERT INTO `downloadedpdfdata` VALUES (13548,650,'65026chart.jpg','<p>Working at what this chart shows you have potential in&sbquo; especially when accompanied by drive and passion means you are living your life&rsquo;s purpose&sbquo; doing what you are designed to do. There is great strength in living your purpose&sbquo; and even greater potential can be realized when passion and drive accompany vocations where you show high potential.</p>\r\n<p>This chart identifies what your relative potential in a particular job is. It does not identify your skills&sbquo; it does not identify your passions&sbquo; likes and dislikes for a particular vocation; you already know what you like and dislike and what you are skilled at. What you did not know is where you have the most potential and what you did not know in this case&sbquo; is more important than what you did know.</p>\r\n<p>Potential zero&rsquo;s you in on where you will be a good fit. When you have identified a high potential vocation or career that you also have drive and passion for you then know you have a sustainable passion for that career. Conversely&sbquo; if you rank low in potential for an area&sbquo; but have skills and knowledge in that area&sbquo; generally speaking you will not be able to work in that field with the drive you would if you scored high in it. This does not mean that you would not be good at it&sbquo; especially if you have a passion for it; it just means that you might excel more in a vocation that is a more natural fit.</p>\r\n<p>For example; if you have a high potential score in accounting and administrative vocations but do not like that type of work&sbquo; it would not be a good choice for you regardless of how high you scored in it. If you have a low potential score in sales&sbquo; but you are highly successful and happy in what you do; a high potential score does not mean you should change; your passion may drive you to succeed.</p>\r\n<p>Potential speaks of something much more valuable than skills&sbquo; it identifies vocations and careers you can have a sustainable passion for&sbquo; something you will naturally do well. Learning new skills&sbquo; developing talents and exceeding in areas you both have potential and passion for will&sbquo; generally speaking&sbquo; be easier to achieve and provide you with sustainable drive and passion for the long term as well as significant chances for greater success.</p>'),(13549,650,'65028chart.jpg','<p>Working at what this chart shows you have potential in&sbquo; especially when accompanied by drive and passion means you are living your life&rsquo;s purpose&sbquo; doing what you are designed to do. There is great strength in living your purpose&sbquo; and even greater potential can be realized when passion and drive accompany vocations where you show high potential.</p>\r\n<p>This chart identifies what your relative potential in a particular job is. It does not identify your skills&sbquo; it does not identify your passions&sbquo; likes and dislikes for a particular vocation; you already know what you like and dislike and what you are skilled at. What you did not know is where you have the most potential and what you did not know in this case&sbquo; is more important than what you did know.</p>\r\n<p>Potential zero&rsquo;s you in on where you will be a good fit. When you have identified a high potential vocation or career that you also have drive and passion for you then know you have a sustainable passion for that career. Conversely&sbquo; if you rank low in potential for an area&sbquo; but have skills and knowledge in that area&sbquo; generally speaking you will not be able to work in that field with the drive you would if you scored high in it. This does not mean that you would not be good at it&sbquo; especially if you have a passion for it; it just means that you might excel more in a vocation that is a more natural fit.</p>\r\n<p>For example; if you have a high potential score in accounting and administrative vocations but do not like that type of work&sbquo; it would not be a good choice for you regardless of how high you scored in it. If you have a low potential score in sales&sbquo; but you are highly successful and happy in what you do; a high potential score does not mean you should change; your passion may drive you to succeed.</p>\r\n<p>Potential speaks of something much more valuable than skills&sbquo; it identifies vocations and careers you can have a sustainable passion for&sbquo; something you will naturally do well. Learning new skills&sbquo; developing talents and exceeding in areas you both have potential and passion for will&sbquo; generally speaking&sbquo; be easier to achieve and provide you with sustainable drive and passion for the long term as well as significant chances for greater success.</p>'),(13550,650,'65033chart.jpg','<p>Working at what this chart shows you have potential in&sbquo; especially when accompanied by drive and passion means you are living your life&rsquo;s purpose&sbquo; doing what you are designed to do. There is great strength in living your purpose&sbquo; and even greater potential can be realized when passion and drive accompany vocations where you show high potential.</p>\r\n<p>This chart identifies what your relative potential in a particular job is. It does not identify your skills&sbquo; it does not identify your passions&sbquo; likes and dislikes for a particular vocation; you already know what you like and dislike and what you are skilled at. What you did not know is where you have the most potential and what you did not know in this case&sbquo; is more important than what you did know.</p>\r\n<p>Potential zero&rsquo;s you in on where you will be a good fit. When you have identified a high potential vocation or career that you also have drive and passion for you then know you have a sustainable passion for that career.</p>\r\n<p>Conversely&sbquo; if you rank low in potential for an area&sbquo; but have skills and knowledge in that area&sbquo; generally speaking you will not be able to work in that field with the drive you would if you scored high in it. This does not mean that you would not be good at it&sbquo; especially if you have a passion for it; it just means that you might excel more in a vocation that is a more natural fit.</p>\r\n<p>For example; if you have a high potential score in accounting and administrative vocations but do not like that type of work&sbquo; it would not be a good choice for you regardless of how high you scored in it. If you have a low potential score in sales&sbquo; but you are highly successful and happy in what you do; a high potential score does not mean you should change; your passion may drive you to succeed.</p>\r\n<p>Potential speaks of something much more valuable than skills&sbquo; it identifies vocations and careers you can have a sustainable passion for&sbquo; something you will naturally do well. Learning new skills&sbquo; developing talents and exceeding in areas you both have potential and passion for will&sbquo; generally speaking&sbquo; be easier to achieve and provide you with sustainable drive and passion for the long term as well as significant chances for greater success.</p>'),(13551,650,'65031chart.jpg','<p>Working at what this chart shows you have potential in&sbquo; especially when accompanied by drive and passion means you are living your life&rsquo;s purpose&sbquo; doing what you are designed to do. There is great strength in living your purpose&sbquo; and even greater potential can be realized when passion and drive accompany vocations where you show high potential.</p>\r\n<p>This chart identifies what your relative potential in a particular job is. It does not identify your skills&sbquo; it does not identify your passions&sbquo; likes and dislikes for a particular vocation; you already know what you like and dislike and what you are skilled at. What you did not know is where you have the most potential and what you did not know in this case&sbquo; is more important than what you did know.</p>\r\n<p>Potential zero&rsquo;s you in on where you will be a good fit. When you have identified a high potential vocation or career that you also have drive and passion for you then know you have a sustainable passion for that career.</p>\r\n<p>Conversely&sbquo; if you rank low in potential for an area&sbquo; but have skills and knowledge in that area&sbquo; generally speaking you will not be able to work in that field with the drive you would if you scored high in it. This does not mean that you would not be good at it&sbquo; especially if you have a passion for it; it just means that you might excel more in a vocation that is a more natural fit.</p>\r\n<p>For example; if you have a high potential score in accounting and administrative vocations but do not like that type of work&sbquo; it would not be a good choice for you regardless of how high you scored in it. If you have a low potential score in sales&sbquo; but you are highly successful and happy in what you do; a high potential score does not mean you should change; your passion may drive you to succeed.</p>\r\n<p>Potential speaks of something much more valuable than skills&sbquo; it identifies vocations and careers you can have a sustainable passion for&sbquo; something you will naturally do well. Learning new skills&sbquo; developing talents and exceeding in areas you both have potential and passion for will&sbquo; generally speaking&sbquo; be easier to achieve and provide you with sustainable drive and passion for the long term as well as significant chances for greater success.</p>'),(13552,650,'650146chart.jpg','<div>\r\n<h3>Types of Enlisted Personnel</h3>\r\n</div>\r\n<p>The following are examples of types of occupations for enlisted personnel:</p>\r\n<p><em><strong>Administrative personnel</strong></em>&nbsp;work in a variety of jobs. The military must keep accurate information for planning and managing its operations. Both paper and electronic records are kept on personnel and on equipment&sbquo; funds&sbquo; and all other aspects of the military. Administrative personnel record information&sbquo; prepare reports&sbquo; and maintain files. They may work in a specialized area&sbquo; such as finance&sbquo; accounting&sbquo; legal affairs&sbquo; maintenance&sbquo; supply&sbquo; or transportation.</p>\r\n<p><em><strong>Combat specialty personnel</strong></em>&nbsp;work in specialty occupations&sbquo; such as infantry&sbquo; artillery&sbquo; and Special Forces. People in these occupations normally specialize by type of weapon system or combat operation. Examples include infantry specialists who conduct ground combat operations&sbquo; tank crews who operate battle tanks&sbquo; or seamanship specialists who are responsible for operating and maintaining ships. Combat specialty personnel may maneuver against enemy forces and positions and fire artillery&sbquo; guns&sbquo; mortars&sbquo; or missiles to destroy enemy positions. They may also operate various types of combat vehicles&sbquo; such as amphibious assault vehicles&sbquo; tanks&sbquo; or small boats&sbquo; in combat missions. Especially difficult or specialized missions are performed by elite Special Operations teams&sbquo; who are constantly ready to respond anywhere in the world on a moment&rsquo;s notice.</p>\r\n<p><em><strong>Construction personnel</strong></em>&nbsp;in the military build or repair buildings&sbquo; airfields&sbquo; bridges&sbquo; and other structures. They may also operate heavy equipment&sbquo; such as bulldozers&sbquo; tractors&sbquo; or cranes. They work with engineers and other building specialists as part of military construction teams. Some personnel specialize in areas such as plumbing&sbquo; electrical wiring&sbquo; or water purification.</p>\r\n<p><em><strong>Electronic and electrical equipment repair personnel</strong></em>&nbsp;maintain and repair electronic equipment used in the military. Repairers normally specialize by general area&sbquo; such as aircraft electrical systems&sbquo; computers&sbquo; optical equipment&sbquo; communications&sbquo; or weapons systems. For example&sbquo; weapons electronic maintenance technicians maintain and repair electronic components and systems that help locate targets and help aim and fire weapons.</p>\r\n<p><em><strong>Engineering&sbquo; science&sbquo; and technical personnel</strong></em>&nbsp;in the military use specialized knowledge to perform a variety of tasks. They operate technical equipment&sbquo; solve complex problems&sbquo; or provide and interpret information. They typically specialize in one area&sbquo; such as information technology&sbquo; environmental health and safety&sbquo; or intelligence.</p>\r\n<ul>\r\n<li><em>Information technology specialists</em>&nbsp;develop software programs and operate computer systems.</li>\r\n<li><em>Environmental health and safety specialists</em>&nbsp;inspect military facilities and food supplies to ensure that they are safe for use.</li>\r\n<li><em>Intelligence specialists</em>&nbsp;gather and study information needed by the military and prepare reports on this information.</li>\r\n</ul>\r\n<p><em><strong>Healthcare personnel</strong></em>&nbsp;help medical professionals provide medical services for men and women in the military. They may work as part of a patient-service team in close contact with doctors&sbquo; nurses&sbquo; or other healthcare professionals. Some specialize in providing emergency medical treatment in combat or remote areas where medical care is unavailable. Others specialize in laboratory testing of tissue and blood samples; maintaining pharmacy supplies or patients&rsquo; records; assisting with dental procedures; operating diagnostic tools&sbquo; such as x-ray and ultrasound machines; or other healthcare tasks.</p>\r\n<p><em><strong>Human resources development personnel</strong></em>&nbsp;recruit qualified people into the military&sbquo; place them in suitable occupations&sbquo; and provide training programs. These specialists usually focus on a particular duty.&nbsp;</p>\r\n<ul>\r\n<li><em>Recruiting specialists</em>&nbsp;provide information about military careers to young people&sbquo; parents&sbquo; schools&sbquo; and local communities&sbquo; and explain the Armed Services&rsquo; employment and training opportunities&sbquo; pay and benefits&sbquo; and service life.</li>\r\n<li><em>Personnel specialists</em>&nbsp;collect and store information about military personnel&sbquo; including information on their previous and current training&sbquo; job assignments&sbquo; promotions&sbquo; and health.</li>\r\n<li><em>Training specialists</em>&nbsp;and instructors teach classes and instruct military personnel on how to perform their jobs.</li>\r\n</ul>\r\n<p><em><strong>Machine operator and production personnel</strong></em>&nbsp;operate industrial equipment and machinery to fabricate and repair parts for a variety of items and structures. They may operate engines&sbquo; nuclear reactors&sbquo; or water pumps. Often&sbquo; they specialize by the type of work performed. Welders and metalworkers&sbquo; for example&sbquo; work with various types of metals to repair or form the structural parts of ships&sbquo; buildings&sbquo; or other equipment. Survival equipment specialists inspect&sbquo; maintain&sbquo; and repair survival equipment&sbquo; such as parachutes and aircraft life support equipment.</p>\r\n<p><em><strong>Media and public affairs personnel</strong></em>&nbsp;help present military information and events to the public. They take photographs&sbquo; make video programs&sbquo; present news and music programs&sbquo; or produce artwork and other visual displays. Other public affairs specialists act as interpreters and translators to convert foreign languages into English or other languages.</p>\r\n<p><em><strong>Protective service personnel</strong></em>&nbsp;enforce military laws and regulations and provide emergency responses to disasters.</p>\r\n<ul>\r\n<li><em>Military police</em>&nbsp;responsibilities include controlling traffic&sbquo; preventing crime&sbquo; and responding to emergencies.</li>\r\n<li><em>Other law enforcement and security specialists</em>&nbsp;investigate crimes committed on military property and guard inmates in military correctional facilities.</li>\r\n<li><em>Firefighters</em>&nbsp;extinguish and prevent fires in buildings&sbquo; on aircraft&sbquo; and aboard ships.</li>\r\n</ul>\r\n<p><em><strong>Support service personnel</strong></em>&nbsp;provide subsistence services and support the morale and well-being of military personnel and their families. Food service specialists prepare all types of food in dining halls&sbquo; hospitals&sbquo; and ships. Religious program specialists assist chaplains with religious services&sbquo; religious education programs&sbquo; and related administrative duties.</p>\r\n<p><em><strong>Transportation and material-handling personnel</strong></em>&nbsp;ensure the safe transport of people and cargo. Most personnel within this occupational group are classified according to mode of transportation&sbquo; such as aircraft&sbquo; motor vehicle&sbquo; or ship.</p>\r\n<ul>\r\n<li><em>Aircrew members</em>&nbsp;operate equipment on aircraft.</li>\r\n<li><em>Vehicle drivers</em>&nbsp;operate all types of heavy military vehicles&sbquo; including fuel or water tank trucks&sbquo; and passenger buses.</li>\r\n<li><em>Quartermasters and boat operators</em>&nbsp;navigate and pilot many types of small watercraft&sbquo; including tugboats&sbquo; gunboats&sbquo; and barges.</li>\r\n<li><em>Cargo specialists</em>&nbsp;load and unload military supplies using equipment such as forklifts and cranes.</li>\r\n</ul>\r\n<p><em><strong>Vehicle and machinery mechanical personnel</strong></em>&nbsp;conduct preventive and corrective maintenance on aircraft&sbquo; automotive and heavy equipment&sbquo; and powerhouse station equipment. These workers typically specialize by the type of equipment that they maintain.</p>\r\n<ul>\r\n<li><em>Aircraft mechanics</em>&nbsp;inspect and service various types of aircraft.</li>\r\n<li><em>Automotive and heavy equipment mechanics</em>&nbsp;maintain and repair vehicles&sbquo; such as Humvees&sbquo; trucks&sbquo; tanks&sbquo; and other combat vehicles. They also repair bulldozers and other construction equipment.</li>\r\n<li><em>Heating and cooling mechanics</em>&nbsp;install and repair air-conditioning&sbquo; refrigeration&sbquo; and heating equipment.</li>\r\n<li><em>Marine engine mechanics</em>&nbsp;repair and maintain engines on ships&sbquo; boats&sbquo; and other watercraft. They also repair shipboard mechanical and electrical equipment.</li>\r\n<li><em>Powerhouse mechanics</em>&nbsp;install&sbquo; maintain&sbquo; and repair electrical and mechanical equipment in power-generating stations.</li>\r\n</ul>'),(13553,650,'65037chart.jpg','<p>Working at what this chart shows you have potential in&sbquo; especially when accompanied by drive and passion means you are living your life&rsquo;s purpose&sbquo; doing what you are designed to do. There is great strength in living your purpose&sbquo; and even greater potential can be realized when passion and drive accompany vocations where you show high potential.</p>\r\n<p>This chart identifies what your relative potential in a particular job is. It does not identify your skills&sbquo; it does not identify your passions&sbquo; likes and dislikes for a particular vocation; you already know what you like and dislike and what you are skilled at. What you did not know is where you have the most potential and what you did not know in this case&sbquo; is more important than what you did know.</p>\r\n<p>Potential zero&rsquo;s you in on where you will be a good fit. When you have identified a high potential vocation or career that you also have drive and passion for you then know you have a sustainable passion for that career.</p>\r\n<p>Conversely&sbquo; if you rank low in potential for an area&sbquo; but have skills and knowledge in that area&sbquo; generally speaking you will not be able to work in that field with the drive you would if you scored high in it. This does not mean that you would not be good at it&sbquo; especially if you have a passion for it; it just means that you might excel more in a vocation that is a more natural fit.</p>\r\n<p>For example; if you have a high potential score in accounting and administrative vocations but do not like that type of work&sbquo; it would not be a good choice for you regardless of how high you scored in it. If you have a low potential score in sales&sbquo; but you are highly successful and happy in what you do; a high potential score does not mean you should change; your passion may drive you to succeed.</p>\r\n<p>Potential speaks of something much more valuable than skills&sbquo; it identifies vocations and careers you can have a sustainable passion for&sbquo; something you will naturally do well. Learning new skills&sbquo; developing talents and exceeding in areas you both have potential and passion for will&sbquo; generally speaking&sbquo; be easier to achieve and provide you with sustainable drive and passion for the long term as well as significant chances for greater success.</p>'),(13554,650,'65039chart.jpg','<p>Working at what this chart shows you have potential in&sbquo; especially when accompanied by drive and passion means you are living your life&rsquo;s purpose&sbquo; doing what you are designed to do. There is great strength in living your purpose&sbquo; and even greater potential can be realized when passion and drive accompany vocations where you show high potential.</p>\r\n<p>This chart identifies what your relative potential in a particular job is. It does not identify your skills&sbquo; it does not identify your passions&sbquo; likes and dislikes for a particular vocation; you already know what you like and dislike and what you are skilled at. What you did not know is where you have the most potential and what you did not know in this case&sbquo; is more important than what you did know.</p>\r\n<p>Potential zero&rsquo;s you in on where you will be a good fit. When you have identified a high potential vocation or career that you also have drive and passion for you then know you have a sustainable passion for that career.</p>\r\n<p>Conversely&sbquo; if you rank low in potential for an area&sbquo; but have skills and knowledge in that area&sbquo; generally speaking you will not be able to work in that field with the drive you would if you scored high in it. This does not mean that you would not be good at it&sbquo; especially if you have a passion for it; it just means that you might excel more in a vocation that is a more natural fit.</p>\r\n<p>For example; if you have a high potential score in accounting and administrative vocations but do not like that type of work&sbquo; it would not be a good choice for you regardless of how high you scored in it. If you have a low potential score in sales&sbquo; but you are highly successful and happy in what you do; a high potential score does not mean you should change; your passion may drive you to succeed.</p>\r\n<p>Potential speaks of something much more valuable than skills&sbquo; it identifies vocations and careers you can have a sustainable passion for&sbquo; something you will naturally do well. Learning new skills&sbquo; developing talents and exceeding in areas you both have potential and passion for will&sbquo; generally speaking&sbquo; be easier to achieve and provide you with sustainable drive and passion for the long term as well as significant chances for greater success.</p>'),(13555,650,'650106chart.jpg','<p>The scores you receive are relative to each other. It is not an indicator of the grades you will receive but an indicator of the potential one has to do well in a Degree&sbquo; Certificate or Trade School program.</p>'),(13556,650,'650100chart.jpg','<p>The scores you receive are relative to each other. It is not an indicator of the grades you will receive but an indicator of the potential one has to do well in a Degree&sbquo; Certificate or Trade School program.</p>'),(13557,650,'65098chart.jpg','<p>The scores you receive are relative to each other. It is not an indicator of the grades you will receive but an indicator of the potential one has to do well in a Degree&sbquo; Certificate or Trade School program.</p>'),(13558,650,'650101chart.jpg','<p>The scores you receive are relative to each other. It is not an indicator of the grades you will receive but an indicator of the potential one has to do well in a Degree&sbquo; Certificate or Trade School program.</p>'),(13559,650,'650102chart.jpg','<p>The scores you receive are relative to each other. It is not an indicator of the grades you will receive but an indicator of the potential one has to do well in a Degree&sbquo; Certificate or Trade School program.</p>'),(13560,650,'650107chart.jpg','<p>The scores you receive are relative to each other. It is not an indicator of the grades you will receive but an indicator of the potential one has to do well in a Degree&sbquo; Certificate or Trade School program.</p>'),(13561,650,'650122chart.jpg','<p>The scores you receive are relative to each other. It is not an indicator of the grades you will receive but an indicator of the potential one has to do well in a Degree&sbquo; Certificate or Trade School program.</p>\r\n<p>The 1990 Perkins Act defines vocational education as \"organized educational programs offering a sequence of courses which are directly related to the preparation of individuals in paid or unpaid employment in current or emerging occupations requiring other than a baccalaureate or advanced degree.\"</p>');

--
-- Table structure for table `errorlog`
--

CREATE TABLE `errorlog` (
  `ErrorData` text
) ENGINE=InnoDB DEFAULT CHARSET=latin1;

--
-- Dumping data for table `errorlog`
--


--
-- Table structure for table `geo_zones`
--

CREATE TABLE `geo_zones` (
  `geo_zone_id` int(11) NOT NULL AUTO_INCREMENT,
  `geo_zone_name` varchar(32) NOT NULL,
  `geo_zone_description` varchar(255) NOT NULL,
  `last_modified` datetime DEFAULT NULL,
  `date_added` datetime NOT NULL,
  PRIMARY KEY (`geo_zone_id`)
) ENGINE=MyISAM AUTO_INCREMENT=2 DEFAULT CHARSET=latin1;

--
-- Dumping data for table `geo_zones`
--

INSERT INTO `geo_zones` VALUES (1,'Florida','Florida local sales tax zone',NULL,'2010-01-22 15:35:53');

--
-- Table structure for table `group_url`
--

CREATE TABLE `group_url` (
  `group_url_id` int(11) NOT NULL AUTO_INCREMENT,
  `group_id` int(5) NOT NULL,
  `group_url` varchar(500) NOT NULL,
  `group_report_id` int(11) NOT NULL,
  `group_url_order` int(5) NOT NULL,
  PRIMARY KEY (`group_url_id`)
) ENGINE=MyISAM AUTO_INCREMENT=14 DEFAULT CHARSET=latin1;

--
-- Dumping data for table `group_url`
--

INSERT INTO `group_url` VALUES (9,8,'http://www.lmpmaps.com/lmpdnlds/viewreportcoverpage.html',1,1),(11,8,'',3,2),(13,8,'',2,3);

--
-- Table structure for table `groups`
--

CREATE TABLE `groups` (
  `group_id` int(11) NOT NULL AUTO_INCREMENT,
  `group_name` varchar(400) NOT NULL,
  `group_status` enum('Active','Inactive') NOT NULL,
  `group_type` enum('Standard','Custom') NOT NULL,
  `group_timestamp` timestamp NOT NULL DEFAULT CURRENT_TIMESTAMP,
  `group_order` int(5) NOT NULL,
  PRIMARY KEY (`group_id`)
) ENGINE=MyISAM AUTO_INCREMENT=10 DEFAULT CHARSET=latin1;

--
-- Dumping data for table `groups`
--

INSERT INTO `groups` VALUES (1,'Life Purpose Reports','Active','Custom','2012-10-19 05:39:10',1),(2,'Personal Development','Active','Custom','2012-10-19 05:40:53',2),(3,'Career','Active','Custom','2012-10-19 05:41:26',3),(4,'College','Active','Custom','2012-10-19 05:41:59',4),(5,'Faith Based','Active','Custom','2012-10-19 05:42:23',5),(6,'Standard Personal Development','Active','Standard','2012-10-22 13:36:39',2),(7,'Standard Career','Active','Standard','2012-10-24 13:26:56',3),(8,'Standard Life Purpose Reports','Active','Standard','2012-11-02 16:39:49',1),(9,'Standard College','Active','Standard','2012-11-02 16:41:11',4);

--
-- Table structure for table `languages`
--

CREATE TABLE `languages` (
  `languages_id` int(11) NOT NULL AUTO_INCREMENT,
  `name` varchar(32) NOT NULL,
  `code` char(2) NOT NULL,
  `image` varchar(64) DEFAULT NULL,
  `directory` varchar(32) DEFAULT NULL,
  `sort_order` int(3) DEFAULT NULL,
  PRIMARY KEY (`languages_id`),
  KEY `IDX_LANGUAGES_NAME` (`name`)
) ENGINE=MyISAM AUTO_INCREMENT=2 DEFAULT CHARSET=latin1;

--
-- Dumping data for table `languages`
--

INSERT INTO `languages` VALUES (1,'English','en','icon.gif','english',1);

--
-- Table structure for table `log_activity`
--

CREATE TABLE `log_activity` (
  `log_id` int(11) NOT NULL AUTO_INCREMENT,
  `user_id` int(11) NOT NULL,
  `whom_companyid` int(11) NOT NULL,
  `activity` text NOT NULL,
  `datetime` datetime NOT NULL,
  PRIMARY KEY (`log_id`)
) ENGINE=MyISAM AUTO_INCREMENT=70 DEFAULT CHARSET=utf8;

--
-- Dumping data for table `log_activity`
--

INSERT INTO `log_activity` VALUES (9,502,3,'Update','2013-10-23 08:17:56'),(6,1621,3,'Insert','2013-10-23 06:41:17'),(5,1620,3,'Insert','2013-10-23 05:33:42'),(10,502,3,'Update','2013-10-23 08:21:23'),(8,502,3,'Update','2013-10-23 08:03:14'),(11,502,3,'Update','2013-10-23 08:24:10'),(12,502,3,'Update','2013-10-23 08:25:13'),(13,502,3,'Update','2013-10-23 08:27:20'),(14,502,3,'Update','2013-10-23 08:28:12'),(15,347,3,'Update','2013-10-23 08:29:22'),(16,347,3,'Update','2013-10-23 08:30:51'),(17,347,3,'Update','2013-10-23 08:31:42'),(18,347,3,'Update','2013-10-23 08:33:00'),(19,327,3,'Update','2013-10-23 08:35:22'),(20,467,3,'Update','2013-10-23 08:38:27'),(21,467,3,'Update','2013-10-23 08:38:51'),(22,467,3,'Update','2013-10-23 08:39:07'),(23,467,3,'Update','2013-10-23 08:40:02'),(24,467,3,'Update','2013-10-23 09:25:34'),(25,467,3,'Update','2013-10-23 09:25:46'),(26,756,3,'Update','2013-10-23 09:26:25'),(27,467,3,'Update','2013-10-24 00:19:50'),(28,327,3,'Update','2013-10-24 02:05:28'),(29,327,3,'Update','2013-10-24 02:08:50'),(30,1626,3,'Insert','2013-10-26 06:42:23'),(31,1627,3,'Insert','2013-10-26 07:24:24'),(32,1628,3,'Insert','2013-10-26 07:26:00'),(33,655,3,'Update','2013-10-28 10:01:19'),(34,668,3,'Update','2013-10-28 10:01:40'),(35,467,3,'Update','2013-10-28 10:03:28'),(36,648,3,'Update','2013-10-29 09:45:05'),(37,315,3,'Update','2013-10-31 00:52:10'),(38,315,3,'Update','2013-10-31 00:55:24'),(39,315,3,'Update','2013-10-31 00:56:24'),(40,1628,3,'Update','2013-10-31 01:01:53'),(41,1620,3,'Update','2013-10-31 01:07:13'),(42,1620,3,'Update','2013-10-31 01:12:35'),(43,315,3,'Update','2013-10-31 01:15:41'),(44,315,3,'Update','2013-10-31 01:15:57'),(45,315,3,'Update','2013-10-31 01:44:32'),(46,315,3,'Update','2013-10-31 01:45:35'),(47,315,3,'Update','2013-10-31 01:45:48'),(48,315,3,'Update','2013-10-31 01:45:57'),(49,1623,3,'Update','2013-10-31 07:33:17'),(50,1636,3,'Insert','2013-10-31 08:07:29'),(51,1636,3,'Update','2013-10-31 08:07:51'),(52,309,3,'Update','2013-10-31 10:21:55'),(53,729,3,'Update','2013-11-01 10:28:39'),(54,730,3,'Update','2013-11-01 10:29:24'),(55,746,3,'Update','2013-11-01 10:36:20'),(56,327,3,'Update','2013-11-01 16:39:07'),(57,1525,3,'Update','2013-11-02 11:22:13'),(58,1525,3,'Update','2013-11-11 09:12:38'),(59,1525,3,'Update','2013-11-11 09:13:17'),(60,1525,3,'Update','2013-11-11 09:14:43'),(61,1620,3,'Update','2013-11-12 04:22:01'),(62,1620,3,'Update','2013-11-12 04:33:09'),(63,1525,3,'Update','2013-11-12 08:45:41'),(64,315,3,'Update','2013-11-13 09:02:25'),(65,1525,3,'Update','2013-11-14 09:54:47'),(66,1620,0,'Update','2013-11-14 23:05:55'),(67,1620,0,'Update','2013-11-14 23:07:39'),(68,1620,0,'Update','2013-11-14 23:14:25'),(69,1636,3,'Update','2013-11-14 23:16:45');

--
-- Table structure for table `manufacturers`
--

CREATE TABLE `manufacturers` (
  `manufacturers_id` int(11) NOT NULL AUTO_INCREMENT,
  `manufacturers_name` varchar(32) NOT NULL,
  `manufacturers_image` varchar(64) DEFAULT NULL,
  `date_added` datetime DEFAULT NULL,
  `last_modified` datetime DEFAULT NULL,
  PRIMARY KEY (`manufacturers_id`),
  KEY `IDX_MANUFACTURERS_NAME` (`manufacturers_name`)
) ENGINE=MyISAM DEFAULT CHARSET=latin1;

--
-- Dumping data for table `manufacturers`
--


--
-- Table structure for table `manufacturers_info`
--

CREATE TABLE `manufacturers_info` (
  `manufacturers_id` int(11) NOT NULL,
  `languages_id` int(11) NOT NULL,
  `manufacturers_url` varchar(255) NOT NULL,
  `url_clicked` int(5) NOT NULL DEFAULT '0',
  `date_last_click` datetime DEFAULT NULL,
  PRIMARY KEY (`manufacturers_id`,`languages_id`)
) ENGINE=MyISAM DEFAULT CHARSET=latin1;

--
-- Dumping data for table `manufacturers_info`
--


--
-- Table structure for table `myteamco_note`
--

CREATE TABLE `myteamco_note` (
  `id` int(11) NOT NULL AUTO_INCREMENT,
  `department_id` int(11) NOT NULL,
  `role` varchar(200) NOT NULL,
  `sector` varchar(200) NOT NULL,
  `score` int(200) NOT NULL,
  `note` blob NOT NULL,
  PRIMARY KEY (`id`)
) ENGINE=MyISAM AUTO_INCREMENT=136 DEFAULT CHARSET=utf8;

--
-- Dumping data for table `myteamco_note`
--

INSERT INTO `myteamco_note` VALUES (117,22,'Entrepreneur','Business',3,'hi this is note for the student'),(116,22,'Entrepreneur','Business',3,'hi this is note for the student'),(115,22,'Entrepreneur','Business',3,'hi this is note for the student'),(114,33,'CPA ','Accounting / Finance',4,''),(110,22,'Entrepreneur','Business',3,'hi this is note for the student'),(109,22,'Entrepreneur','Business',3,'hi this is note for the student'),(107,22,'Entrepreneur','Business',3,''),(108,42,'Administrative Assistant','Administrative / Office',5,''),(113,22,'Entrepreneur','Business',3,'hi this is note for the student'),(112,22,'Entrepreneur','Business',3,'hi this is note for the student'),(111,22,'Entrepreneur','Business',3,'hi this is note for the student'),(118,22,'Entrepreneur','Business',3,'hi this is note for the student'),(119,22,'Entrepreneur','Business',3,'hi this is note for the student'),(120,22,'Entrepreneur','Business',3,'hi this is note for the student'),(121,165,'Small Business Owner','Business',5,'hi this is note for the student'),(122,22,'Entrepreneur','Business',3,'hi this is note for the student'),(123,22,'Entrepreneur','Business',3,'hi this is note for the student'),(124,22,'Entrepreneur','Business',3,'hi this is note for the student'),(125,22,'Entrepreneur','Business',3,'hi this is note for the student'),(126,22,'Entrepreneur','Business',3,'hi this is note for the student'),(127,22,'Entrepreneur','Business',3,'hi this is note for the student'),(128,22,'Entrepreneur','Business',3,'hi this is note for the student'),(129,22,'Entrepreneur','Business',3,'hi this is note for the student'),(130,22,'Entrepreneur','Business',3,'hi this is note for the student'),(131,22,'Entrepreneur','Business',3,'hi this is note for the student'),(132,165,'Small Business Owner','Business',5,'hi this is note for the student'),(133,22,'Entrepreneur','Business',3,'hi this is note for the student'),(134,22,'Entrepreneur','Business',3,'hi this is note for the student'),(135,22,'Entrepreneur','Business',3,'');

--
-- Table structure for table `newsletters`
--

CREATE TABLE `newsletters` (
  `newsletters_id` int(11) NOT NULL AUTO_INCREMENT,
  `title` varchar(255) NOT NULL,
  `content` text NOT NULL,
  `module` varchar(255) NOT NULL,
  `date_added` datetime NOT NULL,
  `date_sent` datetime DEFAULT NULL,
  `status` int(1) DEFAULT NULL,
  `locked` int(1) DEFAULT '0',
  PRIMARY KEY (`newsletters_id`)
) ENGINE=MyISAM DEFAULT CHARSET=latin1;

--
-- Dumping data for table `newsletters`
--


--
-- Table structure for table `orders_products`
--

CREATE TABLE `orders_products` (
  `orders_products_id` int(11) NOT NULL AUTO_INCREMENT,
  `orders_id` int(11) NOT NULL,
  `products_id` int(11) NOT NULL,
  `products_model` varchar(12) DEFAULT NULL,
  `products_name` varchar(64) NOT NULL,
  `products_price` decimal(15,4) NOT NULL,
  `final_price` decimal(15,4) NOT NULL,
  `products_tax` decimal(7,4) NOT NULL,
  `products_quantity` int(2) NOT NULL,
  PRIMARY KEY (`orders_products_id`),
  KEY `idx_orders_products_orders_id` (`orders_id`),
  KEY `idx_orders_products_products_id` (`products_id`)
) ENGINE=MyISAM AUTO_INCREMENT=2 DEFAULT CHARSET=latin1;

--
-- Dumping data for table `orders_products`
--

INSERT INTO `orders_products` VALUES (1,1,28,'','Identify Your Career Path',39.9500,39.9500,0.0000,1);

--
-- Table structure for table `orders_products_attributes`
--

CREATE TABLE `orders_products_attributes` (
  `orders_products_attributes_id` int(11) NOT NULL AUTO_INCREMENT,
  `orders_id` int(11) NOT NULL,
  `orders_products_id` int(11) NOT NULL,
  `products_options` varchar(32) NOT NULL,
  `products_options_values` varchar(32) NOT NULL,
  `options_values_price` decimal(15,4) NOT NULL,
  `price_prefix` char(1) NOT NULL,
  PRIMARY KEY (`orders_products_attributes_id`),
  KEY `idx_orders_products_att_orders_id` (`orders_id`)
) ENGINE=MyISAM DEFAULT CHARSET=latin1;

--
-- Dumping data for table `orders_products_attributes`
--


--
-- Table structure for table `orders_products_download`
--

CREATE TABLE `orders_products_download` (
  `orders_products_download_id` int(11) NOT NULL AUTO_INCREMENT,
  `orders_id` int(11) NOT NULL DEFAULT '0',
  `orders_products_id` int(11) NOT NULL DEFAULT '0',
  `orders_products_filename` varchar(255) NOT NULL DEFAULT '',
  `download_maxdays` int(2) NOT NULL DEFAULT '0',
  `download_count` int(2) NOT NULL DEFAULT '0',
  PRIMARY KEY (`orders_products_download_id`),
  KEY `idx_orders_products_download_orders_id` (`orders_id`)
) ENGINE=MyISAM DEFAULT CHARSET=latin1;

--
-- Dumping data for table `orders_products_download`
--


--
-- Table structure for table `orders_status`
--

CREATE TABLE `orders_status` (
  `orders_status_id` int(11) NOT NULL DEFAULT '0',
  `language_id` int(11) NOT NULL DEFAULT '1',
  `orders_status_name` varchar(32) NOT NULL,
  `public_flag` int(11) DEFAULT '1',
  `downloads_flag` int(11) DEFAULT '0',
  PRIMARY KEY (`orders_status_id`,`language_id`),
  KEY `idx_orders_status_name` (`orders_status_name`)
) ENGINE=MyISAM DEFAULT CHARSET=latin1;

--
-- Dumping data for table `orders_status`
--

INSERT INTO `orders_status` VALUES (1,1,'Pending',1,0),(2,1,'Processing',1,1),(3,1,'Delivered',1,1),(88888,1,'Canceled',1,0);

--
-- Table structure for table `orders_status_history`
--

CREATE TABLE `orders_status_history` (
  `orders_status_history_id` int(11) NOT NULL AUTO_INCREMENT,
  `orders_id` int(11) NOT NULL,
  `orders_status_id` int(5) NOT NULL,
  `date_added` datetime NOT NULL,
  `customer_notified` int(1) DEFAULT '0',
  `comments` text,
  PRIMARY KEY (`orders_status_history_id`),
  KEY `idx_orders_status_history_orders_id` (`orders_id`)
) ENGINE=MyISAM AUTO_INCREMENT=2 DEFAULT CHARSET=latin1;

--
-- Dumping data for table `orders_status_history`
--

INSERT INTO `orders_status_history` VALUES (1,1,1,'2010-01-28 14:37:14',1,'');

--
-- Table structure for table `orders_total`
--

CREATE TABLE `orders_total` (
  `orders_total_id` int(10) unsigned NOT NULL AUTO_INCREMENT,
  `orders_id` int(11) NOT NULL,
  `title` varchar(255) NOT NULL,
  `text` varchar(255) NOT NULL,
  `value` decimal(15,4) NOT NULL,
  `class` varchar(32) NOT NULL,
  `sort_order` int(11) NOT NULL,
  PRIMARY KEY (`orders_total_id`),
  KEY `idx_orders_total_orders_id` (`orders_id`)
) ENGINE=MyISAM AUTO_INCREMENT=4 DEFAULT CHARSET=latin1;

--
-- Dumping data for table `orders_total`
--

INSERT INTO `orders_total` VALUES (1,1,'Sub-Total:','$39.95',39.9500,'ot_subtotal',1),(2,1,'Flat Rate (Best Way):','$5.00',5.0000,'ot_shipping',2),(3,1,'Total:','<b>$44.95</b>',44.9500,'ot_total',4);

--
-- Table structure for table `products`
--

CREATE TABLE `products` (
  `products_id` int(11) NOT NULL AUTO_INCREMENT,
  `products_quantity` int(4) NOT NULL,
  `products_model` varchar(12) DEFAULT NULL,
  `products_image` varchar(64) DEFAULT NULL,
  `products_price` decimal(15,4) NOT NULL,
  `products_date_added` datetime NOT NULL,
  `products_last_modified` datetime DEFAULT NULL,
  `products_date_available` datetime DEFAULT NULL,
  `products_weight` decimal(5,2) NOT NULL,
  `products_status` tinyint(1) NOT NULL,
  `products_tax_class_id` int(11) NOT NULL,
  `manufacturers_id` int(11) DEFAULT NULL,
  `products_ordered` int(11) NOT NULL DEFAULT '0',
  PRIMARY KEY (`products_id`),
  KEY `idx_products_model` (`products_model`),
  KEY `idx_products_date_added` (`products_date_added`)
) ENGINE=MyISAM AUTO_INCREMENT=32 DEFAULT CHARSET=latin1;

--
-- Dumping data for table `products`
--

INSERT INTO `products` VALUES (28,999,'',NULL,39.9500,'2010-01-28 14:29:47','2010-01-28 14:41:31',NULL,0.00,1,0,0,1),(31,0,'',NULL,39.9500,'2010-01-28 14:42:56','2010-01-28 16:03:55',NULL,0.00,1,0,0,0);

--
-- Table structure for table `products_attributes`
--

CREATE TABLE `products_attributes` (
  `products_attributes_id` int(11) NOT NULL AUTO_INCREMENT,
  `products_id` int(11) NOT NULL,
  `options_id` int(11) NOT NULL,
  `options_values_id` int(11) NOT NULL,
  `options_values_price` decimal(15,4) NOT NULL,
  `price_prefix` char(1) NOT NULL,
  PRIMARY KEY (`products_attributes_id`),
  KEY `idx_products_attributes_products_id` (`products_id`)
) ENGINE=MyISAM DEFAULT CHARSET=latin1;

--
-- Dumping data for table `products_attributes`
--


--
-- Table structure for table `products_attributes_download`
--

CREATE TABLE `products_attributes_download` (
  `products_attributes_id` int(11) NOT NULL,
  `products_attributes_filename` varchar(255) NOT NULL DEFAULT '',
  `products_attributes_maxdays` int(2) DEFAULT '0',
  `products_attributes_maxcount` int(2) DEFAULT '0',
  PRIMARY KEY (`products_attributes_id`)
) ENGINE=MyISAM DEFAULT CHARSET=latin1;

--
-- Dumping data for table `products_attributes_download`
--

INSERT INTO `products_attributes_download` VALUES (26,'unreal.zip',7,3);

--
-- Table structure for table `products_description`
--

CREATE TABLE `products_description` (
  `products_id` int(11) NOT NULL AUTO_INCREMENT,
  `language_id` int(11) NOT NULL DEFAULT '1',
  `products_name` varchar(64) NOT NULL DEFAULT '',
  `products_description` text,
  `products_url` varchar(255) DEFAULT NULL,
  `products_viewed` int(5) DEFAULT '0',
  PRIMARY KEY (`products_id`,`language_id`),
  KEY `products_name` (`products_name`)
) ENGINE=MyISAM AUTO_INCREMENT=32 DEFAULT CHARSET=latin1;

--
-- Dumping data for table `products_description`
--

INSERT INTO `products_description` VALUES (28,1,'Find My Career','Find the career you were designed for. \r\n\r\nHow it works\r\n\r\nHow to start','',11),(31,1,'Find My College and My Major','75 Percent of all college graduates work in a field outside of their college major. Considering the cost of education today it makes since to spend a few dollars and some time getting your major right. <BR><BR>\r\n\r\nFind out how you are designed, understand what makes you tick and how you can capitalize on your greatest strengths while training for a career that suits you to a glove.<BR><BR>\r\n\r\nClick on buy now, register and begin a journey to a great future.<BR><BR>\r\n\r\nYour access information will be mailed to you immediately after payment.','',24);

--
-- Table structure for table `products_notifications`
--

CREATE TABLE `products_notifications` (
  `products_id` int(11) NOT NULL,
  `customers_id` int(11) NOT NULL,
  `date_added` datetime NOT NULL,
  PRIMARY KEY (`products_id`,`customers_id`)
) ENGINE=MyISAM DEFAULT CHARSET=latin1;

--
-- Dumping data for table `products_notifications`
--


--
-- Table structure for table `products_options`
--

CREATE TABLE `products_options` (
  `products_options_id` int(11) NOT NULL DEFAULT '0',
  `language_id` int(11) NOT NULL DEFAULT '1',
  `products_options_name` varchar(32) NOT NULL DEFAULT '',
  PRIMARY KEY (`products_options_id`,`language_id`)
) ENGINE=MyISAM DEFAULT CHARSET=latin1;

--
-- Dumping data for table `products_options`
--

INSERT INTO `products_options` VALUES (1,1,'Color'),(2,1,'Size'),(3,1,'Model'),(4,1,'Memory'),(5,1,'Version');

--
-- Table structure for table `products_options_values`
--

CREATE TABLE `products_options_values` (
  `products_options_values_id` int(11) NOT NULL DEFAULT '0',
  `language_id` int(11) NOT NULL DEFAULT '1',
  `products_options_values_name` varchar(64) NOT NULL DEFAULT '',
  PRIMARY KEY (`products_options_values_id`,`language_id`)
) ENGINE=MyISAM DEFAULT CHARSET=latin1;

--
-- Dumping data for table `products_options_values`
--

INSERT INTO `products_options_values` VALUES (1,1,'4 mb'),(2,1,'8 mb'),(3,1,'16 mb'),(4,1,'32 mb'),(5,1,'Value'),(6,1,'Premium'),(7,1,'Deluxe'),(8,1,'PS/2'),(9,1,'USB'),(10,1,'Download: Windows - English'),(13,1,'Box: Windows - English');

--
-- Table structure for table `products_options_values_to_products_options`
--

CREATE TABLE `products_options_values_to_products_options` (
  `products_options_values_to_products_options_id` int(11) NOT NULL AUTO_INCREMENT,
  `products_options_id` int(11) NOT NULL,
  `products_options_values_id` int(11) NOT NULL,
  PRIMARY KEY (`products_options_values_to_products_options_id`)
) ENGINE=MyISAM AUTO_INCREMENT=14 DEFAULT CHARSET=latin1;

--
-- Dumping data for table `products_options_values_to_products_options`
--

INSERT INTO `products_options_values_to_products_options` VALUES (1,4,1),(2,4,2),(3,4,3),(4,4,4),(5,3,5),(6,3,6),(7,3,7),(8,3,8),(9,3,9),(10,5,10),(13,5,13);

--
-- Table structure for table `products_to_categories`
--

CREATE TABLE `products_to_categories` (
  `products_id` int(11) NOT NULL,
  `categories_id` int(11) NOT NULL,
  PRIMARY KEY (`products_id`,`categories_id`)
) ENGINE=MyISAM DEFAULT CHARSET=latin1;

--
-- Dumping data for table `products_to_categories`
--

INSERT INTO `products_to_categories` VALUES (28,21),(31,22);

--
-- Table structure for table `report_structure_detail`
--

CREATE TABLE `report_structure_detail` (
  `reportDetailId` int(11) NOT NULL,
  `reportId` int(11) NOT NULL,
  `sectionId` varchar(255) NOT NULL,
  `sectionOrder` int(11) NOT NULL,
  `sectionHtml` text NOT NULL,
  PRIMARY KEY (`reportDetailId`)
) ENGINE=InnoDB DEFAULT CHARSET=latin1;

--
-- Dumping data for table `report_structure_detail`
--

INSERT INTO `report_structure_detail` VALUES (1,1,'group_url_div',10,'<tr class=\"personal_strength_row\">\r\n            <td id=\"group_url_col\" colspan=\"4\" width=\"100%\" style=\"page-break-after: always;\">\r\n                <div id=\"group_url_div\" class=\"SFcenterContent\"  >\r\n                </div>\r\n            </td>\r\n        </tr>'),(2,1,'personal_strength_div',15,'<tr class=\"personal_strength_row\">\r\n            <td id=\"personal_strength_col\" colspan=\"4\" style=\"page-break-after: always;\" >\r\n                <div id=\"personal_strength_div\" class=\"SFcenterContent\" >\r\n                </div>\r\n            </td>\r\n        </tr>'),(3,1,'highest_potential_job_div',40,'<tr class=\"personal_strength_row\">\r\n            <td id=\"highest_potential_col\" colspan=\"4\"  style=\"page-break-after: always;\">\r\n                <div id=\"highest_potential_job_div\" class=\"SFcenterContent\"  > \r\n                </div>\r\n            </td>\r\n        </tr>'),(4,1,'result_summary_div',30,'<tr class=\"personal_strength_row\">\r\n            <td id=\"result_summary_col\" colspan=\"4\" style=\"page-break-after: always;\">\r\n                <div id=\"result_summary_div\" class=\"SFcenterContent\" >\r\n                </div>\r\n            </td>\r\n        </tr>'),(5,1,'sector_charts_div',60,'<tr class=\"personal_strength_row\">\r\n           <script src=\"http://code.highcharts.com/highcharts.js\"></script>\r\n           <script src=\"http://code.highcharts.com/modules/exporting.js\"></script>\r\n           <td id=\"sector_charts_col\" colspan=\"4\" width=\"100%\"  style=\"page-break-after: always;\">\r\n               <div id=\"sector_charts_div\" class=\"SFcenterContent\" >\r\n               </div>\r\n           </td>\r\n       </tr>'),(6,1,'sector_prime_div',70,'<tr class=\"personal_strength_row\">\r\n            <td id=\"sector_charts_col\" colspan=\"4\" width=\"100%\" style=\"page-break-after: always;\">\r\n                <div id=\"sector_prime_div\" class=\"SFcenterContent\"  >\r\n                </div>\r\n            </td>\r\n        </tr>'),(7,1,'detail_div',65,'<tr class=\"personal_strength_row\">\r\n            <td id=\"group_url_col\" colspan=\"4\" width=\"100%\" style=\"page-break-after: always;\">\r\n                <div id=\"group_url_div\" class=\"SFcenterContent\" >\r\n                </div>\r\n            </td>\r\n        </tr>');

--
-- Table structure for table `report_structure_master`
--

CREATE TABLE `report_structure_master` (
  `reportId` int(11) NOT NULL,
  `reportName` varchar(255) NOT NULL,
  PRIMARY KEY (`reportId`)
) ENGINE=InnoDB DEFAULT CHARSET=latin1;

--
-- Dumping data for table `report_structure_master`
--


--
-- Table structure for table `reviews`
--

CREATE TABLE `reviews` (
  `reviews_id` int(11) NOT NULL AUTO_INCREMENT,
  `products_id` int(11) NOT NULL,
  `customers_id` int(11) DEFAULT NULL,
  `customers_name` varchar(64) NOT NULL,
  `reviews_rating` int(1) DEFAULT NULL,
  `date_added` datetime DEFAULT NULL,
  `last_modified` datetime DEFAULT NULL,
  `reviews_read` int(5) NOT NULL DEFAULT '0',
  PRIMARY KEY (`reviews_id`),
  KEY `idx_reviews_products_id` (`products_id`),
  KEY `idx_reviews_customers_id` (`customers_id`)
) ENGINE=MyISAM DEFAULT CHARSET=latin1;

--
-- Dumping data for table `reviews`
--


--
-- Table structure for table `reviews_description`
--

CREATE TABLE `reviews_description` (
  `reviews_id` int(11) NOT NULL,
  `languages_id` int(11) NOT NULL,
  `reviews_text` text NOT NULL,
  PRIMARY KEY (`reviews_id`,`languages_id`)
) ENGINE=MyISAM DEFAULT CHARSET=latin1;

--
-- Dumping data for table `reviews_description`
--


--
-- Table structure for table `specials`
--

CREATE TABLE `specials` (
  `specials_id` int(11) NOT NULL AUTO_INCREMENT,
  `products_id` int(11) NOT NULL,
  `specials_new_products_price` decimal(15,4) NOT NULL,
  `specials_date_added` datetime DEFAULT NULL,
  `specials_last_modified` datetime DEFAULT NULL,
  `expires_date` datetime DEFAULT NULL,
  `date_status_change` datetime DEFAULT NULL,
  `status` int(1) NOT NULL DEFAULT '1',
  PRIMARY KEY (`specials_id`),
  KEY `idx_specials_products_id` (`products_id`)
) ENGINE=MyISAM DEFAULT CHARSET=latin1;

--
-- Dumping data for table `specials`
--


--
-- Temporary table structure for view `standard_group_sectors_view`
--

/*!50001 DROP VIEW IF EXISTS `standard_group_sectors_view`*/;
/*!50001 CREATE TABLE `standard_group_sectors_view` (
  `sector_id` tinyint NOT NULL,
  `sector_name` tinyint NOT NULL,
  `sector_content` tinyint NOT NULL,
  `sector_align` tinyint NOT NULL,
  `group_id` tinyint NOT NULL,
  `repins` tinyint NOT NULL,
  `chartins` tinyint NOT NULL,
  `product_code_4_chart_visible` tinyint NOT NULL,
  `sector_order` tinyint NOT NULL
) ENGINE=MyISAM */;

--
-- Temporary table structure for view `standard_sectors`
--

/*!50001 DROP VIEW IF EXISTS `standard_sectors`*/;
/*!50001 CREATE TABLE `standard_sectors` (
  `sector_id` tinyint NOT NULL,
  `sector_name` tinyint NOT NULL,
  `sector_order` tinyint NOT NULL,
  `chartins` tinyint NOT NULL
) ENGINE=MyISAM */;

--
-- Table structure for table `task_specialities_chart`
--

CREATE TABLE `task_specialities_chart` (
  `task_specialities_chart_id` int(10) unsigned NOT NULL AUTO_INCREMENT,
  `department_id` int(10) unsigned NOT NULL,
  `chart_name` text NOT NULL,
  `temperament1` text NOT NULL,
  `temperament2` text NOT NULL,
  `strengths_talents1` varchar(50) NOT NULL,
  `strengths_talents2` varchar(50) NOT NULL,
  `strengths_talents3` varchar(50) NOT NULL,
  `strengths_talents4` varchar(50) NOT NULL,
  `strengths_talents5` varchar(50) NOT NULL,
  `strengths_talents6` varchar(50) NOT NULL,
  `strengths_talents7` varchar(50) NOT NULL,
  `strengths_talents8` varchar(50) NOT NULL,
  `strengths_talents9` varchar(50) NOT NULL,
  `strengths_talents10` varchar(50) NOT NULL,
  `strengths_talents11` varchar(50) NOT NULL,
  `strengths_talents12` varchar(50) NOT NULL,
  `strengths_talents13` varchar(50) NOT NULL,
  `strengths_talents14` varchar(50) NOT NULL,
  `strengths_talents15` varchar(50) NOT NULL,
  `strengths_talents16` varchar(50) NOT NULL,
  `strengths_talents17` varchar(50) NOT NULL,
  `strengths_talents18` varchar(50) NOT NULL,
  `strengths_talents19` varchar(50) NOT NULL,
  `strengths_talents20` varchar(50) NOT NULL,
  `strengths_talents21` varchar(50) NOT NULL,
  `strengths_talents22` varchar(50) NOT NULL,
  `strengths_talents23` varchar(50) NOT NULL,
  `strengths_talents24` varchar(50) NOT NULL,
  `disc1` varchar(50) NOT NULL,
  `disc2` varchar(50) NOT NULL,
  `disc3` varchar(50) NOT NULL,
  `disc4` varchar(50) NOT NULL,
  `disc5` varchar(50) NOT NULL,
  `disc6` varchar(50) NOT NULL,
  `disc7` varchar(50) NOT NULL,
  `disc8` varchar(50) NOT NULL,
  `meyers_briggs1` varchar(50) NOT NULL,
  `meyers_briggs2` varchar(50) NOT NULL,
  `meyers_briggs3` varchar(50) NOT NULL,
  `meyers_briggs4` varchar(50) NOT NULL,
  `meyers_briggs5` varchar(50) NOT NULL,
  `meyers_briggs6` varchar(50) NOT NULL,
  `meyers_briggs7` varchar(50) NOT NULL,
  `meyers_briggs8` varchar(50) NOT NULL,
  `spe1` varchar(50) NOT NULL,
  `spe2` varchar(50) NOT NULL,
  `spe3` varchar(50) NOT NULL,
  `spe4` varchar(50) NOT NULL,
  `spe5` varchar(50) NOT NULL,
  `spe6` varchar(50) NOT NULL,
  `spe7` varchar(50) NOT NULL,
  `spe8` varchar(50) NOT NULL,
  `bol_job_url` tinytext NOT NULL,
  `college_url` tinytext NOT NULL,
  `video_url` tinytext NOT NULL,
  PRIMARY KEY (`task_specialities_chart_id`),
  KEY `department_id` (`department_id`)
) ENGINE=MyISAM AUTO_INCREMENT=430 DEFAULT CHARSET=latin1;

--
-- Dumping data for table `task_specialities_chart`
--

INSERT INTO `task_specialities_chart` VALUES (10,24,'Computers and IT','2','1','4','17','0','3','18','0','5','20','0','33','24','0','10','25','0','13','26','0','14','30','0','15','0','0','8','10','12','0','0','0','0','0','1','1','4','8','9','11','12','16','21','399','20','0','0','0','0','0','http://www.bls.gov/ooh/computer-and-information-technology/computer-programmers.htm','http://nces.ed.gov/collegenavigator/','http://www.youtube.com/watch?v=dGvCSp2NHHA'),(9,22,'Para church ','4','3','19','14','33','1','15','34','4','16','0','7','17','0','8','18','0','9','20','0','10','24','0','13','25','0','1','2','4','7','11','14','0','0','5','4','9','11','12','16','0','0','20','20','20','20','20','20','20','20','http://druckersociety.at/repository/scientific/Pearl.pdf','http://nces.ed.gov/collegenavigator/',''),(8,18,'Striving: Working Harder','3','1','2','20','0','1','34','0','8','31','0','9','32','0','33','27','0','16','0','0','17','0','0','18','0','0','3','9','12','13','0','0','0','0','9','13','15','10','11','12','0','0','','','','','','','','','http://www.bls.gov/ooh/sales/wholesale-and-manufacturing-sales-representatives.htm','http://nces.ed.gov/collegenavigator/',''),(7,1,'Striving: Working Harder','2','0','2','3','0','4','15','0','5','22','0','7','23','0','8','25','0','11','26','0','12','29','0','13','31','0','8','10','12','0','0','0','0','0','1','2','13','14','15','16','0','0','Thinking: Working Harder','Impacting: Influencing People','Impacting: Influencing People','Mercy','Mercy','Giving','Team Leadership Strength','Team Leadership Strength','http://www.bls.gov/ooh/office-and-administrative-support/bookkeeping-accounting-and-auditing-clerks.htm','http://nces.ed.gov/collegenavigator/archi','http://www.videoo_url/ssas'),(11,3,'Ministries and Careers','2','1','3','17','0','4','18','0','5','20','0','6','23','0','10','24','0','12','25','0','13','29','0','15','31','0','8','12','10','0','0','0','0','0','5','4','8','11','12','0','0','0','','','','','','','','','http://www.bls.gov/ooh/architecture-and-engineering/mechanical-engineers.htm','http://nces.ed.gov/collegenavigator/','http://www.videoo_url/'),(12,19,'Benevolence ','3','2','1','13','32','4','17','33','5','18','0','6','20','0','8','23','0','9','24','0','10','25','0','11','29','0','2','4','12','8','13','15','0','0','3','5','6','7','15','9','10','11','Practitioner Technician','Practitioner Technician','Team Leadership Strength ','Team Leadership Strength','Team Leadership Strength','Team Leadership Strength ','Ministries and Careers','Leadership','http://www.bls.gov/oes/current/oes131161.htm','http://nces.ed.gov/collegenavigator/','http://www.videoo_url/ssas'),(13,20,'Mercy','2','0','2','13','31','4','14','0','5','15','0','7','22','0','8','23','0','10','25','0','11','26','0','12','29','0','12','2','0','0','0','0','0','0','15','16','0','0','0','0','0','0','Mercy','Mercy','Mercy','Giving','Mercy','Mercy','Mercy','Mercy','http://www.bls.gov/ooh/office-and-administrative-support/customer-service-representatives.htm','http://nces.ed.gov/collegenavigator/','http://www.videoo_url/ssas'),(14,2,'Production Floor','2','1','1','21','0','3','22','0','5','25','0','8','26','0','10','28','0','11','29','0','12','0','0','15','0','0','8','10','12','0','0','0','0','0','1','5','9','0','0','0','0','0','','','','','','','','','http://www.bls.gov/ooh/production/machinists-and-tool-and-die-makers.htm','http://nces.ed.gov/collegenavigator/',''),(15,4,'Striving: Working Harder','2','1','3','28','0','5','29','0','8','0','0','11','0','0','12','0','0','15','0','0','22','0','0','26','0','0','8','10','12','0','0','0','0','0','1','5','2','9','14','0','0','0','','','','','','','','','http://www.bls.gov/oes/current/oes435071.htm','http://nces.ed.gov/collegenavigator/',''),(16,5,'Warehousing & Inventory Control','2','1','1','26','0','3','28','0','4','29','0','5','0','0','12','0','0','15','0','0','17','0','0','22','0','0','8','10','12','0','0','0','0','0','1','5','2','4','8','9','13','14','','','','','','','','','http://www.bls.gov/ooh/Office-and-Administrative-Support/Material-recording-clerks.htm','http://nces.ed.gov/collegenavigator/',''),(17,21,'Facilities Management & Maintenance','2','1','3','27','0','5','29','0','11','30','0','12','0','0','15','0','0','19','0','0','22','0','0','26','0','0','8','12','10','0','0','0','0','0','1','5','2','4','14','11','15','16','Mercy','Practitioner Technician','Team Leadership Strength ','Practitioner Technician','Mercy','Giving','Team Leadership Strength','Ministries and Careers','http://www.bls.gov/ooh/management/administrative-services-managers.htm ','http://nces.ed.gov/collegenavigator/','www.video_url.com'),(22,29,'Striving: Working Harder','0','0','2','32','0','1','0','0','3','0','0','6','0','0','15','0','0','17','0','0','30','0','0','31','0','0','0','0','0','0','0','0','0','0','0','0','0','0','0','0','0','0','','','','','','','','','','http://nces.ed.gov/collegenavigator/',''),(19,26,'Striving: Working Harder','4','3','6','27','0','7','32','0','17','33','0','18','0','0','20','0','0','23','0','0','24','0','0','25','0','0','7','11','0','0','0','0','0','0','16','12','11','7','0','0','0','0','Striving: Working Harder','Management','Thinking: Working Harder','Relating: Assisting People','Team Leadership Strength','Team Leadership Strength','Leadership Strength','Discipleship','','http://nces.ed.gov/collegenavigator/',''),(20,27,'Management','2','4','1','26','0','2','29','0','4','31','0','5','0','0','9','0','0','11','0','0','13','0','0','15','0','0','1','3','5','6','8','14','0','0','1','3','9','13','0','0','0','0','','','','','','','','','','http://nces.ed.gov/collegenavigator/',''),(21,28,'Practitioner Technician','2','1','3','22','0','8','28','0','10','30','0','12','34','0','14','0','0','16','0','0','19','0','0','21','0','0','2','4','9','10','15','12','13','0','2','4','5','6','8','10','14','15','','','','','','','','','','http://nces.ed.gov/collegenavigator/',''),(23,30,'Thinking: Working Harder','0','0','4','23','0','5','24','0','10','25','0','11','33','0','12','0','0','13','0','0','18','0','0','20','0','0','0','0','0','0','0','0','0','0','0','0','0','0','0','0','0','0','','','','','','','','','','http://nces.ed.gov/collegenavigator/',''),(24,31,'Impacting: Influencing People','0','0','7','0','0','9','0','0','14','0','0','26','0','0','27','0','0','34','0','0','0','0','0','0','0','0','0','0','0','0','0','0','0','0','0','0','0','0','0','0','0','0','','','','','','','','','','http://nces.ed.gov/collegenavigator/',''),(25,32,'Relating: Assisting People','0','0','8','0','0','16','0','0','19','0','0','21','0','0','22','0','0','28','0','0','29','0','0','0','0','0','0','0','0','0','0','0','0','0','0','0','0','0','0','0','0','0','','','','','','','','','','http://nces.ed.gov/collegenavigator/',''),(26,33,'Accounting','2','1','2','14','0','4','15','0','5','22','0','7','23','0','8','25','0','11','26','0','12','29','0','13','31','0','8','10','12','9','15','0','0','0','1','2','14','13','0','0','0','0','','','','','','','','','http://www.bls.gov/ooh/Business-and-Financial/Accountants-and-auditors.htm','http://nces.ed.gov/collegenavigator/',''),(27,34,'Auditor','2','4','4','25','0','11','29','0','12','30','0','13','33','0','15','0','0','17','0','0','20','0','0','23','0','0','1','5','8','9','10','12','15','0','1','14','11','0','0','0','0','0','','','','','','','','','http://www.bls.gov/ooh/Business-and-Financial/Accountants-and-auditors.htm','http://nces.ed.gov/collegenavigator/',''),(28,35,'Striving: Working Harder','2','1','3','26','0','4','29','0','5','30','0','11','0','0','12','0','0','13','0','0','15','0','0','25','0','0','8','9','10','12','15','0','0','0','2','14','0','0','0','0','0','0','','','','','','','','','http://www.bls.gov/ooh/office-and-administrative-support/bookkeeping-accounting-and-auditing-clerks.htm','http://nces.ed.gov/collegenavigator/',''),(29,36,'Collections','4','2','3','17','0','5','26','0','7','29','0','8','31','0','9','33','0','11','2','0','15','1','0','16','0','0','1','1','8','15','0','0','0','0','1','5','2','4','9','14','0','0','','','','','','','','','http://www.bls.gov/ooh/office-and-administrative-support/bill-and-account-collectors.htm','http://nces.ed.gov/collegenavigator/',''),(30,37,'Controller','4','2','3','17','0','4','20','0','5','25','0','7','26','0','8','29','0','11','30','0','13','33','0','15','2','0','1','5','6','8','9','10','15','0','2','4','13','0','0','0','0','0','','','','','','','','','http://www.bls.gov/ooh/management/financial-managers.htm','http://nces.ed.gov/collegenavigator/',''),(31,38,'Finance Management','2','4','4','26','0','11','29','0','13','30','0','15','33','0','17','0','0','20','0','0','24','0','0','25','0','0','1','8','15','0','0','0','0','0','1','2','4','8','13','0','0','0','','','','','','','','','http://www.bls.gov/ooh/management/financial-managers.htm','http://nces.ed.gov/collegenavigator/',''),(32,39,'Financial Analysis','2','1','4','33','0','5','0','0','11','0','0','15','0','0','17','0','0','23','0','0','25','0','0','29','0','0','8','15','10','12','0','0','0','0','1','2','4','13','0','0','0','0','','','','','','','','','http://www.bls.gov/ooh/business-and-financial/financial-analysts.htm','http://nces.ed.gov/collegenavigator/',''),(33,40,'Mortgage and Loan','2','3','3','20','1','4','22','0','5','25','0','8','26','0','9','29','0','10','30','0','11','33','0','15','2','0','2','4','12','15','0','0','0','0','2','4','9','13','14','15','12','0','','','','','','','','','http://www.bls.gov/ooh/business-and-financial/loan-officers.htm','http://nces.ed.gov/collegenavigator/',''),(34,42,'Administrative Assistant','2','1','3','26','0','5','29','0','8','30','0','10','2','0','11','1','0','13','0','0','15','0','0','19','0','0','8','10','12','15','9','0','0','0','2','4','13','14','16','0','0','0','0','0','0','0','0','0','0','0','http://www.bls.gov/ooh/office-and-administrative-support/secretaries-and-administrative-assistants.htm','http://nces.ed.gov/collegenavigator/',''),(35,41,'Tax Preparation','2','4','4','24','0','5','25','0','11','26','0','12','29','0','13','30','0','15','33','0','22','0','0','23','0','0','8','1','6','15','0','0','0','0','1','2','8','13','14','0','0','0','','','','','','','','','http://www.bls.gov/oes/current/oes132082.htm','http://nces.ed.gov/collegenavigator/',''),(36,43,'Executive Assistant','2','1','3','26','0','5','29','0','8','30','0','10','2','0','11','1','0','13','0','0','15','0','0','19','0','0','8','10','12','15','9','0','0','0','2','4','13','14','16','0','0','0','','','','','','','','','http://www.bls.gov/oes/current/oes436011.htm','http://nces.ed.gov/collegenavigator/',''),(37,44,'Office Coordinator','2','4','3','0','0','5','0','0','8','0','0','0','0','0','0','0','0','0','0','0','0','0','0','0','0','0','0','0','0','0','0','0','0','0','0','0','0','0','0','0','0','0','','','','','','','','','http://www.bls.gov/ooh/business-and-financial/meeting-convention-and-event-planners.htm','http://nces.ed.gov/collegenavigator/',''),(38,45,'Office Management','2','4','3','16','0','4','19','0','5','26','0','8','29','0','11','30','0','13','33','0','14','2','0','15','1','0','1','8','15','0','0','0','0','0','1','2','7','13','14','15','0','0','0','0','0','0','0','0','0','0','http://www.bls.gov/ooh/management/administrative-services-managers.htm','http://nces.ed.gov/collegenavigator/','http://youtu.be/Su-ZsvQKBzE'),(39,46,'Receptionist','3','1','3','21','0','5','23','0','6','26','0','8','27','0','10','29','0','11','34','0','16','2','0','19','0','0','3','12','0','0','0','0','0','0','5','6','7','4','8','9','10','11','','','','','','','','','http://www.bls.gov/ooh/office-and-administrative-support/receptionists.htm','http://nces.ed.gov/collegenavigator/',''),(40,54,'Flight Instructor','2','1','3','23','0','4','25','0','5','26','0','8','29','0','11','2','0','12','0','0','13','0','0','14','0','0','8','10','12','15','9','0','0','0','5','6','7','4','8','9','10','11','','','','','','','','','http://www.bls.gov/oco/ocos107.htm','http://nces.ed.gov/collegenavigator/',''),(41,55,'Airline Dispatcher','2','4','3','17','0','4','19','0','5','26','0','8','27','0','11','29','0','12','30','0','13','33','0','15','0','0','1','6','8','15','0','0','0','0','1','2','3','13','14','15','0','0','','','','','','','','','http://www.bls.gov/opub/ooq/2007/summer/art01.pdf','http://nces.ed.gov/collegenavigator/',''),(42,56,'Air Traffic Controller','4','2','3','17','0','4','25','0','5','26','0','7','29','0','8','33','0','10','2','0','11','0','0','12','0','0','1','6','8','15','0','0','0','0','1','2','3','13','14','15','0','0','','','','','','','','','http://www.bls.gov/ooh/transportation-and-material-moving/air-traffic-controllers.htm','http://nces.ed.gov/collegenavigator/',''),(43,57,'Airline Transport Pilot','2','1','3','15','31','4','16','33','7','19','0','8','25','0','11','26','0','12','27','0','13','29','0','14','30','0','8','9','10','12','15','0','0','0','5','6','7','4','8','9','10','11','','','','','','','','','http://www.bls.gov/ooh/transportation-and-material-moving/airline-and-commercial-pilots.htm','http://nces.ed.gov/collegenavigator/',''),(44,58,'A&P Mechanic','2','1','4','26','0','8','29','0','11','30','0','12','1','0','13','0','0','15','0','0','23','0','0','25','0','0','8','9','10','12','15','0','0','0','5','6','7','4','8','9','10','11','','','','','','','','','http://www.bls.gov/oes/current/oes493011.htm','http://nces.ed.gov/collegenavigator/',''),(45,59,'Aircraft Avionics Technician','2','1','4','30','0','11','1','0','12','0','0','17','0','0','20','0','0','24','0','0','25','0','0','29','0','0','8','9','10','12','15','0','0','0','5','6','7','4','8','9','10','11','','','','','','','','','http://www.bls.gov/ooh/installation-maintenance-and-repair/aircraft-and-avionics-equipment-mechanics-and-technicians.htm','http://nces.ed.gov/collegenavigator/',''),(46,60,'Aircraft Sales','3','1','3','20','0','1','32','0','31','33','0','8','2','0','9','27','0','16','0','0','17','0','0','18','0','0','3','12','13','9','0','0','0','0','13','6','9','10','12','11','0','0','','','','','','','','','http://www.bls.gov/ooh/sales/sales-engineers.htm','http://nces.ed.gov/collegenavigator/',''),(47,61,'Airport Management','4','2','3','16','2','5','19','0','7','25','0','8','26','0','11','28','0','13','29','0','14','30','0','15','33','0','1','6','8','15','0','0','0','0','1','2','3','13','14','15','0','0','','','','','','','','','http://www.bls.gov/oes/current/oes111021.htm','http://nces.ed.gov/collegenavigator/',''),(48,62,'Airport Operations','2','4','3','15','30','5','16','33','6','17','2','8','23','1','10','25','0','11','26','0','12','28','0','13','29','0','1','6','8','15','0','0','0','0','1','2','3','13','14','15','0','0','','','','','','','','','http://www.bls.gov/oes/current/oes111021.htm','http://nces.ed.gov/collegenavigator/',''),(49,63,'FAA Safety Inspector','4','3','4','16','30','7','17','34','8','23','0','10','25','0','11','26','0','12','24','0','14','28','0','15','29','0','6','7','11','13','14','0','0','0','5','6','7','4','8','9','10','11','','','','','','','','','http://www.bls.gov/ooh/production/quality-control-inspectors.htm','http://nces.ed.gov/collegenavigator/',''),(50,50,'Engineering','2','1','3','17','30','4','18','32','6','20','33','10','23','1','11','24','0','12','25','0','13','26','0','15','29','0','8','9','10','12','15','0','0','0','5','6','7','4','8','9','10','11','','','','','','','','','http://www.bls.gov/ooh/architecture-and-engineering/aerospace-engineers.htm','http://nces.ed.gov/collegenavigator/',''),(51,51,'Machinist','2','1','3','17','1','4','20','0','5','23','0','6','25','0','10','26','0','11','29','0','12','30','0','15','33','0','8','10','12','15','0','0','0','0','4','5','6','7','8','9','10','11','','','','','','','','','http://www.bls.gov/ooh/production/machinists-and-tool-and-die-makers.htm','http://nces.ed.gov/collegenavigator/',''),(52,52,'Management','2','4','3','11','19','4','12','20','5','13','21','6','14','22','7','15','25','8','16','26','9','17','29','10','18','2','1','8','15','6','0','0','0','0','1','2','3','13','14','15','0','0','','','','','','','','','http://www.bls.gov/oes/current/oes110000.htm','http://nces.ed.gov/collegenavigator/',''),(53,53,'Quality Assurance','2','4','4','25','0','6','26','0','7','30','0','11','2','0','12','1','0','15','0','0','23','0','0','24','0','0','1','6','8','15','0','0','0','0','4','5','6','7','8','9','10','11','','','','','','','','','http://www.bls.gov/ooh/production/quality-control-inspectors.htm','http://nces.ed.gov/collegenavigator/',''),(54,64,'Farm Worker','2','3','5','26','0','6','29','0','10','30','0','11','1','0','12','0','0','14','0','0','15','0','0','19','0','0','2','4','12','13','15','0','0','0','4','5','6','7','8','9','10','11','','','','','','','','','','http://nces.ed.gov/collegenavigator/',''),(55,65,'Commercial Fishing','2','3','3','17','0','5','26','0','6','27','0','9','30','0','10','2','0','11','1','0','12','0','0','15','0','0','2','4','12','13','15','0','0','0','4','5','6','7','8','9','10','11','','','','','','','','','','http://nces.ed.gov/collegenavigator/',''),(56,66,'Forestry','1','2','3','23','0','4','24','0','6','25','0','10','26','0','11','29','0','12','30','0','13','0','0','19','0','0','8','9','10','12','15','0','0','0','1','2','3','13','14','15','0','0','','','','','','','','','','http://nces.ed.gov/collegenavigator/',''),(57,67,'Parks Management','1','4','3','12','26','4','13','29','5','14','33','6','16','2','7','19','0','8','22','0','10','24','0','11','25','0','5','6','8','9','0','0','0','0','12','16','0','0','0','0','0','0','','','','','','','','','','http://nces.ed.gov/collegenavigator/',''),(58,68,'Farm Manager','4','2','3','16','2','4','19','1','7','25','0','8','26','0','11','27','0','13','28','0','14','29','0','15','30','0','1','8','15','6','0','0','0','0','1','2','3','13','14','15','0','0','','','','','','','','','','http://nces.ed.gov/collegenavigator/',''),(59,69,'Ag Equipment Repair','2','1','4','26','0','5','29','0','11','30','0','12','2','0','15','1','0','20','0','0','23','0','0','25','0','0','8','10','12','9','15','0','0','0','4','5','6','7','8','9','10','11','','','','','','','','','','http://nces.ed.gov/collegenavigator/',''),(60,70,'Agronomy Specialist','1','2','3','24','0','4','25','0','6','26','0','10','29','0','11','30','0','13','33','0','15','0','0','20','0','0','8','9','10','12','15','0','0','0','4','5','6','7','8','9','10','11','','','','','','','','','','http://nces.ed.gov/collegenavigator/',''),(61,71,'Striving: Working Harder','3','1','3','20','0','27','33','0','1','34','0','8','2','0','9','0','0','31','0','0','16','0','0','32','0','0','3','9','12','13','0','0','0','0','13','15','9','10','11','12','0','0','','','','','','','','','http://www.bls.gov/ooh/sales/wholesale-and-manufacturing-sales-representatives.htm','http://nces.ed.gov/collegenavigator/',''),(62,72,'Architect','1','2','3','20','0','4','23','0','10','24','0','11','25','0','12','26','0','13','30','0','15','33','0','17','1','0','8','9','10','12','15','0','0','0','3','5','6','7','15','9','10','11','','','','','','','','','','http://nces.ed.gov/collegenavigator/',''),(63,73,'Drafter','2','1','4','20','0','5','23','0','10','24','0','11','25','0','12','26','0','14','29','0','15','30','0','18','1','0','8','9','10','12','15','0','0','0','4','5','6','7','8','9','10','11','','','','','','','','','','http://nces.ed.gov/collegenavigator/',''),(64,74,'Interior Design','1','3','3','30','0','5','0','0','10','0','0','12','0','0','14','0','0','20','0','0','26','0','0','27','0','0','3','12','13','9','0','0','0','0','2','5','6','7','15','9','10','11','','','','','','','','','','http://nces.ed.gov/collegenavigator/',''),(65,75,'Design','1','2','3','20','0','5','21','0','6','22','0','8','23','0','10','31','0','16','32','0','17','2','0','18','1','0','8','9','10','12','15','0','0','0','4','5','6','7','8','9','10','11','','','','','','','','','http://www.bls.gov/oes/current/oes271024.htm','http://nces.ed.gov/collegenavigator/',''),(66,76,'Print Media','1','2','5','26','0','6','30','0','8','0','0','10','0','0','12','0','0','16','0','0','20','0','0','23','0','0','8','9','10','12','15','0','0','0','2','5','6','7','3','15','10','11','','','','','','','','','http://www.bls.gov/ooh/arts-and-design/graphic-designers.htm','http://nces.ed.gov/collegenavigator/',''),(67,77,'Radio','2','3','3','24','1','5','25','0','8','26','0','9','27','0','10','31','0','16','32','0','20','34','0','23','2','0','2','4','12','13','15','0','0','0','3','5','6','7','15','9','10','11','','','','','','','','','http://www.bls.gov/oes/current/oes273011.htm','http://nces.ed.gov/collegenavigator/',''),(68,78,'Television','3','1','3','20','34','5','24','2','6','25','1','8','26','0','9','27','0','12','30','0','16','31','0','17','32','0','3','9','12','13','0','0','0','0','3','5','6','7','15','9','10','11','','','','','','','','','http://www.bls.gov/oes/current/oes274031.htm','http://nces.ed.gov/collegenavigator/',''),(69,79,'Web Media','1','2','3','18','1','4','20','0','5','23','0','8','24','0','10','25','0','12','26','0','16','30','0','17','33','0','8','9','10','12','15','0','0','0','4','5','6','7','8','9','10','11','','','','','','','','','http://www.bls.gov/oes/current/oes271024.htm','http://nces.ed.gov/collegenavigator/',''),(70,80,'Auto Sales','3','1','3','16','0','1','17','0','2','18','0','8','31','0','9','20','0','34','27','0','33','0','0','32','0','0','3','9','12','13','0','0','0','0','10','13','11','12','15','9','0','0','','','','','','','','','http://www.bls.gov/ooh/sales/wholesale-and-manufacturing-sales-representatives.htm','http://nces.ed.gov/collegenavigator/',''),(71,81,'Service Writer','2','3','4','16','29','5','19','30','8','20','33','11','23','34','12','24','2','13','25','1','14','26','0','15','28','0','2','4','12','13','15','0','0','0','1','2','3','13','14','15','0','0','','','','','','','','','','http://nces.ed.gov/collegenavigator/',''),(72,82,'Service Technician','2','1','3','15','33','4','20','2','5','23','1','6','24','0','10','25','0','11','26','0','12','29','0','13','30','0','8','9','10','12','15','0','0','0','4','5','6','7','8','9','10','11','','','','','','','','','','http://nces.ed.gov/collegenavigator/',''),(73,83,'Service Manager','2','4','3','15','28','4','16','29','5','19','30','7','20','33','8','23','2','11','24','1','13','25','0','14','26','0','1','8','6','15','0','0','0','0','12','16','0','0','0','0','0','0','','','','','','','','','','http://nces.ed.gov/collegenavigator/bbb\r\n',''),(74,84,'Auto Financing','2','4','3','15','33','4','16','1','5','20','0','8','25','0','9','26','0','10','27','0','11','29','0','13','30','0','1','6','8','15','0','0','0','0','1','2','3','13','14','15','0','0','','','','','','','','','','http://nces.ed.gov/collegenavigator/',''),(75,85,'Administration','2','4','3','25','0','5','26','0','8','29','0','11','30','0','12','2','0','13','1','0','15','0','0','19','0','0','1','8','6','15','0','0','0','0','4','5','6','7','8','9','10','11','','','','','','','','','http://www.bls.gov/ooh/office-and-administrative-support/secretaries-and-administrative-assistants.htm','http://nces.ed.gov/collegenavigator/',''),(76,86,'Project Management','2','4','3','12','21','4','13','23','5','15','24','6','16','25','7','17','26','8','18','29','10','19','30','11','20','33','1','6','8','15','0','0','0','0','1','2','3','13','14','15','0','0','','','','','','','','','','http://nces.ed.gov/collegenavigator/',''),(77,87,'Quality Control','4','2','4','23','0','7','25','0','10','26','0','11','29','0','12','30','0','13','0','0','15','0','0','17','0','0','1','6','8','15','0','0','0','0','4','5','6','7','8','9','10','11','','','','','','','','','','http://nces.ed.gov/collegenavigator/',''),(78,88,'Research','1','2','3','17','30','4','18','33','6','20','0','10','23','0','11','24','0','12','25','0','13','26','0','15','29','0','8','9','10','12','15','0','0','0','4','5','6','7','8','9','10','11','','','','','','','','','','http://nces.ed.gov/collegenavigator/',''),(79,89,'Research Associate','2','1','3','25','0','4','26','0','5','29','0','8','30','0','11','2','0','15','1','0','20','0','0','23','0','0','8','9','10','12','15','0','0','0','4','5','6','7','8','9','10','11','','','','','','','','','','http://nces.ed.gov/collegenavigator/',''),(80,90,'Carpentry','2','4','3','30','0','5','2','0','9','1','0','10','0','0','11','0','0','12','0','0','26','0','0','29','0','0','1','8','6','15','0','0','0','0','4','5','6','7','8','9','10','11','','','','','','','','','','http://nces.ed.gov/collegenavigator/',''),(81,91,'Electriican','2','4','4','26','0','5','29','0','10','30','0','11','2','0','12','1','0','13','0','0','20','0','0','25','0','0','1','8','6','15','0','0','0','0','4','5','6','7','8','9','10','11','','','','','','','','','','http://nces.ed.gov/collegenavigator/',''),(82,92,'Estimator','2','1','3','20','0','4','25','0','5','26','0','8','29','0','10','33','0','13','2','0','15','1','0','17','0','0','8','9','10','12','15','0','0','0','1','2','3','13','14','15','0','0','','','','','','','','','','http://nces.ed.gov/collegenavigator/',''),(83,93,'Inspectors','4','2','4','26','0','6','29','0','7','30','0','10','31','0','11','1','0','12','0','0','20','0','0','25','0','0','1','6','8','15','0','0','0','0','1','2','3','13','14','15','0','0','','','','','','','','','','http://nces.ed.gov/collegenavigator/',''),(84,94,'Plumbers','2','4','3','29','0','5','30','0','10','2','0','11','1','0','12','0','0','15','0','0','20','0','0','26','0','0','1','6','8','15','0','0','0','0','4','5','6','7','8','9','10','11','','','','','','','','','','http://nces.ed.gov/collegenavigator/',''),(85,95,'Project Managers','4','2','3','13','22','4','14','25','5','15','26','7','16','29','8','17','30','10','19','33','11','20','2','12','21','1','1','6','8','15','0','0','0','0','1','2','3','13','14','15','0','0','','','','','','','','','','http://nces.ed.gov/collegenavigator/',''),(86,96,'Customer Service Representatives','3','2','3','15','29','4','16','30','5','19','33','8','20','34','10','22','2','11','23','1','12','25','0','13','26','0','2','4','13','15','0','0','0','0','4','5','6','7','8','9','10','11','','','','','','','','','','http://nces.ed.gov/collegenavigator/',''),(87,97,'Help Desk','1','2','3','19','0','4','25','0','5','26','0','8','29','0','10','30','0','11','0','0','12','0','0','16','0','0','8','9','10','12','15','0','0','0','4','5','6','7','8','9','10','11','','','','','','','','','','http://nces.ed.gov/collegenavigator/',''),(88,98,'Service Representative','2','3','3','26','0','4','29','0','5','30','0','8','2','0','11','1','0','16','0','0','20','0','0','25','0','0','2','4','12','13','15','0','0','0','4','5','6','7','8','9','10','11','','','','','','','','','http://www.bls.gov/ooh/sales/wholesale-and-manufacturing-sales-representatives.htm','http://nces.ed.gov/collegenavigator/',''),(89,99,'Technical Advisor','2','4','4','23','0','8','24','0','11','25','0','12','26','0','13','29','0','15','0','0','16','0','0','20','0','0','1','6','8','15','0','0','0','0','4','5','6','7','8','9','10','11','','','','','','','','','','http://nces.ed.gov/collegenavigator/',''),(90,100,'Caregiver','1','2','3','19','0','5','21','0','6','22','0','8','26','0','10','27','0','11','28','0','12','29','0','16','30','0','8','9','10','12','15','0','0','0','4','5','6','7','8','9','10','11','','','','','','','','','','http://nces.ed.gov/collegenavigator/',''),(91,101,'Child Care','1','2','3','15','30','5','16','0','6','19','0','8','22','0','10','26','0','11','27','0','12','28','0','14','29','0','8','12','9','10','15','0','0','0','3','5','6','7','15','9','10','11','','','','','','','','','','http://nces.ed.gov/collegenavigator/',''),(92,102,'Housekeeping ','2','4','3','21','0','5','22','0','6','27','0','10','26','0','11','29','0','12','30','0','15','0','0','19','0','0','1','8','6','15','0','0','0','0','3','5','6','7','15','9','10','11','','','','','','','','','','http://nces.ed.gov/collegenavigator/',''),(93,103,'Janitorial','2','1','3','29','0','5','30','0','10','0','0','11','0','0','12','0','0','15','0','0','26','0','0','27','0','0','8','9','10','12','15','0','0','0','4','5','6','7','8','9','10','11','','','','','','','','','','http://nces.ed.gov/collegenavigator/',''),(94,104,'Maintenance','2','1','3','26','0','4','30','0','10','29','0','11','0','0','13','0','0','15','0','0','20','0','0','25','0','0','8','9','10','12','15','0','0','0','4','5','6','7','8','9','10','11','','','','','','','','','','http://nces.ed.gov/collegenavigator/',''),(95,105,'Nanny','3','2','3','16','30','5','19','0','6','21','0','8','22','0','10','26','0','11','27','0','12','28','0','14','29','0','2','4','12','13','15','0','0','0','3','5','6','7','15','9','10','11','','','','','','','','','','http://nces.ed.gov/collegenavigator/',''),(96,106,'Administration','2','4','3','21','0','5','22','0','11','23','0','12','25','0','13','26','0','15','27','0','16','29','0','19','2','0','1','6','8','15','0','0','0','0','1','2','3','13','14','15','0','0','','','','','','','','','http://www.bls.gov/ooh/office-and-administrative-support/secretaries-and-administrative-assistants.htm','http://nces.ed.gov/collegenavigator/',''),(97,107,'Library','1','2','5','26','0','6','29','0','11','30','0','12','0','0','20','0','0','23','0','0','24','0','0','25','0','0','8','9','10','12','15','0','0','0','3','5','6','7','15','9','10','11','0','0','0','0','0','0','0','0','www.bol_url.com','http://nces.ed.gov/collegenavigator/','http://www.videoo_url/ssas'),(98,108,'Professors','1','3','3','14','26','4','16','29','5','18','30','6','20','31','8','22','34','10','23','0','11','24','0','12','25','0','3','9','12','13','0','0','0','0','3','5','6','7','15','9','10','11','','','','','','','','','','http://nces.ed.gov/collegenavigator/',''),(99,109,'Teachers Aide','1','2','3','26','0','5','30','0','8','0','0','11','0','0','12','0','0','15','0','0','23','0','0','25','0','0','8','9','10','12','15','0','0','0','3','5','6','7','15','9','10','11','','','','','','','','','','http://nces.ed.gov/collegenavigator/',''),(100,110,'Teachers','1','4','3','16','25','5','18','26','8','19','27','10','20','29','11','21','30','12','22','32','14','23','0','15','24','0','5','6','8','9','0','0','0','0','3','5','6','7','15','9','10','11','Practitioner Technician','Executive - Outcome Oriented','0','0','0','0','0','0','','http://nces.ed.gov/collegenavigator/','http://youtu.be/mjT20MPnDDk'),(101,112,'Chemical','2','4','3','17','0','4','18','0','6','20','0','10','23','0','11','24','0','12','25','0','13','26','0','15','30','0','1','8','6','15','0','0','0','0','4','5','12','7','8','9','10','11','','','','','','','','','http://www.bls.gov/ooh/architecture-and-engineering/chemical-engineers.htm','http://nces.ed.gov/collegenavigator/',''),(102,113,'Civil','2','4','3','20','0','4','24','0','10','25','0','11','29','0','12','30','0','13','0','0','15','0','0','17','0','0','1','8','6','15','0','0','0','0','4','5','12','7','8','9','10','11','','','','','','','','','http://www.bls.gov/ooh/architecture-and-engineering/civil-engineers.htm','http://nces.ed.gov/collegenavigator/',''),(103,114,'Computer','2','4','4','24','0','10','25','0','11','29','0','12','30','0','13','33','0','15','1','0','20','0','0','23','0','0','1','6','8','15','0','0','0','0','4','5','12','7','8','9','10','11','','','','','','','','','http://www.bls.gov/ooh/architecture-and-engineering/computer-hardware-engineers.htm','http://nces.ed.gov/collegenavigator/',''),(104,115,'Electrical','2','4','4','24','0','10','25','0','11','30','0','12','33','0','13','0','0','15','0','0','20','0','0','23','0','0','8','9','10','12','15','0','0','0','4','5','12','7','8','9','10','11','','','','','','','','','http://www.bls.gov/oes/current/oes172071.htm','http://nces.ed.gov/collegenavigator/',''),(105,116,'Industrial Engineer','2','4','3','18','0','4','20','0','5','24','0','10','25','0','11','26','0','12','29','0','13','30','0','15','33','0','8','9','10','12','15','0','0','0','4','5','12','7','8','9','10','11','','','','','','','','','http://www.bls.gov/ooh/architecture-and-engineering/industrial-engineers.htm','http://nces.ed.gov/collegenavigator/',''),(106,117,'Mechanical','2','4','3','20','0','4','23','0','10','24','0','11','25','0','12','26','0','13','29','0','15','30','0','17','33','0','1','6','8','15','0','0','0','0','4','5','12','7','8','9','10','11','','','','','','','','','http://www.bls.gov/ooh/architecture-and-engineering/mechanical-engineers.htm','http://nces.ed.gov/collegenavigator/',''),(107,118,'Fire','2','4','3','30','0','5','33','0','6','2','0','7','1','0','11','0','0','15','0','0','26','0','0','29','0','0','1','6','8','15','0','0','0','0','4','5','12','7','8','9','10','11','','','','','','','','','','http://nces.ed.gov/collegenavigator/',''),(108,119,'Planning','2','4','3','19','0','4','20','0','5','25','0','8','26','0','10','33','0','11','2','0','12','0','0','13','0','0','8','9','10','12','15','0','0','0','1','2','3','13','14','15','0','0','','','','','','','','','','http://nces.ed.gov/collegenavigator/',''),(109,120,'Police','4','1','6','26','0','7','29','0','8','30','0','10','31','0','11','2','0','12','0','0','13','0','0','15','0','0','5','6','8','9','0','0','0','0','4','5','6','7','8','9','10','11','','','','','','','','','','http://nces.ed.gov/collegenavigator/',''),(110,121,'Dispatch','4','3','3','15','0','4','19','0','5','20','0','8','26','0','10','27','0','11','29','0','12','30','0','13','2','0','6','7','11','14','0','0','0','0','1','2','3','13','14','15','0','0','','','','','','','','','','http://nces.ed.gov/collegenavigator/',''),(111,122,'Administration','2','1','3','25','0','4','26','0','5','29','0','10','30','0','11','0','0','12','0','0','13','0','0','15','0','0','8','9','10','12','15','0','0','0','4','5','6','7','8','9','10','11','','','','','','','','','http://www.bls.gov/ooh/office-and-administrative-support/secretaries-and-administrative-assistants.htm','http://nces.ed.gov/collegenavigator/',''),(112,123,'Dental','2','1','4','24','0','10','25','0','11','26','0','12','29','0','13','30','0','15','0','0','16','0','0','20','0','0','8','9','10','12','15','0','0','0','4','5','12','7','8','9','10','11','','','','','','','','','http://www.bls.gov/ooh/healthcare/dentists.htm','http://nces.ed.gov/collegenavigator/',''),(113,124,'EMT','4','2','3','13','0','4','15','0','5','22','0','7','23','0','8','25','0','10','26','0','11','29','0','12','30','0','1','6','8','15','0','0','0','0','4','5','12','7','8','9','10','11','','','','','','','','','http://www.bls.gov/ooh/healthcare/emts-and-paramedics.htm','http://nces.ed.gov/collegenavigator/',''),(114,125,'Laboratory','1','2','4','24','0','5','25','0','6','26','0','10','29','0','11','30','0','13','33','0','15','1','0','20','0','0','8','9','10','12','15','0','0','0','4','5','12','7','8','9','10','11','','','','','','','','','http://www.bls.gov/ooh/healthcare/medical-and-clinical-laboratory-technologists-and-technicians.htm','http://nces.ed.gov/collegenavigator/',''),(115,126,'Medical Assistant','2','4','3','22','0','5','23','0','8','25','0','10','26','0','11','29','0','12','30','0','15','0','0','16','0','0','1','6','8','15','0','0','0','0','4','5','6','7','8','9','10','11','','','','','','','','','http://www.bls.gov/ooh/healthcare/medical-assistants.htm','http://nces.ed.gov/collegenavigator/',''),(116,127,'Medical Coding','2','4','3','15','0','4','25','0','5','29','0','7','30','0','10','0','0','11','0','0','12','0','0','13','0','0','1','6','8','15','0','0','0','0','4','5','12','7','8','9','10','11','','','','','','','','','http://www.bls.gov/ooh/healthcare/medical-records-and-health-information-technicians.htm','http://nces.ed.gov/collegenavigator/',''),(117,128,'Mental Health','1','2','3','14','24','4','15','25','8','16','26','6','17','29','10','20','30','11','21','0','12','22','0','13','23','0','8','9','10','12','15','0','0','0','4','5','6','7','8','9','10','11','','','','','','','','','http://www.bls.gov/oes/current/oes211014.htm','http://nces.ed.gov/collegenavigator/',''),(118,129,'Nursing','2','1','3','14','25','4','15','26','5','16','29','8','19','30','10','20','0','11','21','0','12','22','0','13','24','0','8','9','10','12','15','0','0','0','4','5','12','7','8','9','10','11','','','','','','','','','http://www.bls.gov/ooh/Healthcare/Registered-nurses.htm','http://nces.ed.gov/collegenavigator/',''),(119,130,'Occupational Therapy','2','4','3','15','25','4','16','26','8','17','29','10','18','30','11','20','0','12','22','0','13','23','0','14','24','0','1','6','8','15','0','0','0','0','4','5','12','7','8','9','10','11','','','','','','','','','http://www.bls.gov/ooh/healthcare/occupational-therapists.htm','http://nces.ed.gov/collegenavigator/',''),(120,131,'Optometrist','2','1','4','23','0','11','24','0','12','25','0','13','26','0','14','29','0','15','30','0','20','0','0','22','0','0','8','9','10','12','15','0','0','0','4','5','12','7','8','9','10','11','','','','','','','','','http://www.bls.gov/ooh/healthcare/optometrists.htm','http://nces.ed.gov/collegenavigator/',''),(121,132,'Pharmacist','2','1','4','24','0','8','25','0','11','29','0','12','30','0','13','0','0','15','0','0','20','0','0','22','0','0','8','9','10','12','15','0','0','0','4','5','12','7','8','9','10','11','','','','','','','','','http://www.bls.gov/ooh/Healthcare/Pharmacists.htm','http://nces.ed.gov/collegenavigator/',''),(122,133,'Physical Therapy','1','2','3','15','29','4','16','30','8','20','0','10','22','0','11','24','0','12','25','0','13','26','0','14','27','0','8','10','12','15','0','0','0','0','4','5','12','7','8','9','10','11','','','','','','','','','http://www.bls.gov/ooh/healthcare/physical-therapists.htm','http://nces.ed.gov/collegenavigator/',''),(123,134,'Physician','2','4','3','13','26','4','14','29','6','15','30','7','16','33','8','20','0','10','22','0','11','24','0','12','25','0','1','6','8','15','0','0','0','0','4','5','12','7','8','9','10','11','','','','','','','','','http://www.bls.gov/ooh/healthcare/physicians-and-surgeons.htm','http://nces.ed.gov/collegenavigator/',''),(124,135,'Radiology','2','1','4','25','0','10','29','0','11','30','0','15','0','0','20','0','0','22','0','0','23','0','0','24','0','0','8','9','10','12','15','0','0','0','4','5','12','7','8','9','10','11','','','','','','','','','http://www.bls.gov/ooh/healthcare/radiologic-technologists.htm','http://nces.ed.gov/collegenavigator/',''),(125,136,'Respiratory Therapy','2','1','3','15','30','4','16','1','5','20','0','8','22','0','10','24','0','11','25','0','13','26','0','14','29','0','8','9','10','12','15','0','0','0','4','5','12','7','8','9','10','11','','','','','','','','','http://www.bls.gov/ooh/healthcare/respiratory-therapists.htm','http://nces.ed.gov/collegenavigator/',''),(126,137,'Sales','3','1','3','17','0','33','18','0','1','27','0','8','34','0','9','25','0','2','23','0','15','24','0','16','25','0','3','9','12','13','0','0','0','0','13','15','9','10','11','12','0','0','','','','','','','','','http://www.bls.gov/ooh/sales/wholesale-and-manufacturing-sales-representatives.htm','http://nces.ed.gov/collegenavigator/',''),(127,138,'Surgical Technician','2','1','3','15','29','4','16','30','5','17','0','6','20','0','8','23','0','10','24','0','11','25','0','12','26','0','8','9','10','12','15','0','0','0','4','5','12','7','8','9','10','11','','','','','','','','','http://www.bls.gov/ooh/healthcare/surgical-technologists.htm','http://nces.ed.gov/collegenavigator/',''),(128,139,'Ultrasound','1','3','3','17','0','4','20','0','5','22','0','8','25','0','10','29','0','11','30','0','12','0','0','16','0','0','2','4','12','13','15','0','0','0','4','5','12','7','8','9','10','11','','','','','','','','','http://www.bls.gov/ooh/healthcare/diagnostic-medical-sonographers.htm','http://nces.ed.gov/collegenavigator/',''),(129,140,'Developer / Programmer','1','2','3','14','26','4','15','29','5','17','30','8','18','33','10','20','1','11','23','0','12','24','0','13','25','0','8','9','10','12','15','0','0','0','4','5','12','7','8','9','10','11','','','','','','','','','http://www.bls.gov/ooh/computer-and-information-technology/software-developers.htm','http://nces.ed.gov/collegenavigator/',''),(130,141,'Network Administrator','2','4','3','26','0','5','29','0','10','2','0','11','1','0','15','0','0','20','0','0','23','0','0','25','0','0','1','6','8','15','0','0','0','0','4','5','12','7','8','9','10','11','','','','','','','','','http://www.bls.gov/ooh/computer-and-information-technology/network-and-computer-systems-administrators.htm','http://nces.ed.gov/collegenavigator/',''),(131,142,'Technical Support','2','3','3','16','29','4','17','30','8','18','33','10','20','2','11','23','1','13','25','0','12','26','0','15','27','0','2','4','12','13','15','0','0','0','4','5','12','7','8','9','10','11','','','','','','','','','http://www.bls.gov/ooh/computer-and-information-technology/computer-support-specialists.htm','http://nces.ed.gov/collegenavigator/',''),(132,143,'Systems Analysts','1','2','3','23','0','4','25','0','10','26','0','11','29','0','12','30','0','13','33','0','15','1','0','20','0','0','8','9','10','12','15','0','0','0','4','5','12','7','8','9','10','11','1','10','4','6','8','2','7','20','http://www.bls.gov/ooh/computer-and-information-technology/computer-systems-analysts.htm','http://nces.ed.gov/collegenavigator/',''),(133,144,'Catering','3','2','3','17','0','5','19','0','8','22','0','11','26','0','12','27','0','14','29','0','15','32','0','16','33','0','2','4','12','13','15','0','0','0','1','2','3','13','14','15','0','0','','','','','','','','','http://www.bls.gov/ooh/food-preparation-and-serving/cooks.htm','http://nces.ed.gov/collegenavigator/',''),(134,145,'Hotel','3','2','3','15','32','5','16','2','6','19','1','8','20','0','9','22','0','10','26','0','11','27','0','12','29','0','2','4','12','13','15','0','0','0','1','2','3','13','14','15','0','0',' Striving: Working Harder',' Practitioner Technician ',' Thinking: Working Harder','Influencing People','Relating: Assisting People ','Leadership','Benevolence','Community Life','http://www.bls.gov/ooh/management/lodging-managers.htm','http://nces.ed.gov/collegenavigator/',''),(135,146,'Reservation Agents','3','2','3','19','2','5','20','1','8','26','0','9','27','0','10','29','0','13','30','0','15','33','0','16','34','0','2','4','12','13','15','0','0','0','1','2','3','13','14','15','0','0','','','','','','','','','http://www.bls.gov/ooh/sales/travel-agents.htm','http://nces.ed.gov/collegenavigator/',''),(136,147,'Restaurant Servers','2','3','3','15','30','5','16','31','6','19','2','8','21','1','9','22','0','10','26','0','11','27','0','13','29','0','2','4','12','13','15','0','0','0','1','2','3','13','14','15','0','0','','','','','','','','','http://www.bls.gov/ooh/food-preparation-and-serving/food-and-beverage-serving-and-related-workers.htm','http://nces.ed.gov/collegenavigator/',''),(137,148,'Cook','2','1','3','19','1','5','20','0','6','25','0','8','26','0','10','29','0','11','30','0','12','32','0','15','2','0','8','9','10','12','15','0','0','0','1','2','3','13','14','15','0','0','','','','','','','','','http://www.bls.gov/ooh/food-preparation-and-serving/cooks.htm','http://nces.ed.gov/collegenavigator/',''),(138,149,'Maitre\'d','3','1','3','20','0','5','21','0','6','22','0','8','26','0','9','27','0','16','31','0','18','34','0','19','2','0','3','9','12','13','0','0','0','0','3','5','6','7','15','9','10','11','','','','','','','','','http://www.bls.gov/ooh/food-preparation-and-serving/bartenders.htm','http://nces.ed.gov/collegenavigator/',''),(139,150,'Tourism','3','1','3','16','34','5','19','2','6','20','1','8','26','0','9','27','0','10','29','0','11','32','0','12','33','0','3','9','12','13','0','0','0','0','1','2','3','13','14','15','0','0','','','','','','','','','http://www.bls.gov/oes/current/oes397011.htm','http://nces.ed.gov/collegenavigator/',''),(140,151,'Benefits','1','4','4','21','0','5','0','0','14','0','0','26','0','0','22','0','0','10','0','0','11','0','0','12','0','0','5','6','8','9','0','0','0','0','1','2','0','13','14','0','0','0','','','','','','','','','http://www.bls.gov/ooh/management/compensation-and-benefits-managers.htm','http://nces.ed.gov/collegenavigator/',''),(141,152,'Compensation','1','4','4','22','0','33','19','0','29','0','0','8','0','0','20','0','0','11','0','0','13','0','0','14','0','0','5','6','8','9','0','0','0','0','1','2','14','13','0','0','0','0','','','','','','','','','http://www.bls.gov/ooh/management/compensation-and-benefits-managers.htm','http://nces.ed.gov/collegenavigator/',''),(142,153,'HR Assistant','2','1','3','29','0','5','30','0','8','2','0','11','0','0','15','0','0','16','0','0','26','0','0','27','0','0','8','9','10','15','0','0','0','0','3','5','6','7','15','9','10','11','','','','','','','','','http://www.bls.gov/oes/current/oes434161.htm','http://nces.ed.gov/collegenavigator/',''),(143,154,'HR Generalist','1','2','3','15','0','4','30','0','5','22','0','8','26','0','11','0','0','12','0','0','29','0','0','14','0','0','8','9','10','12','15','0','0','0','15','2','3','14','0','0','0','0','','','','','','','','','http://www.bls.gov/ooh/Business-and-Financial/Human-resources-specialists.htm','http://nces.ed.gov/collegenavigator/',''),(144,155,'Labor Relations','4','3','3','13','0','4','29','0','0','33','0','8','30','0','0','2','0','10','19','0','26','20','0','12','24','0','6','7','11','13','14','0','0','0','13','1','5','9','0','0','0','0','','','','','','','','','http://www.bls.gov/ooh/Business-and-Financial/Human-resources-specialists.htm','http://nces.ed.gov/collegenavigator/',''),(145,156,'HR Manager','4','1','3','15','0','4','16','0','5','29','0','33','20','0','8','25','0','30','26','0','13','0','0','14','0','0','5','6','8','9','0','0','0','0','1','16','4','13','0','0','0','0','','','','','','','','','http://www.bls.gov/ooh/management/human-resources-managers.htm','http://nces.ed.gov/collegenavigator/',''),(146,157,'Recruiter','2','3','3','0','0','1','18','0','34','0','0','10','22','0','2','30','0','14','25','0','15','26','0','16','29','0','2','4','12','13','15','0','0','0','3','2','14','15','0','0','0','0','','','','','','','','','http://www.bls.gov/ooh/Business-and-Financial/Human-resources-specialists.htm','http://nces.ed.gov/collegenavigator/',''),(147,158,'Facilities','2','4','3','22','0','5','26','0','10','29','0','11','30','0','12','0','0','13','0','0','15','0','0','19','0','0','1','6','8','15','0','0','0','0','1','2','3','13','14','15','0','0','','','','','','','','','http://www.bls.gov/ooh/management/administrative-services-managers.htm','http://nces.ed.gov/collegenavigator/',''),(148,159,'General Labor','2','1','3','21','0','5','22','0','9','26','0','10','27','0','11','29','0','12','30','0','15','1','0','19','0','0','8','9','10','12','15','0','0','0','3','5','6','7','15','9','10','11','','','','','','','','','http://www.bls.gov/ooh/installation-maintenance-and-repair/general-maintenance-and-repair-workers.htm','http://nces.ed.gov/collegenavigator/',''),(149,160,'Landscaper','2','1','3','15','1','5','21','0','6','22','0','9','26','0','10','27','0','11','29','0','12','30','0','14','2','0','8','9','10','12','15','0','0','0','3','5','6','7','15','9','10','11','','','','','','','','','http://www.bls.gov/ooh/building-and-grounds-cleaning/grounds-maintenance-workers.htm','http://nces.ed.gov/collegenavigator/',''),(150,161,'Maintenance','2','1','5','30','0','11','2','0','12','1','0','14','0','0','15','0','0','26','0','0','27','0','0','29','0','0','8','9','10','12','15','0','0','0','4','5','12','7','15','9','10','11','','','','','','','','','http://www.bls.gov/ooh/installation-maintenance-and-repair/general-maintenance-and-repair-workers.htm','http://nces.ed.gov/collegenavigator/',''),(151,162,'Law Enforcement','4','2','3','13','31','4','15','33','5','16','2','6','22','0','7','25','0','8','26','0','11','29','0','12','30','0','1','6','8','15','0','0','0','0','1','2','3','13','14','15','0','0','','','','','','','','','http://www.bls.gov/ooh/Protective-Service/Police-and-detectives.htm','http://nces.ed.gov/collegenavigator/',''),(152,163,'Paralegal','2','4','4','20','33','5','21','0','6','22','0','7','23','0','11','24','0','12','25','0','13','29','0','15','30','0','1','6','8','15','0','0','0','0','4','5','12','7','8','9','10','11','','','','','','','','','http://www.bls.gov/ooh/Legal/Paralegals-and-legal-assistants.htm','http://nces.ed.gov/collegenavigator/',''),(153,164,'Security Officer','4','3','3','13','0','4','15','0','5','0','0','16','0','0','7','0','0','30','0','0','11','0','0','29','0','0','6','7','11','13','14','0','0','0','1','3','13','9','0','0','0','0','','','','','','','','','http://www.bls.gov/oes/current/oes339032.htm','http://nces.ed.gov/collegenavigator/',''),(154,165,'Small Business Owner','2','4','3','13','25','4','14','26','5','15','29','6','16','30','7','17','32','8','18','33','9','19','2','10','20','1','1','6','8','15','0','0','0','0','1','2','3','13','14','15','0','0','0','0','0','0','0','0','0','0','http://www.bizfilings.com/toolkit/sbg/startup/entrepeneurship/understanding-requirements-of-business-ownership.aspx','http://nces.ed.gov/collegenavigator/',''),(155,166,'Service Business Owner','2','1','3','13','32','5','14','2','6','15','1','7','16','0','8','26','0','9','27','0','11','29','0','12','30','0','8','9','10','12','15','0','0','0','1','3','2','13','14','15','0','0','','','','','','','','','http://www.bizfilings.com/toolkit/sbg/startup/entrepeneurship/understanding-requirements-of-business-ownership.aspx','http://nces.ed.gov/collegenavigator/',''),(156,167,'Team Leadership Strength','2','4','4','13','31','5','14','1','6','15','0','7','17','0','8','19','0','9','26','0','11','27','0','12','29','0','1','6','8','15','0','0','0','0','1','2','3','13','14','15','0','0','','','','','','','','','http://www.bizfilings.com/toolkit/sbg/startup/entrepeneurship/understanding-requirements-of-business-ownership.aspx','http://nces.ed.gov/collegenavigator/','http://www.videoo_url/'),(157,168,'Retail Store Owner','3','2','4','13','27','5','15','31','6','16','32','8','17','34','9','19','2','10','20','1','11','23','0','12','26','0','2','4','12','13','15','0','0','0','1','2','3','13','14','15','0','0','','','','','','','','','http://www.bizfilings.com/toolkit/sbg/startup/entrepeneurship/understanding-requirements-of-business-ownership.aspx','http://nces.ed.gov/collegenavigator/',''),(158,169,'Inventor','1','2','3','23','1','4','24','0','6','25','0','10','26','0','13','30','0','17','32','0','18','33','0','20','2','0','8','9','10','12','15','0','0','0','4','5','12','7','8','9','10','11','','','','','','','','','http://www.inventionpartner.com/how-to-become-an-inventor.html','http://nces.ed.gov/collegenavigator/',''),(159,170,'Cheif Executive Officer (CEO)','4','2','3','13','25','4','14','26','6','15','29','7','16','30','8','17','32','9','18','31','10','20','33','11','24','2','1','6','8','15','0','0','0','0','12','16','0','0','0','0','0','0','','','','','','','','','http://www.bls.gov/ooh/management/top-executives.htm','http://nces.ed.gov/collegenavigator/',''),(160,171,'Cheif Operations Officer (COO)','2','4','3','14','30','4','15','33','5','16','2','8','21','1','10','22','0','11','25','0','12','26','0','13','29','0','1','6','8','15','0','0','0','0','1','2','3','13','14','15','0','0','','','','','','','','','http://www.bls.gov/ooh/management/top-executives.htm','http://nces.ed.gov/collegenavigator/',''),(161,172,'Cheif Financial Officer (CFO)','2','4','4','29','0','5','30','0','10','33','0','11','2','0','13','1','0','15','0','0','20','0','0','25','0','0','1','6','8','15','0','0','0','0','1','2','3','13','14','15','0','0','','','','','','','','','http://www.bls.gov/ooh/management/top-executives.htm','http://nces.ed.gov/collegenavigator/',''),(162,173,'Mid Size Business Owner','4','2','3','16','30','4','17','32','6','18','33','7','20','34','8','24','2','11','25','1','13','26','0','15','29','0','1','6','8','15','0','0','0','0','12','16','0','0','0','0','0','0','','','','','','','','','http://www.bizfilings.com/toolkit/sbg/startup/entrepeneurship/understanding-requirements-of-business-ownership.aspx','http://nces.ed.gov/collegenavigator/',''),(163,174,'Attorney','4','2','4','22','1','11','24','0','12','25','0','13','26','0','15','29','0','16','30','0','17','32','0','20','33','0','1','6','8','15','0','0','0','0','4','5','12','7','8','9','10','11','','','','','','','','','http://www.bls.gov/ooh/legal/lawyers.htm','http://nces.ed.gov/collegenavigator/',''),(164,175,'Contract Administration','2','1','3','19','33','4','20','0','5','22','0','8','24','0','10','25','0','11','26','0','12','29','0','15','30','0','8','9','10','12','15','0','0','0','1','2','3','13','14','15','0','0','','','','','','','','','http://www.bls.gov/ooh/management/administrative-services-managers.htm','http://nces.ed.gov/collegenavigator/',''),(165,176,'Labor & Employment','2','1','3','12','30','4','13','33','5','15','0','6','16','0','7','22','0','8','24','0','10','25','0','11','29','0','8','9','10','12','15','0','0','0','3','5','12','7','8','9','10','11','','','','','','','','','http://www.bls.gov/oes/current/oes231011.htm','http://nces.ed.gov/collegenavigator/',''),(166,178,'Patent/IP Law','2','4','4','23','0','6','24','0','7','20','0','8','25','0','10','26','0','11','29','0','13','33','0','15','0','0','1','6','8','15','0','0','0','0','4','5','12','7','8','9','10','11','','','','','','','','','http://www.bls.gov/opub/ooq/2009/fall/art03.pdf','http://nces.ed.gov/collegenavigator/',''),(167,179,'Real Estate Law','2','3','3','24','0','4','25','0','8','29','0','10','30','0','11','33','0','12','0','0','15','0','0','23','0','0','2','4','12','13','15','0','0','0','4','5','12','7','8','9','10','11','0','0','0','0','0','0','0','0','http://www.bls.gov/ooh/legal/lawyers.htm','http://nces.ed.gov/collegenavigator/',''),(168,180,'Regulatory / Compliance ','4','2','4','16','0','6','20','0','7','25','0','8','29','0','10','30','0','11','0','0','12','0','0','15','0','0','1','6','8','15','0','0','0','0','0','0','0','0','0','0','0','0','','','','','','','','','http://www.bls.gov/oes/current/oes131041.htm','http://nces.ed.gov/collegenavigator/',''),(169,181,'Tax Law','1','2','3','20','0','4','22','0','8','24','0','10','25','0','11','29','0','12','30','0','13','0','0','15','0','0','8','9','10','12','15','0','0','0','0','0','0','0','0','0','0','0','','','','','','','','','http://www.bls.gov/ooh/legal/lawyers.htm','http://nces.ed.gov/collegenavigator/',''),(170,182,'Assemblers','1','2','5','27','0','10','29','0','11','0','0','12','0','0','15','0','0','22','0','0','23','0','0','26','0','0','8','9','10','12','15','0','0','0','4','5','6','7','8','9','10','11','','','','','','','','','http://www.bls.gov/ooh/production/assemblers-and-fabricators.htm','http://nces.ed.gov/collegenavigator/',''),(171,183,'Machinists','2','4','3','29','0','4','30','0','5','2','0','11','0','0','15','0','0','23','0','0','25','0','0','26','0','0','1','6','8','15','0','0','0','0','4','5','9','8','0','0','0','0','','','','','','','','','http://www.bls.gov/ooh/production/machinists-and-tool-and-die-makers.htm','http://nces.ed.gov/collegenavigator/',''),(172,184,'Production Supervisors','2','4','3','14','29','5','15','33','7','16','2','8','19','1','10','21','0','11','22','0','12','26','0','13','27','0','1','6','8','15','0','0','0','0','1','2','3','13','14','15','0','0','','','','','','','','','http://www.bls.gov/oes/current/oes511011.htm','http://nces.ed.gov/collegenavigator/',''),(173,185,'Purchasing','3','4','3','13','33','4','15','0','5','16','0','7','20','0','8','25','0','9','26','0','10','29','0','11','30','0','6','7','11','13','14','0','0','0','1','2','3','13','14','15','0','0','','','','','','','','','http://www.bls.gov/ooh/business-and-financial/purchasing-managers-buyers-and-purchasing-agents.htm','http://nces.ed.gov/collegenavigator/',''),(174,186,'Quality Control','2','4','4','25','0','6','26','0','7','29','0','8','30','0','10','0','0','11','0','0','15','0','0','20','0','0','1','6','8','15','0','0','0','0','4','5','12','7','8','9','10','11','','','','','','','','','http://www.bls.gov/ooh/production/quality-control-inspectors.htm','http://nces.ed.gov/collegenavigator/',''),(175,187,'Welder','2','1','3','29','0','5','30','0','10','1','0','11','0','0','12','0','0','15','0','0','25','0','0','26','0','0','8','9','10','12','15','0','0','0','3','5','6','7','8','9','10','11','','','','','','','','','http://www.bls.gov/ooh/production/welders-cutters-solderers-and-brazers.htm','http://nces.ed.gov/collegenavigator/',''),(176,188,'Product Manager','1','2','3','24','1','4','25','0','5','26','0','8','27','0','12','30','0','16','32','0','20','33','0','23','2','0','8','9','10','12','15','0','0','0','1','2','3','13','14','15','0','0','','','','','','','','','http://www.bls.gov/ooh/management/advertising-promotions-and-marketing-managers.htm','http://nces.ed.gov/collegenavigator/',''),(177,189,'Account Executive','3','1','3','26','0','5','27','0','6','31','0','8','32','0','9','34','0','16','1','0','18','2','0','24','0','0','2','4','12','13','15','0','0','0','1','2','3','13','14','15','0','0','','','','','','','','','http://www.bls.gov/ooh/sales/wholesale-and-manufacturing-sales-representatives.htm','http://nces.ed.gov/collegenavigator/',''),(178,190,'Communications','3','4','3','32','0','8','27','0','10','0','0','34','0','0','16','0','0','17','0','0','18','0','0','19','0','0','7','6','11','13','0','0','0','0','7','8','12','11','0','0','0','0','','','','','','','','','http://www.bls.gov/oes/current/oes273099.htm','http://nces.ed.gov/collegenavigator/',''),(179,191,'Copywriter','2','1','3','16','26','5','17','29','7','21','30','8','22','1','11','23','0','10','24','0','12','25','0','15','25','0','8','9','10','12','15','0','0','0','3','5','6','7','8','9','10','11','','','','','','','','','http://www.bls.gov/ooh/media-and-communication/writers-and-authors.htm','http://nces.ed.gov/collegenavigator/',''),(180,192,'Design','1','3','3','18','32','5','19','34','6','20','1','10','22','0','12','26','0','14','27','0','16','30','0','17','31','0','3','9','12','13','0','0','0','0','3','5','6','7','15','9','10','11','','','','','','','','','http://www.bls.gov/ooh/arts-and-design/multimedia-artists-and-animators.htm','http://nces.ed.gov/collegenavigator/',''),(181,193,'Editor','1','2','4','15','30','6','16','1','7','17','0','8','23','0','9','24','0','10','25','0','11','26','0','12','29','0','8','9','10','12','15','0','0','0','4','5','12','7','8','9','10','11','','','','','','','','','http://www.bls.gov/ooh/media-and-communication/editors.htm','http://nces.ed.gov/collegenavigator/',''),(182,194,'Market Analyst','2','1','4','20','0','6','23','0','7','24','0','10','25','0','11','29','0','12','0','0','13','0','0','15','0','0','8','9','10','12','15','0','0','0','4','5','12','7','8','9','10','11','','','','','','','','','http://www.bls.gov/ooh/business-and-financial/market-research-analysts.htm','http://nces.ed.gov/collegenavigator/',''),(183,195,'Marketing Manager','4','2','3','15','0','4','16','0','6','18','0','9','26','0','8','27','0','10','31','0','11','33','0','14','0','0','1','8','15','6','0','0','0','0','1','2','3','13','14','15','0','0','','','','','','','','','http://www.bls.gov/oes/current/oes112021.htm','http://nces.ed.gov/collegenavigator/',''),(184,196,'Merchandiser','3','1','4','13','26','5','15','33','6','16','1','8','17','0','9','18','0','10','20','0','11','23','0','12','25','0','3','9','12','13','0','0','0','0','3','5','12','7','8','9','10','11','','','','','','','','','http://www.bls.gov/oes/current/oes271026.htm','http://nces.ed.gov/collegenavigator/',''),(185,197,'Development Manager','2','4','3','13','25','4','14','26','5','15','27','6','16','29','8','17','30','10','18','1','11','19','0','12','22','0','1','6','8','15','0','0','0','0','1','2','3','13','14','15','0','0','','','','','','','','','http://www.bls.gov/ooh/management/social-and-community-service-managers.htm','http://nces.ed.gov/collegenavigator/',''),(186,198,'Public Relations','3','4','3','17','33','5','18','2','6','19','1','8','20','0','10','25','0','11','26','0','14','27','0','16','29','0','6','7','11','13','0','0','0','0','12','16','0','0','0','0','0','0','','','','','','','','','http://www.bls.gov/ooh/management/public-relations-managers-and-specialists.htm','http://nces.ed.gov/collegenavigator/aaaa',''),(187,199,'Massage Therapy','2','1','3','26','0','4','27','0','6','30','0','10','0','0','11','0','0','14','0','0','16','0','0','22','0','0','8','9','10','12','15','0','0','0','3','5','6','7','15','9','10','11','','','','','','','','','http://www.bls.gov/ooh/healthcare/massage-therapists.htm','http://nces.ed.gov/collegenavigator/',''),(188,200,'Hair Salon','2','1','3','16','0','4','22','0','5','26','0','10','27','0','11','30','0','12','0','0','14','0','0','15','0','0','8','9','10','12','15','0','0','0','3','5','6','7','15','9','10','11','','','','','','','','','http://www.bls.gov/ooh/personal-care-and-service/barbers-hairdressers-and-cosmetologists.htm','http://nces.ed.gov/collegenavigator/',''),(189,201,'Escrow','2','4','3','15','33','4','16','2','5','19','1','8','20','0','10','26','0','11','27','0','12','29','0','13','30','0','1','6','8','15','0','0','0','0','1','2','3','13','14','15','0','0','','','','','','','','','http://www.bls.gov/ooh/legal/paralegals-and-legal-assistants.htm','http://nces.ed.gov/collegenavigator/',''),(190,202,'Leasing','2','3','3','27','0','4','29','0','5','30','0','9','33','0','11','2','0','13','1','0','16','0','0','26','0','0','2','4','12','13','15','0','0','0','1','3','2','13','14','15','0','0','','','','','','','','','http://www.bls.gov/ooh/management/property-real-estate-and-community-association-managers.htm','http://nces.ed.gov/collegenavigator/',''),(191,203,'Mortgage Broker','3','2','3','15','33','4','16','2','5','20','1','6','26','34','8','27','0','9','29','0','11','30','0','13','31','0','2','4','12','13','15','0','0','0','1','2','3','13','14','15','0','0','','','','','','','','','http://www.bls.gov/oes/2001/oesi3_616.htm','http://nces.ed.gov/collegenavigator/',''),(192,204,'Real Estate Agents','3','2','3','15','29','5','16','30','6','17','32','8','19','33','9','20','34','11','25','2','13','26','1','14','27','0','2','4','12','13','15','0','0','0','9','10','11','13','12','15','0','0','','','','','','','','','http://www.bls.gov/ooh/sales/real-estate-brokers-and-sales-agents.htm','http://nces.ed.gov/collegenavigator/',''),(193,205,'Real Estate Broker / Residential','2','4','3','13','26','4','14','27','5','15','29','7','16','30','8','17','32','9','18','33','10','19','2','11','22','1','1','6','8','15','0','0','0','0','9','10','11','13','12','15','0','0','','','','','','','','','http://www.bls.gov/oes/current/oes419021.htm','http://nces.ed.gov/collegenavigator/',''),(194,206,'Real Estate Broker / Commercial','2','4','3','15','29','4','16','30','5','17','32','8','18','33','9','19','2','11','20','1','13','25','0','14','26','0','1','6','8','15','0','0','0','0','9','10','11','13','12','15','0','0','','','','','','','','','http://www.bls.gov/oes/current/oes419021.htm','http://nces.ed.gov/collegenavigator/',''),(195,207,'Real Estate Appraiser','2','4','3','0','0','4','0','0','11','0','0','12','0','0','15','0','0','20','0','0','25','0','0','29','0','0','1','6','8','15','0','0','0','0','1','2','3','13','14','15','0','0','','','','','','','','','http://www.bls.gov/ooh/business-and-financial/appraisers-and-assessors-of-real-estate.htm','http://nces.ed.gov/collegenavigator/',''),(196,208,'Property Management','4','2','3','25','0','5','27','0','7','29','0','8','30','0','9','2','0','15','1','0','16','0','0','22','0','0','1','6','8','15','0','0','0','0','1','2','3','13','14','15','0','0','','','','','','','','','http://www.bls.gov/ooh/management/property-real-estate-and-community-association-managers.htm','http://nces.ed.gov/collegenavigator/',''),(204,215,'Chef','1','2','3','15','0','4','20','0','5','25','0','6','26','0','10','1','0','11','0','0','12','0','0','14','0','0','8','9','10','12','15','0','0','0','4','5','6','7','8','9','10','11','','','','','','','','','http://www.bls.gov/ooh/food-preparation-and-serving/chefs-and-head-cooks.htm','http://nces.ed.gov/collegenavigator/',''),(198,210,'Investment Banking','2','4','4','18','0','6','20','0','7','24','0','9','25','0','10','26','0','13','33','0','15','1','0','17','0','0','1','6','8','15','0','0','0','0','4','5','12','7','8','9','10','11','','','','','','','','','http://www.bls.gov/ooh/sales/securities-commodities-and-financial-services-sales-agents.htm','http://nces.ed.gov/collegenavigator/',''),(199,211,'Construction & Development','2','4','3','20','0','10','25','0','11','26','0','12','29','0','13','30','0','15','33','0','17','2','0','18','1','0','1','6','8','15','0','0','0','0','12','16','0','0','0','0','0','0','','','','','','','','','http://en.wikipedia.org/wiki/Real_estate_development','http://nces.ed.gov/collegenavigator/',''),(200,212,'Real Estate Entrepreneur','4','2','4','16','30','7','17','32','6','18','33','8','20','2','9','24','1','11','25','0','13','26','0','15','29','0','1','6','8','15','0','0','0','0','12','16','0','0','0','0','0','0','','','','','','','','','http://en.wikipedia.org/wiki/Real_estate_entrepreneur','http://nces.ed.gov/collegenavigator/',''),(203,214,'Bartenders','3','2','3','21','0','5','22','0','8','24','0','10','26','0','11','27','0','12','34','0','16','0','0','19','0','0','2','4','12','13','15','0','0','0','3','5','6','7','15','9','10','11','','','','','','','','','http://www.bls.gov/oes/current/oes353011.htm','http://nces.ed.gov/collegenavigator/',''),(205,216,'Cook','2','4','3','29','0','5','30','0','8','2','0','11','1','0','12','0','0','19','0','0','26','0','0','27','0','0','1','6','8','15','0','0','0','0','3','5','6','7','15','9','10','11','','','','','','','','','http://www.bls.gov/ooh/food-preparation-and-serving/cooks.htm','http://nces.ed.gov/collegenavigator/',''),(206,217,'Short Order Cook','2','3','3','19','0','5','26','0','7','27','0','8','29','0','9','2','0','11','0','0','12','0','0','15','0','0','2','4','12','13','15','0','0','0','3','5','6','7','15','9','10','11','','','','','','','','','http://www.bls.gov/oes/current/oes352015.htm','http://nces.ed.gov/collegenavigator/',''),(207,218,'Restaurant Management','4','2','3','11','26','4','13','29','5','15','30','6','16','32','7','17','33','8','19','34','9','20','2','10','25','1','1','6','8','15','0','0','0','0','1','2','3','13','14','15','0','0','','','','','','','','','http://www.bls.gov/ooh/management/food-service-managers.htm','http://nces.ed.gov/collegenavigator/',''),(208,219,'Server / Waiter','2','3','3','22','0','5','26','0','8','27','0','11','29','0','15','30','0','16','34','0','19','2','0','21','0','0','2','4','12','13','15','0','0','0','3','5','6','7','15','9','10','11','','','','','','','','','http://www.bls.gov/ooh/food-preparation-and-serving/waiters-and-waitresses.htm','http://nces.ed.gov/collegenavigator/',''),(209,220,'Maitre\'d / Hostess','3','1','3','20','34','4','21','2','5','22','0','6','23','0','8','25','0','14','26','0','16','27','0','19','31','0','3','9','12','13','0','0','0','0','3','5','6','7','15','9','10','11','','','','','','','','','http://www.bls.gov/oes/current/oes359031.htm','http://nces.ed.gov/collegenavigator/',''),(210,221,'Warehouse Worker','2','1','11','0','0','12','0','0','13','0','0','15','0','0','22','0','0','25','0','0','26','0','0','2','0','0','8','9','10','12','15','0','0','0','4','5','12','7','8','9','10','11','','','','','','','','','http://www.bls.gov/ooh/transportation-and-material-moving/hand-laborers-and-material-movers.htm','http://nces.ed.gov/collegenavigator/',''),(211,222,'Buyer / Purchasing Agent','2','3','3','15','0','4','16','0','5','20','0','8','25','0','9','26','0','11','29','0','12','0','0','13','0','0','2','4','12','13','15','0','0','0','1','2','3','13','14','15','0','0','','','','','','','','','http://www.bls.gov/ooh/business-and-financial/purchasing-managers-buyers-and-purchasing-agents.htm','http://nces.ed.gov/collegenavigator/',''),(212,223,'Merchandiser','1','2','3','25','0','4','26','0','5','30','0','10','33','0','16','1','0','17','0','0','18','0','0','20','0','0','8','9','10','12','15','0','0','0','4','5','12','7','8','9','10','11','','','','','','','','','http://www.bls.gov/oes/current/oes271026.htm','http://nces.ed.gov/collegenavigator/',''),(213,224,'Counter Sales / Clerk','1','3','3','16','0','34','2','0','5','1','0','8','0','0','9','0','0','29','0','0','27','0','0','15','0','0','3','9','12','13','0','0','0','0','13','10','9','15','11','12','0','0','','','','','','','','','http://www.bls.gov/ooh/sales/cashiers.htm','http://nces.ed.gov/collegenavigator/',''),(214,225,'Cashier','3','2','3','29','0','5','30','0','8','34','0','11','0','0','16','0','0','19','0','0','22','0','0','27','0','0','2','4','12','13','15','0','0','0','3','5','6','7','9','15','10','11','','','','','','','','','http://www.bls.gov/ooh/sales/cashiers.htm','http://nces.ed.gov/collegenavigator/',''),(215,226,'Store Manager','2','4','3','14','27','4','15','30','6','16','33','7','17','2','8','18','1','9','20','0','11','25','0','13','26','0','1','6','8','15','0','0','0','0','1','2','3','13','14','15','0','0','','','','','','','','','http://www.bls.gov/oes/current/oes411011.htm','http://nces.ed.gov/collegenavigator/',''),(216,227,'Stocking Clerk','2','1','4','29','0','11','0','0','12','0','0','13','0','0','15','0','0','25','0','0','26','0','0','30','0','0','8','9','10','12','15','0','0','0','4','5','12','7','15','9','10','11','','','','','','','','','http://www.bls.gov/oes/current/oes435081.htm','http://nces.ed.gov/collegenavigator/',''),(217,228,'Facilities / Maintenance / Janitorial','2','1','3','29','0','5','30','0','11','0','0','12','0','0','15','0','0','19','0','0','26','0','0','27','0','0','0','0','0','0','0','0','0','0','0','0','0','0','0','0','0','0','','','','','','','','','http://www.bls.gov/ooh/management/administrative-services-managers.htm','http://nces.ed.gov/collegenavigator/',''),(218,229,'Security Officer','4','3','3','13','0','4','15','0','5','16','0','6','17','0','7','22','0','8','29','0','11','30','0','12','0','0','6','7','11','13','6','0','0','0','1','2','3','13','14','15','0','0','','','','','','','','','http://www.bls.gov/ooh/healthcare/occupational-health-and-safety-specialists.htm','http://nces.ed.gov/collegenavigator/',''),(219,230,'Loss Prevention','2','4','4','30','0','6','33','0','7','0','0','11','0','0','12','0','0','15','0','0','22','0','0','29','0','0','1','6','8','15','0','0','0','0','4','5','12','7','8','9','10','11','','','','','','','','','http://www.bls.gov/ooh/healthcare/occupational-health-and-safety-specialists.htm','http://nces.ed.gov/collegenavigator/',''),(220,231,'Human Resources','4','1','3','15','29','4','16','30','5','19','33','6','20','0','8','25','0','11','26','0','13','28','0','14','27','0','5','6','8','9','0','0','0','0','1','2','3','13','14','15','0','0','','','','','','','','','http://www.bls.gov/ooh/management/human-resources-managers.htm','http://nces.ed.gov/collegenavigator/',''),(221,232,'Accounting','2','4','4','25','0','7','26','0','10','29','0','11','30','0','12','0','0','13','0','0','15','0','0','20','0','0','1','6','8','15','0','0','0','0','4','5','12','7','8','9','10','11','','','','','','','','','http://www.bls.gov/ooh/Business-and-Financial/Accountants-and-auditors.htm','http://nces.ed.gov/collegenavigator/',''),(222,233,'Corporate Management','4','2','3','15','29','4','16','30','6','18','33','7','17','1','8','20','0','9','24','0','13','25','0','14','26','0','1','6','8','15','0','0','0','0','1','2','3','13','14','15','0','0','','','','','','','','','http://www.exforsys.com/career-center/career-tracks/duties-and-responsibilities-related-to-being-a-retail-store-manager.html','http://nces.ed.gov/collegenavigator/',''),(223,234,'Store Owner','2','4','3','16','30','5','18','33','4','17','0','8','20','0','9','25','0','11','26','0','13','27','0','15','29','0','1','6','8','15','0','0','0','0','1','2','3','13','14','15','0','0','','','','','','','','','http://www.exforsys.com/career-center/career-tracks/duties-and-responsibilities-related-to-being-a-retail-store-manager.html','http://nces.ed.gov/collegenavigator/',''),(224,235,'Account Management','3','2','3','20','0','8','24','0','9','25','0','1','33','0','2','27','0','34','32','0','15','29','0','16','31','0','2','4','12','13','15','0','0','0','13','15','9','10','12','11','0','0','','','','','','','','','http://www.bls.gov/ooh/sales/wholesale-and-manufacturing-sales-representatives.htm','http://nces.ed.gov/collegenavigator/',''),(225,236,'Outside Sales','3','2','3','16','0','1','17','0','34','18','0','8','28','0','9','20','0','33','23','0','32','27','0','15','25','0','2','4','12','13','15','0','0','0','13','9','10','15','11','12','0','0','','','','','','','','','http://www.bls.gov/ooh/sales/wholesale-and-manufacturing-sales-representatives.htm','http://nces.ed.gov/collegenavigator/',''),(226,237,'Retail Sales','3','2','3','32','0','5','34','0','8','1','0','9','0','0','16','0','0','17','0','0','20','0','0','27','0','0','2','4','12','13','15','0','0','0','13','9','10','11','15','0','0','0','','','','','','','','','http://www.bls.gov/ooh/sales/retail-sales-workers.htm','http://nces.ed.gov/collegenavigator/',''),(227,238,'Sales Management','3','4','3','2','32','4','15','33','5','16','0','1','17','0','7','26','0','8','27','0','9','29','0','11','34','0','6','7','11','13','14','0','0','0','9','10','11','13','15','0','0','0','','','','','','','','','http://www.bls.gov/ooh/management/sales-managers.htm','http://nces.ed.gov/collegenavigator/',''),(228,239,'Sales Engineeer','2','4','4','15','0','5','16','0','8','17','0','9','18','0','10','20','0','1','29','0','34','25','0','33','27','0','1','6','8','15','0','0','0','0','13','9','10','15','11','12','0','0','','','','','','','','','http://www.bls.gov/ooh/sales/sales-engineers.htm','http://nces.ed.gov/collegenavigator/',''),(229,240,'Consultive Sales','1','4','4','20','0','8','24','0','9','25','0','13','29','0','15','30','0','16','33','0','17','1','0','18','0','0','5','6','8','9','0','0','0','0','13','9','10','15','11','12','0','0','','','','','','','','','http://www.bls.gov/ooh/sales/wholesale-and-manufacturing-sales-representatives.htm','http://nces.ed.gov/collegenavigator/',''),(230,241,'Counselor','1','2','4','15','29','6','16','30','8','19','33','10','20','0','11','21','0','12','22','0','13','24','0','14','25','0','8','9','10','12','0','0','0','0','3','5','6','7','15','9','10','11','','','','','','','','','http://www.bls.gov/ooh/community-and-social-service/mental-health-counselors-and-marriage-and-family-therapists.htm','http://nces.ed.gov/collegenavigator/',''),(231,242,'Psychiatry','1','2','4','20','0','8','24','0','11','25','0','12','26','0','13','27','0','14','29','0','15','30','0','16','0','0','8','9','10','12','0','0','0','0','4','5','6','7','8','9','10','11','','','','','','','','','http://www.bls.gov/oes/current/oes291066.htm','http://nces.ed.gov/collegenavigator/',''),(232,243,'Social Worker','1','2','3','15','0','5','16','0','6','19','0','8','25','0','10','26','0','11','27','0','12','29','0','14','30','0','8','9','10','12','15','0','0','0','3','12','6','7','15','9','10','11','','','','','','','','','http://www.bls.gov/ooh/Community-and-Social-Service/Social-workers.htm','http://nces.ed.gov/collegenavigator/',''),(233,244,'Substance Abuse Treatment','1','4','4','15','0','5','16','0','7','17','0','8','25','0','10','26','0','11','29','0','13','30','0','14','0','0','5','8','9','6','0','0','0','0','1','3','2','13','14','15','0','0','','','','','','','','','http://www.bls.gov/ooh/community-and-social-service/substance-abuse-and-behavioral-disorder-counselors.htm','http://nces.ed.gov/collegenavigator/',''),(234,245,'Dispatch','2','4','3','15','0','4','16','0','5','20','0','7','26','0','8','27','0','11','29','0','12','30','0','13','33','0','1','6','8','15','0','0','0','0','1','2','3','13','14','15','0','0','','','','','','','','','http://www.bls.gov/ooh/office-and-administrative-support/police-fire-and-ambulance-dispatchers.htm','http://nces.ed.gov/collegenavigator/',''),(235,246,'Driver','1','2','5','29','0','8','2','0','11','0','0','12','0','0','15','0','0','22','0','0','26','0','0','27','0','0','8','9','10','12','15','0','0','0','3','5','12','7','15','9','10','11','','','','','','','','','http://www.bls.gov/ooh/transportation-and-material-moving/delivery-truck-drivers-and-driver-sales-workers.htm','http://nces.ed.gov/collegenavigator/',''),(236,247,'Forklift Operator','2','3','3','27','0','5','29','0','9','30','0','11','0','0','12','0','0','15','0','0','22','0','0','26','0','0','2','4','12','13','15','0','0','0','3','5','6','7','15','9','10','11','','','','','','','','','http://www.bls.gov/ooh/transportation-and-material-moving/material-moving-machine-operators.htm','http://nces.ed.gov/collegenavigator/',''),(237,248,'Management','2','4','3','15','33','4','16','2','5','20','1','6','24','0','7','25','0','8','26','0','11','29','0','13','30','0','1','6','8','15','0','0','0','0','1','2','3','13','14','15','0','0','','','','','','','','','http://www.bls.gov/oes/current/oes110000.htm','http://nces.ed.gov/collegenavigator/',''),(238,249,'Shipping Clerk','2','1','3','27','0','5','29','0','8','30','0','11','0','0','12','0','0','15','0','0','22','0','0','26','0','0','8','9','10','12','15','0','0','0','3','5','6','7','15','9','10','11','','','','','','','','','http://www.bls.gov/oes/current/oes435071.htm','http://nces.ed.gov/collegenavigator/',''),(239,250,'Reception','2','3','3','21','0','5','22','0','8','26','0','11','27','0','12','30','0','15','1','0','16','0','0','19','0','0','2','4','12','13','15','0','0','0','3','12','6','7','15','9','10','11','','','','','','','','','http://www.bls.gov/ooh/office-and-administrative-support/receptionists.htm','http://nces.ed.gov/collegenavigator/',''),(240,251,'Veterinarian','2','1','4','16','0','3','20','0','10','23','0','11','24','0','12','25','0','13','26','0','14','29','0','15','30','0','8','9','10','12','15','0','0','0','4','5','12','7','8','9','10','11','','','','','','','','','http://www.bls.gov/ooh/healthcare/veterinarians.htm','http://nces.ed.gov/collegenavigator/',''),(241,252,'Veterinary Assistant','2','3','3','26','0','5','27','0','8','30','0','10','0','0','11','0','0','16','0','0','15','0','0','19','0','0','2','4','12','13','15','0','0','0','1','2','3','13','14','15','0','0','','','','','','','','','http://www.bls.gov/ooh/healthcare/veterinary-assistants-and-laboratory-animal-caretakers.htm','http://nces.ed.gov/collegenavigator/',''),(242,257,'Leadership','4','2','6','27','0','7','32','0','17','33','0','18','16','0','20','0','0','23','0','0','24','0','0','25','0','0','7','11','14','13','15','8','3','5','12','16','3','13','7','11','15','0','','','','','','','','','','http://nces.ed.gov/collegenavigator/',''),(243,254,'Prophecy','1','2','4','33','0','6','18','0','12','0','0','13','0','0','20','0','0','23','0','0','24','0','0','25','0','0','6','8','9','12','0','0','0','0','3','4','5','8','11','0','0','0','','','','','','','','','','http://nces.ed.gov/collegenavigator/',''),(244,255,'Service','2','1','3','21','0','5','22','0','10','26','0','11','29','0','12','30','0','14','2','0','15','1','0','19','0','0','2','3','5','8','10','14','15','0','1','2','3','6','9','0','0','0','','','','','','','','','','http://nces.ed.gov/collegenavigator/',''),(245,260,'Teacher','2','3','6','23','0','4','24','0','8','25','0','10','30','0','12','33','0','14','0','0','16','0','0','20','0','0','7','9','12','11','10','0','0','0','3','4','5','8','11','12','0','0','','','','','','','','','','http://nces.ed.gov/collegenavigator/',''),(246,261,'Exhortation','3','4','6','18','32','7','19','34','8','22','2','10','26','0','13','27','0','14','28','0','16','30','0','17','31','0','7','9','11','13','0','0','0','0','2','3','6','7','9','10','12','14','','','','','','','','','','http://nces.ed.gov/collegenavigator/',''),(247,262,'Giving','1','2','3','23','0','5','28','0','6','29','0','10','30','0','11','34','0','12','0','0','16','0','0','22','0','0','2','4','13','3','0','0','0','0','2','3','6','7','15','0','0','0','','','','','','','','','','http://nces.ed.gov/collegenavigator/',''),(248,263,'Mercy','1','3','3','27','0','5','30','0','6','0','0','10','0','0','12','0','0','16','0','0','19','0','0','21','0','0','2','3','4','12','13','0','0','0','2','3','6','11','14','15','0','0','','','','','','','','','','http://nces.ed.gov/collegenavigator/',''),(249,264,'Financial Planner','2','4','4','15','33','5','18','0','6','20','0','8','24','0','11','25','0','12','26','0','13','29','0','14','30','0','8','9','10','12','15','0','0','0','1','4','13','14','0','0','0','0','','','','','','','','','http://www.bls.gov/ooh/business-and-financial/personal-financial-advisors.htm','http://nces.ed.gov/collegenavigator/',''),(250,265,'Team Leadership Strength ','2','0','1','30','0','5','0','0','6','0','0','11','0','0','0','0','0','15','0','0','17','0','0','29','0','0','1','6','8','15','0','0','0','0','1','4','5','9','0','0','0','0','','','','','','','','','','http://nces.ed.gov/collegenavigator/',''),(251,266,'Team Leadership Strength','1','0','2','0','0','7','0','0','8','0','0','9','0','0','26','0','0','31','0','0','32','0','0','34','0','0','6','7','11','13','0','0','0','0','16','10','11','16','0','0','0','0','','','','','','','','','','http://nces.ed.gov/collegenavigator/',''),(252,267,'Team Leadership Strength','3','0','3','28','0','14','0','0','10','0','0','16','0','0','19','0','0','21','0','0','22','0','0','27','0','0','3','9','12','13','0','0','0','0','2','6','10','15','14','0','0','0','','','','','','','','','','http://nces.ed.gov/collegenavigator/',''),(253,268,'Team Leadership Strength','4','0','4','13','0','12','0','0','18','0','0','20','0','0','23','0','0','24','0','0','25','0','0','33','0','0','11','12','15','9','0','0','0','0','4','7','8','16','0','0','0','0','','','','','','','','','','http://nces.ed.gov/collegenavigator/',''),(254,269,'Fund Raising Consultative Sales','3','4','3','34','0','11','6','0','17','8','0','26','27','0','29','16','0','2','30','0','1','15','0','9','0','0','6','7','11','13','0','0','0','0','10','11','9','13','12','15','0','0','','','','','','','','','http://www.bls.gov/oes/current/oes112031.htm','http://nces.ed.gov/collegenavigator/',''),(256,272,'Quality Manager','2','4','4','15','0','5','20','0','6','25','0','8','29','0','10','30','0','11','0','0','12','0','0','13','0','0','1','6','15','8','0','0','0','0','4','5','8','13','16','0','0','0','','','','','','','','','http://www.bls.gov/ooh/management/industrial-production-managers.htm','http://nces.ed.gov/collegenavigator/',''),(257,273,'Quality Technician','2','1','4','20','0','5','25','0','6','29','0','10','0','0','11','0','0','12','0','0','13','0','0','15','0','0','8','9','10','12','15','0','0','0','1','3','4','5','13','0','0','0','','','','','','','','','http://www.bls.gov/ooh/production/quality-control-inspectors.htm','http://nces.ed.gov/collegenavigator/',''),(258,275,'Life Coach','2','1','3','22','0','5','24','0','6','26','0','8','30','0','10','0','0','14','0','0','16','0','0','20','0','0','8','9','10','12','15','0','0','0','2','11','14','0','0','0','0','0','','','','','','','','','http://findyourcoach.com/learn-about-coaching/','http://nces.ed.gov/collegenavigator/',''),(259,274,'Business Coach','4','2','3','17','0','4','18','0','8','20','0','10','24','0','11','25','0','13','26','0','14','1','0','16','33','0','1','6','8','15','0','0','0','0','7','8','11','12','16','0','0','0','','','','','','','','','http://findyourcoach.com/learn-about-coaching/','http://nces.ed.gov/collegenavigator/',''),(260,276,'Executive Coach','4','3','3','16','29','4','17','30','6','18','33','8','20','2','10','24','1','11','25','0','13','26','0','14','27','0','6','7','11','14','0','0','0','0','11','4','1','7','16','12','0','0','0','283','402','0','0','0','0','0','http://findyourcoach.com/learn-about-coaching/','http://nces.ed.gov/collegenavigator/','http://youtu.be/PrZbimHzJ9k/'),(261,277,'Personal Development Coach','1','3','6','17','30','8','18','2','10','24','1','11','25','0','12','26','0','14','27','0','15','28','0','16','29','0','3','9','12','13','0','0','0','0','2','7','8','11','0','0','0','0','','','','','','','','','http://findyourcoach.com/learn-about-coaching/','http://nces.ed.gov/collegenavigator/',''),(262,278,'Ministries and Careers','2','1','3','26','0','4','29','0','5','30','0','1','2','0','11','0','0','12','0','0','13','0','0','15','0','0','2','3','6','8','9','10','12','15','1','2','5','9','13','0','0','0','','','','','','','','','http://www.bls.gov/ooh/office-and-administrative-support/secretaries-and-administrative-assistants.htm','http://nces.ed.gov/collegenavigator/',''),(263,279,'Benevolence ','1','2','3','19','0','5','21','0','6','22','0','10','26','0','11','30','0','12','0','0','14','0','0','16','0','0','2','4','13','0','0','0','0','0','2','3','6','14','15','0','0','0','','','','','','','','','','http://nces.ed.gov/collegenavigator/',''),(264,280,'Christian Education ','2','4','8','24','0','11','25','0','12','29','0','14','30','0','15','1','0','18','2','0','19','0','0','20','0','0','3','4','6','9','10','12','14','15','1','2','3','5','8','12','14','0','','','','','','','','','','http://nces.ed.gov/collegenavigator/',''),(265,281,'Pastor - Elder - Sheparding ','3','2','3','16','27','2','17','28','6','18','29','8','20','30','10','21','13','11','22','0','34','24','0','14','25','0','2','3','4','13','7','9','11','12','7','8','3','2','10','12','13','16','','','','','','','','','','http://nces.ed.gov/collegenavigator/',''),(266,282,'Communications ','3','1','5','18','34','6','19','2','8','20','1','10','24','0','11','26','0','12','27','0','16','30','0','17','33','0','2','4','7','9','11','13','0','0','6','7','8','10','11','12','15','0','','','','','','','','','','http://nces.ed.gov/collegenavigator/',''),(267,283,'Community Life ','3','2','3','18','2','5','19','1','6','21','0','8','22','0','10','26','0','11','27','0','14','30','0','16','34','0','2','3','4','5','7','11','12','13','2','3','6','7','11','10','14','15','','','','','','','','','','http://nces.ed.gov/collegenavigator/',''),(268,284,'Deacons and Deaconesses ','2','1','3','17','30','5','19','2','6','21','1','10','22','0','11','26','0','12','27','0','15','28','0','16','29','0','1','3','5','8','15','10','12','14','1','4','9','16','6','0','0','0','','','','','','','','','','http://nces.ed.gov/collegenavigator/',''),(269,285,'Discipleship ','2','4','6','20','0','8','22','0','10','24','0','11','25','0','14','29','0','15','30','0','16','0','0','17','0','0','2','4','7','11','12','15','0','0','1','2','3','7','8','11','14','13','','','','','','','','','','http://nces.ed.gov/collegenavigator/',''),(270,286,'Facilities ','2','1','3','17','0','4','26','0','5','27','0','9','29','0','11','30','0','12','2','0','13','1','0','15','0','0','1','3','15','7','8','10','12','14','1','9','13','16','0','0','0','0','','','','','','','','','','http://nces.ed.gov/collegenavigator/',''),(271,287,'Hospitality','1','2','3','21','0','5','22','0','6','26','0','8','27','0','13','29','0','15','2','0','16','1','0','19','0','0','2','3','4','13','0','0','0','0','2','3','6','7','14','15','11','0','','','','','','','','','','http://nces.ed.gov/collegenavigator/',''),(272,288,'Missions ','2','3','3','16','29','5','17','30','6','21','34','8','22','0','10','25','0','11','24','0','12','26','0','14','28','0','2','3','4','11','13','14','0','0','1','2','3','7','8','12','11','15','','','','','','','','','','http://nces.ed.gov/collegenavigator/',''),(273,289,'Outreach ','3','4','3','17','1','4','18','0','5','21','0','6','22','0','8','27','0','10','32','0','11','31','0','15','2','0','1','2','3','11','13','14','0','0','7','8','10','11','12','14','15','16','','','','','','','','','','http://nces.ed.gov/collegenavigator/',''),(274,290,'Para church ','4','2','3','17','29','4','18','32','6','20','33','8','21','2','9','24','1','13','25','0','14','26','0','15','27','0','1','2','3','5','7','14','11','13','4','1','7','8','11','12','15','16','','','','','','','','','','http://nces.ed.gov/collegenavigator/',''),(275,291,'Prayer','1','2','3','16','0','5','19','0','6','22','0','8','29','0','10','30','0','11','0','0','12','0','0','15','0','0','2','4','10','0','0','0','0','0','2','3','6','7','12','13','14','15','','','','','','','','','','http://nces.ed.gov/collegenavigator/',''),(276,292,'Worship','1','3','3','19','0','5','21','0','6','26','0','8','27','0','10','32','0','11','31','0','16','34','0','17','0','0','2','3','4','5','12','13','0','0','2','7','9','10','12','14','15','0','','','','','','','','','','http://nces.ed.gov/collegenavigator/',''),(277,293,'Youth Ministry','3','4','3','15','34','5','16','2','6','18','1','7','21','0','8','26','0','10','27','0','11','29','0','14','30','0','1','2','3','4','7','11','12','13','2','3','6','7','9','11','12','15','','','','','','','','','','http://nces.ed.gov/collegenavigator/',''),(278,294,'Preaching','3','2','4','15','31','5','16','32','6','17','0','8','20','0','10','24','0','11','25','0','12','27','0','14','30','0','4','6','9','10','11','12','0','0','2','3','7','8','11','12','14','15','','','','','','','','','','http://nces.ed.gov/collegenavigator/',''),(279,295,'Teaching ','2','3','4','15','29','5','16','30','6','17','0','8','20','0','10','23','0','11','24','0','12','25','0','14','26','0','7','9','11','12','0','0','0','0','1','3','8','11','12','0','0','0','','','','','','','','','','http://nces.ed.gov/collegenavigator/',''),(280,296,'Church Planter','3','4','3','17','32','5','34','0','6','2','0','8','24','0','10','25','0','14','27','0','15','1','0','16','31','0','1','2','3','13','7','11','0','0','12','7','9','10','15','11','0','0','','','','','','','','','','http://nces.ed.gov/collegenavigator/',''),(281,297,'Satellite Church Planter','3','2','3','16','1','5','17','31','6','21','32','8','24','34','10','25','2','11','26','0','14','27','0','15','29','0','1','2','3','4','7','11','13','0','6','7','9','10','11','12','15','0','','','','','','','','','','http://nces.ed.gov/collegenavigator/',''),(282,298,'Visionary','4','3','6','32','0','8','33','0','16','34','0','18','0','0','20','0','0','24','0','0','27','0','0','31','0','0','3','7','11','13','0','0','0','0','7','12','13','16','0','0','0','0','','','','','','','','','','http://nces.ed.gov/collegenavigator/',''),(283,299,'Coaching','4','1','3','22','0','5','26','0','6','27','0','10','29','0','14','30','0','16','0','0','20','0','0','21','0','0','2','4','12','0','0','0','0','0','2','7','11','14','16','0','0','0','','','','','','','','','','http://nces.ed.gov/collegenavigator/',''),(284,300,'Affiliating ','1','3','3','16','0','5','21','0','6','22','0','8','26','0','10','27','0','11','28','0','12','30','0','14','34','0','2','3','4','7','13','0','0','0','2','6','12','15','16','0','0','0','','','','','','','','','','http://nces.ed.gov/collegenavigator/',''),(285,301,'Democratic','1','2','3','19','0','5','23','0','6','24','0','8','25','0','11','26','0','12','32','0','13','33','0','16','0','0','2','3','4','7','11','13','15','0','2','7','12','14','16','0','0','0','','','','','','','','','','http://nces.ed.gov/collegenavigator/',''),(286,302,'Pacesetting','4','2','4','25','0','1','29','0','9','31','0','15','32','0','17','33','0','18','0','0','20','0','0','24','0','0','1','3','5','8','12','14','15','0','4','5','8','13','16','0','0','0','','','','','','','','','','http://nces.ed.gov/collegenavigator/',''),(287,303,'Commanding','4','2','4','29','0','7','30','0','9','32','0','12','2','0','13','0','0','15','0','0','17','0','0','24','0','0','1','8','9','10','14','0','0','0','1','4','5','8','13','16','0','0','','','','','','','','','','http://nces.ed.gov/collegenavigator/',''),(293,425,'Biblical Studies','1','2','4','24','0','6','25','0','11','29','0','12','30','0','14','1','0','15','0','0','20','0','0','23','0','0','4','6','7','8','9','10','0','0','1','6','4','8','13','14','0','0','','','','','','','','','','http://nces.ed.gov/collegenavigator/',''),(294,426,'Biblical Exposition','3','4','3','16','0','4','17','0','6','24','0','8','25','0','10','30','0','11','1','0','14','0','0','15','0','0','6','7','11','4','13','14','0','0','2','3','7','8','10','11','12','16','','','','','','','','','','http://nces.ed.gov/collegenavigator/',''),(295,427,'Intercultural Studies','1','2','3','17','1','5','20','0','6','21','0','8','22','0','10','23','0','11','24','0','12','25','0','15','30','0','8','9','10','12','15','0','0','0','2','3','4','8','13','14','15','0','','','','','','','','','','http://nces.ed.gov/collegenavigator/',''),(296,428,'Pastoral Ministires','4','1','3','14','29','4','15','30','6','16','1','8','17','0','10','20','0','11','23','0','12','24','0','13','25','0','5','6','8','9','0','0','0','0','2','3','4','7','8','16','11','12','','','','','','','','','','http://nces.ed.gov/collegenavigator/',''),(297,429,'Youth Ministires','3','2','3','20','2','5','23','1','6','24','0','8','25','0','10','27','0','11','29','0','14','30','0','16','34','0','2','4','12','13','15','0','0','0','2','3','6','8','14','11','13','15','','','','','','','','','','http://nces.ed.gov/collegenavigator/',''),(298,430,'Christian Ministries','2','4','3','24','0','6','25','0','8','30','0','10','1','0','11','0','0','12','0','0','14','0','0','15','0','0','1','6','8','15','0','0','0','0','1','4','7','8','13','14','15','16','','','','','','','','','','http://nces.ed.gov/collegenavigator/',''),(299,406,'Oral Communication','3','4','3','20','32','7','24','34','8','25','0','9','26','0','10','27','0','13','28','0','16','30','0','17','31','0','6','7','11','13','0','0','0','0','8','10','11','12','16','0','0','0','','','','','','','','','','http://nces.ed.gov/collegenavigator/',''),(300,407,'Written Communication','1','2','5','27','0','6','32','0','11','1','0','12','0','0','15','0','0','20','0','0','24','0','0','26','0','0','8','9','10','12','15','0','0','0','1','2','6','7','8','13','14','16','','','','','','','','','','http://nces.ed.gov/collegenavigator/',''),(301,408,'Critical Thinking','1','4','4','24','0','6','25','0','7','33','0','8','0','0','11','0','0','13','0','0','15','0','0','20','0','0','5','6','8','9','0','0','0','0','3','4','5','7','8','16','0','0','','','','','','','','','','http://nces.ed.gov/collegenavigator/',''),(302,409,'Physical Science','2','1','4','0','0','11','0','0','12','0','0','13','0','0','15','0','0','17','0','0','20','0','0','24','0','0','8','9','10','12','15','0','0','0','4','5','7','8','16','0','0','0','','','','','','','','','','http://nces.ed.gov/collegenavigator/',''),(303,410,'Life Science','1','2','4','26','0','10','0','0','11','0','0','12','0','0','17','0','0','20','0','0','24','0','0','25','0','0','8','9','10','12','15','0','0','0','1','2','4','6','8','13','14','15','','','','','','','','','','http://nces.ed.gov/collegenavigator/',''),(304,411,'Laboratory Activity','2','1','3','20','0','4','29','0','5','33','0','10','0','0','11','0','0','12','0','0','15','0','0','17','0','0','8','9','10','12','15','0','0','0','4','5','8','13','14','16','0','0','','','','','','','','','','http://nces.ed.gov/collegenavigator/',''),(305,412,'Mathematics/Quantitative Reasoning','2','4','4','29','0','11','33','0','12','1','0','15','0','0','20','0','0','23','0','0','24','0','0','25','0','0','1','6','8','15','0','0','0','0','4','5','8','16','12','0','0','0','','','','','','','','','','http://nces.ed.gov/collegenavigator/',''),(306,413,'Arts/Cinema/Dance/Music/Theater','1','3','3','27','0','5','31','0','8','32','0','10','34','0','14','0','0','16','0','0','19','0','0','22','0','0','3','9','12','13','0','0','0','0','2','6','7','10','11','14','0','0','','','','','','','','','','http://nces.ed.gov/collegenavigator/',''),(307,414,'Humanities-Literature/Philosophy/Languages','1','2','5','23','0','8','24','0','10','25','0','11','31','0','12','32','0','14','0','0','21','0','0','22','0','0','8','9','10','12','15','0','0','0','1','4','5','8','12','16','0','0','','','','','','','','','','http://nces.ed.gov/collegenavigator/',''),(308,415,'Anthropology & Archeology','2','1','3','23','0','4','25','0','5','24','0','10','29','0','11','30','0','12','33','0','15','1','0','20','0','0','8','9','10','12','15','0','0','0','4','5','6','8','13','14','0','0','','','','','','','','','','http://nces.ed.gov/collegenavigator/',''),(309,416,'Economics','4','3','4','24','0','7','25','0','10','26','0','11','29','0','13','33','0','15','1','0','20','0','0','23','0','0','6','7','11','13','14','0','0','0','1','4','13','16','0','0','0','0','','','','','','','','','','http://nces.ed.gov/collegenavigator/',''),(310,417,'Ethnic Studies','1','2','3','16','0','4','19','0','5','21','0','6','22','0','8','25','0','10','0','0','11','0','0','12','0','0','8','9','10','12','15','0','0','0','2','6','10','14','0','0','0','0','','','','','','','','','','http://nces.ed.gov/collegenavigator/',''),(311,418,'Gender Studies','1','4','5','24','0','10','27','0','11','32','0','12','0','0','16','0','0','19','0','0','21','0','0','22','0','0','5','6','8','9','0','0','0','0','1','2','13','14','0','0','0','0','','','','','','','','','','http://nces.ed.gov/collegenavigator/',''),(312,419,'Geography','1','2','4','0','0','5','0','0','10','0','0','11','0','0','12','0','0','25','0','0','0','0','0','0','0','0','8','9','10','12','15','0','0','0','1','5','9','13','0','0','0','0','','','','','','','','','','http://nces.ed.gov/collegenavigator/',''),(313,420,'History','1','2','8','0','0','10','0','0','11','0','0','12','0','0','23','0','0','0','0','0','0','0','0','0','0','0','8','9','10','12','15','0','0','0','6','7','10','11','0','0','0','0','','','','','','','','','','http://nces.ed.gov/collegenavigator/',''),(314,421,'Social/Behavioral Science','1','4','4','30','0','5','32','0','10','0','0','11','0','0','12','0','0','15','0','0','20','0','0','21','0','0','5','6','8','9','0','0','0','0','4','8','12','16','0','0','0','0','','','','','','','','','','http://nces.ed.gov/collegenavigator/',''),(315,422,'Political Science/Gov/Legal Institutions','4','2','3','15','32','4','17','33','6','20','1','7','24','0','8','25','0','9','29','0','11','30','0','13','31','0','1','6','15','8','0','0','0','0','1','4','13','16','0','0','0','0','','','','','','','','','','http://nces.ed.gov/collegenavigator/',''),(316,423,'Psychology','1','2','4','22','0','5','23','0','6','24','0','10','25','0','11','30','0','16','32','0','19','0','0','20','0','0','8','9','10','12','15','0','0','0','2','6','10','14','0','0','0','0','','','','','','','','','','http://nces.ed.gov/collegenavigator/',''),(317,424,'Sociology & Criminology','4','1','4','15','0','6','20','0','7','23','0','8','24','0','10','25','0','11','33','0','12','0','0','13','0','0','5','6','8','9','0','0','0','0','1','4','13','16','0','0','0','0','','','','','','','','','','http://nces.ed.gov/collegenavigator/',''),(318,385,'Health Sciences','2','4','3','22','0','4','24','0','5','25','0','10','26','0','11','29','0','13','30','0','15','33','0','20','1','0','1','6','8','15','0','0','0','0','5','8','9','12','0','0','0','0','','','','','','','','','','http://nces.ed.gov/collegenavigator/',''),(319,388,'Human Services','1','2','3','19','0','5','21','0','6','22','0','10','26','0','11','27','0','12','30','0','14','32','0','16','0','0','8','9','10','12','15','0','0','0','2','6','10','14','0','0','0','0','','','','','','','','','','http://nces.ed.gov/collegenavigator/',''),(320,389,'Nursing','2','1','3','15','30','4','16','2','5','20','0','8','23','0','10','24','0','11','25','0','13','26','0','14','29','0','8','9','10','12','15','0','0','0','3','3','14','15','0','0','0','0','','','','','','','','','','http://nces.ed.gov/collegenavigator/',''),(321,390,'Organizational Leadership','4','2','3','17','33','4','18','2','7','20','1','8','24','0','13','25','0','14','29','0','15','30','0','16','32','0','1','6','8','15','0','0','0','0','1','4','13','16','0','0','0','0','','','','','','','','','','http://nces.ed.gov/collegenavigator/',''),(322,370,'Accounting','2','4','4','20','1','5','21','0','7','23','0','11','25','0','12','26','0','13','29','0','15','30','0','17','2','0','1','6','8','15','0','0','0','0','1','2','14','13','0','0','0','0','','','','','','','','','','http://nces.ed.gov/collegenavigator/',''),(323,371,'Computer Information Systems','2','1','3','25','0','4','29','0','10','30','0','11','33','0','15','1','0','17','2','0','20','0','0','23','0','0','8','9','10','12','15','0','0','0','1','4','13','16','0','0','0','0','','','','','','','','','','http://nces.ed.gov/collegenavigator/',''),(324,372,'Entrepreneurship','4','2','3','13','24','4','14','25','6','15','26','7','16','2','8','17','29','9','18','30','10','20','33','11','23','1','1','6','8','15','0','0','0','0','4','8','12','16','0','0','0','0','','','','','','','','','','http://nces.ed.gov/collegenavigator/',''),(325,373,'Finance','2','4','4','20','0','5','25','0','7','26','0','11','29','0','12','30','0','13','33','0','15','0','0','17','0','0','1','6','8','15','0','0','0','0','3','4','15','16','0','0','0','0','','','','','','','','','','http://nces.ed.gov/collegenavigator/',''),(326,375,'Financial Institutional Management','4','2','3','26','0','4','29','0','7','30','0','8','33','0','11','1','0','12','0','0','13','0','0','15','0','0','1','6','8','15','0','0','0','0','3','4','15','16','0','0','0','0','','','','','','','','','','http://nces.ed.gov/collegenavigator/',''),(327,376,'General Management','4','2','3','16','32','4','19','33','8','20','34','10','25','1','11','26','2','12','27','0','13','29','0','15','30','0','1','6','8','15','0','0','0','0','3','7','11','15','0','0','0','0','','','','','','','','','','http://nces.ed.gov/collegenavigator/',''),(328,377,'Hospital Healthcare Administration','2','4','3','15','29','4','16','30','5','17','1','8','19','0','10','20','0','11','24','0','13','25','0','14','26','0','1','6','8','15','0','0','0','0','2','3','14','15','0','0','0','0','','','','','','','','','','http://nces.ed.gov/collegenavigator/',''),(329,378,'Hospitality Management','3','2','3','21','0','5','26','0','8','27','0','11','29','0','14','30','0','15','34','0','16','2','0','19','0','0','2','4','12','13','15','0','0','0','2','3','14','15','0','0','0','0','','','','','','','','','','http://nces.ed.gov/collegenavigator/',''),(330,379,'Human Resources/Organizational Management','1','4','3','16','29','5','17','30','6','18','33','8','19','1','10','21','2','11','22','0','13','26','0','14','27','0','5','6','9','8','0','0','0','0','2','3','14','15','0','0','0','0','','','','','','','','','','http://nces.ed.gov/collegenavigator/',''),(331,380,'International Business','2','4','3','18','0','4','20','0','5','23','0','8','24','0','10','25','0','13','27','0','16','30','0','17','33','0','1','6','8','15','0','0','0','0','6','7','10','11','0','0','0','0','','','','','','','','','','http://nces.ed.gov/collegenavigator/',''),(332,381,'Marketing','2','4','3','15','2','4','17','0','8','18','0','9','20','0','10','25','0','11','26','0','12','33','0','13','1','0','1','6','8','15','0','0','0','0','4','8','12','16','0','0','0','0','','','','','','','','','','http://nces.ed.gov/collegenavigator/',''),(333,382,'Operations Management','4','2','3','15','30','4','16','33','5','17','2','7','18','1','8','20','0','10','25','0','11','26','0','13','29','0','1','6','8','15','0','0','0','0','1','4','13','16','0','0','0','0','','','','','','','','','','http://nces.ed.gov/collegenavigator/',''),(334,383,'Public Administration','1','2','3','15','0','4','22','0','5','26','0','8','27','0','10','29','0','11','1','0','12','0','0','13','0','0','8','9','10','12','15','0','0','0','3','7','11','15','0','0','0','0','','','','','','','','','','http://nces.ed.gov/collegenavigator/',''),(335,384,'Real Estate','3','2','3','19','2','5','21','1','8','22','0','9','23','0','10','25','0','16','32','0','17','33','0','18','34','0','2','4','12','13','15','0','0','0','2','6','10','14','0','0','0','0','','','','','','','','','','http://nces.ed.gov/collegenavigator/',''),(336,339,'Homeland Security/Emergency Preparedness','4','2','4','17','0','5','26','0','7','29','0','11','30','0','12','33','0','13','0','0','15','0','0','16','0','0','1','6','8','15','0','0','0','0','3','4','15','16','0','0','0','0','','','','','','','','','','http://nces.ed.gov/collegenavigator/',''),(337,391,'Accounting','2','4','4','29','0','5','30','0','10','1','0','11','0','0','12','0','0','15','0','0','23','0','0','25','0','0','1','6','8','15','0','0','0','0','1','4','13','16','0','0','0','0','','','','','','','','','','http://nces.ed.gov/collegenavigator/',''),(338,392,'Computer-Aided Design','2','1','3','23','0','4','25','0','5','26','0','11','29','0','12','30','0','15','1','0','17','0','0','20','0','0','8','9','10','12','15','0','0','0','1','4','13','16','0','0','0','0','','','','','','','','','','http://nces.ed.gov/collegenavigator/',''),(339,393,'Computer Information Systems','2','1','3','23','0','4','24','0','5','25','0','11','26','0','12','30','0','15','33','0','17','1','0','20','0','0','8','9','10','12','15','0','0','0','1','4','13','16','0','0','0','0','','','','','','','','','','http://nces.ed.gov/collegenavigator/',''),(340,394,'Computer Science','1','2','3','26','0','4','30','0','11','0','0','15','0','0','17','0','0','20','0','0','23','0','0','25','0','0','8','9','10','12','15','0','0','0','1','4','13','16','0','0','0','0','','','','','','','','','','http://nces.ed.gov/collegenavigator/',''),(341,395,'Dental Assistant','3','1','3','25','0','5','26','0','8','29','0','11','30','0','16','1','0','19','0','0','21','0','0','22','0','0','3','9','12','13','0','0','0','0','2','3','14','15','0','0','0','0','','','','','','','','','','http://nces.ed.gov/collegenavigator/',''),(342,396,'Electronics','2','4','4','20','0','5','23','0','10','25','0','11','33','0','12','0','0','15','0','0','17','0','0','18','0','0','1','6','8','15','0','0','0','0','5','8','9','12','0','0','0','0','','','','','','','','','','http://nces.ed.gov/collegenavigator/',''),(343,397,'Finance','4','2','4','33','0','11','0','0','12','0','0','13','0','0','15','0','0','17','0','0','25','0','0','29','0','0','1','6','8','15','0','0','0','0','1','4','13','16','0','0','0','0','','','','','','','','','','http://nces.ed.gov/collegenavigator/',''),(344,398,'Fitness and Wellness Services','4','1','3','17','0','5','26','0','8','27','0','9','30','0','11','31','0','12','32','0','14','1','0','15','2','0','5','6','8','9','0','0','0','0','2','3','14','15','0','0','0','0','','','','','','','','','','http://nces.ed.gov/collegenavigator/',''),(345,399,'Gas Distribution','1','2','5','29','0','7','30','0','11','0','0','12','0','0','13','0','0','15','0','0','17','0','0','23','0','0','8','9','10','12','15','0','0','0','1','4','13','16','0','0','0','0','','','','','','','','','','http://nces.ed.gov/collegenavigator/',''),(346,400,'Human Resources Management','1','4','3','19','0','4','21','0','5','22','0','8','24','0','10','25','0','13','26','0','14','27','0','16','30','0','5','6','8','9','0','0','0','0','2','3','14','15','0','0','0','0','','','','','','','','','','http://nces.ed.gov/collegenavigator/',''),(347,401,'Labor Studies','1','2','3','22','0','8','23','0','10','27','0','11','29','0','12','30','0','13','34','0','14','0','0','21','0','0','8','9','10','15','0','0','0','0','2','3','14','15','0','0','0','0','','','','','','','','','','http://nces.ed.gov/collegenavigator/',''),(348,402,'Marketing','4','2','3','17','0','4','18','0','5','20','0','8','25','0','9','26','0','11','33','0','11','0','0','15','0','0','1','6','8','15','0','0','0','0','1','4','13','16','0','0','0','0','','','','','','','','','','http://nces.ed.gov/collegenavigator/',''),(349,403,'Operations Management','4','2','3','15','30','4','16','33','5','17','2','8','18','1','10','20','0','11','25','0','13','26','0','14','29','0','1','6','8','15','0','0','0','0','1','4','13','16','0','0','0','0','','','','','','','','','','http://nces.ed.gov/collegenavigator/',''),(350,404,'Polysomnography','2','1','4','25','0','10','30','0','11','0','0','15','0','0','17','0','0','20','0','0','22','0','0','23','0','0','8','9','10','15','0','0','0','0','1','4','13','16','0','0','0','0','','','','','','','','','','http://nces.ed.gov/collegenavigator/',''),(351,405,'Public Administration','1','2','3','15','0','4','22','0','5','26','0','8','27','0','10','29','0','11','1','0','12','0','0','13','0','0','8','9','10','15','0','0','0','0','3','7','11','15','0','0','0','0','','','','','','','','','','http://nces.ed.gov/collegenavigator/',''),(352,340,'Air Traffic Control','2','4','3','13','0','4','15','0','5','17','0','29','20','0','8','26','0','10','2','0','11','0','0','12','0','0','1','6','8','15','0','0','0','0','1','4','13','16','0','0','0','0','','','','','','','','','','http://nces.ed.gov/collegenavigator/',''),(353,341,'Automotive Performance Technology','2','1','4','30','0','10','1','0','11','0','0','12','0','0','15','0','0','20','0','0','26','0','0','29','0','0','8','9','10','12','15','0','0','0','1','2','13','14','0','0','0','0','','','','','','','','','','http://nces.ed.gov/collegenavigator/',''),(354,342,'Aviation Flight Technology','2','1','4','23','0','10','24','0','11','25','0','12','26','0','13','29','0','15','30','0','17','0','0','20','0','0','8','9','10','12','15','0','0','0','1','2','13','14','0','0','0','0','','','','','','','','','','http://nces.ed.gov/collegenavigator/',''),(355,343,'Biomedical Electronics','2','1','4','25','0','5','26','0','10','0','0','11','0','0','15','0','0','17','0','0','20','0','0','24','0','0','8','9','10','12','15','0','0','0','1','4','13','16','0','0','0','0','','','','','','','','','','http://nces.ed.gov/collegenavigator/',''),(356,344,'Civil Engineering Technology','2','4','3','20','0','4','23','0','5','25','0','10','26','0','11','29','0','15','30','0','17','0','0','18','0','0','1','6','8','15','0','0','0','0','5','8','9','12','0','0','0','0','','','','','','','','','','http://nces.ed.gov/collegenavigator/',''),(357,345,'Clinical Laboratory Science','2','1','4','25','0','10','0','0','11','0','0','12','0','0','15','0','0','17','0','0','20','0','0','24','0','0','8','9','10','12','15','0','0','0','7','8','11','12','0','0','0','0','','','','','','','','','','http://nces.ed.gov/collegenavigator/',''),(358,346,'Construction','2','4','3','1','0','5','0','0','11','0','0','15','0','0','17','0','0','18','0','0','20','0','0','26','0','0','1','6','8','15','0','0','0','0','5','8','9','12','0','0','0','0','','','','','','','','','','http://nces.ed.gov/collegenavigator/',''),(359,347,'Dental Hygiene','1','3','3','25','0','5','29','0','10','1','0','11','16','0','15','19','0','17','0','0','20','0','0','23','0','0','3','9','12','13','0','0','0','0','2','6','10','14','0','0','0','0','','','','','','','','','','http://nces.ed.gov/collegenavigator/',''),(360,348,'Electrical Technology','2','4','4','24','0','11','25','0','13','26','0','15','29','0','17','33','0','18','0','0','20','0','0','23','0','0','1','6','8','15','0','0','0','0','4','8','12','16','0','0','0','0','','','','','','','','','','http://nces.ed.gov/collegenavigator/',''),(361,349,'Electronics Engineering Technology','2','4','4','20','0','5','23','0','11','24','0','12','25','0','13','29','0','15','33','0','17','0','0','18','0','0','1','6','8','15','0','0','0','0','4','8','12','16','0','0','0','0','','','','','','','','','','http://nces.ed.gov/collegenavigator/',''),(362,350,'Energy Systems Technology','2','1','3','20','0','4','23','0','10','24','0','11','25','0','12','27','0','15','29','0','17','1','0','18','0','0','8','9','10','12','15','0','0','0','3','7','11','15','0','0','0','0','','','','','','','','','','http://nces.ed.gov/collegenavigator/',''),(363,351,'Energy Utility Technology','2','1','3','20','0','4','23','0','5','25','0','11','26','0','12','29','0','13','1','0','15','0','0','17','0','0','8','9','10','12','15','0','0','0','5','8','9','12','0','0','0','0','','','','','','','','','','http://nces.ed.gov/collegenavigator/',''),(364,352,'Engineering Graphics','1','4','3','20','0','4','23','0','5','25','0','11','26','0','12','29','0','13','30','0','15','0','0','17','0','0','5','6','8','9','0','0','0','0','5','6','9','10','0','0','0','0','','','','','','','','','','http://nces.ed.gov/collegenavigator/',''),(365,353,'Environmental Sciences','1','2','4','0','0','6','0','0','10','0','0','11','0','0','20','0','0','29','0','0','25','0','0','30','0','0','8','9','10','12','15','0','0','0','3','4','15','16','0','0','0','0','','','','','','','','','','http://nces.ed.gov/collegenavigator/',''),(366,354,'Fire Protection Science','4','2','3','0','0','29','0','0','33','0','0','7','0','0','11','0','0','13','0','0','15','0','0','17','0','0','1','6','8','15','0','0','0','0','3','4','15','16','0','0','0','0','','','','','','','','','','http://nces.ed.gov/collegenavigator/',''),(367,355,'Health Services Technology','1','2','4','0','0','11','0','0','15','0','0','17','0','0','20','0','0','25','0','0','29','0','0','30','0','0','8','9','10','12','15','0','0','0','1','4','13','16','0','0','0','0','','','','','','','','','','http://nces.ed.gov/collegenavigator/',''),(368,356,'Information Technology','2','1','25','0','0','4','0','0','11','0','0','29','0','0','15','0','0','17','0','0','18','0','0','20','0','0','8','9','10','12','15','0','0','0','4','8','13','14','0','0','0','0','','','','','','','','','','http://nces.ed.gov/collegenavigator/',''),(369,357,'Kitchen and Bath Design','1','3','3','0','0','5','0','0','16','0','0','20','0','0','30','0','0','32','0','0','18','0','0','26','0','0','3','9','12','13','0','0','0','0','2','6','10','14','0','0','0','0','','','','','','','','','','http://nces.ed.gov/collegenavigator/',''),(370,358,'Laboratory Animal Science','2','4','4','26','0','10','29','0','11','0','0','12','0','0','15','0','0','17','0','0','20','0','0','25','0','0','1','6','8','15','0','0','0','0','4','8','12','16','0','0','0','0','','','','','','','','','','http://nces.ed.gov/collegenavigator/',''),(371,359,'Manufacturing Engineering Technology','4','2','3','20','0','4','25','0','5','26','0','11','29','0','13','1','0','15','0','0','17','0','0','18','0','0','1','6','8','15','0','0','0','0','5','8','9','12','0','0','0','0','','','','','','','','','','http://nces.ed.gov/collegenavigator/',''),(372,360,'Mechanical Engineering Technology','2','4','4','26','0','11','0','0','12','0','0','15','0','0','17','0','0','20','0','0','24','0','0','25','0','0','1','8','6','15','0','0','0','0','5','8','9','12','0','0','0','0','','','','','','','','','','http://nces.ed.gov/collegenavigator/',''),(373,361,'Medical Imaging','2','1','4','0','0','11','0','0','12','0','0','15','0','0','17','0','0','25','0','0','29','0','0','0','0','0','8','9','8','10','15','12','0','0','1','2','13','14','0','0','0','0','','','','','','','','','','http://nces.ed.gov/collegenavigator/',''),(374,362,'Military Technology Leadership','4','2','3','33','0','4','26','0','7','0','0','11','0','0','13','0','0','17','0','0','18','0','0','20','0','0','1','6','8','15','0','0','0','0','1','4','13','16','0','0','0','0','','','','','','','','','','http://nces.ed.gov/collegenavigator/',''),(375,363,'Nuclear Energy Engineering Technology','2','4','4','0','0','13','0','0','11','0','0','15','0','0','25','0','0','26','0','0','29','0','0','24','0','0','1','6','8','15','0','0','0','0','3','4','15','16','0','0','0','0','','','','','','','','','','http://nces.ed.gov/collegenavigator/',''),(376,364,'Nuclear Engineering Technology','2','4','4','25','0','11','26','0','12','29','0','13','0','0','15','0','0','17','0','0','20','0','0','24','0','0','1','6','8','15','0','0','0','0','3','4','15','16','0','0','0','0','','','','','','','','','','http://nces.ed.gov/collegenavigator/',''),(377,365,'Nuclear Medicine Technology','2','1','3','25','0','4','29','0','11','0','0','13','0','0','15','0','0','17','0','0','20','0','0','24','0','0','8','9','10','12','15','0','0','0','5','8','12','9','0','0','0','0','','','','','','','','','','http://nces.ed.gov/collegenavigator/',''),(378,366,'Radiation Protection','2','4','4','25','0','6','26','0','11','29','0','12','0','0','13','0','0','15','0','0','17','0','0','20','0','0','1','6','8','15','0','0','0','0','3','4','15','16','0','0','0','0','','','','','','','','','','http://nces.ed.gov/collegenavigator/',''),(379,367,'Radiation Therapy','1','2','4','26','0','11','29','0','12','30','0','13','0','0','15','0','0','17','0','0','20','0','0','25','0','0','8','9','10','12','15','0','0','0','1','2','13','13','0','0','0','0','','','','','','','','','','http://nces.ed.gov/collegenavigator/',''),(380,368,'Respiratory Care','1','2','3','30','0','4','0','0','11','0','0','12','0','0','13','0','0','15','0','0','26','0','0','29','0','0','8','9','10','12','15','0','0','0','2','3','14','15','0','0','0','0','','','','','','','','','','http://nces.ed.gov/collegenavigator/',''),(381,369,'Technical Studies','1','2','4','25','0','11','32','0','15','0','0','17','0','0','18','0','0','20','0','0','23','0','0','24','0','0','8','9','10','12','15','0','0','0','4','8','12','16','0','0','0','0','','','','','','','','','','http://nces.ed.gov/collegenavigator/',''),(382,449,'Sales Motivation','3','4','8','17','0','34','0','0','32','0','0','31','0','0','9','0','0','30','0','0','1','0','0','2','0','0','6','7','11','13','0','0','0','0','9','13','10','11','12','15','0','0','','','','','','','','','','http://nces.ed.gov/collegenavigator/',''),(383,450,'Building Relationships','3','1','6','10','0','8','0','0','16','0','0','19','0','0','21','0','0','27','0','0','28','0','0','29','0','0','3','9','12','13','0','0','0','0','9','10','11','12','0','0','0','0','','','','','','','','','','http://nces.ed.gov/collegenavigator/',''),(384,451,'Gaining Commitments','4','3','7','17','0','6','0','0','34','0','0','27','0','0','1','0','0','2','0','0','24','0','0','20','0','0','6','7','11','13','14','0','0','0','1','4','13','16','0','0','0','0','','','','','','','','','','http://nces.ed.gov/collegenavigator/',''),(385,452,'Sales Structure Flexibility','3','4','3','0','0','5','0','0','15','0','0','17','0','0','1','0','0','29','0','0','2','0','0','20','0','0','6','6','7','11','13','0','0','0','13','9','10','11','12','15','0','0','','','','','','','','','','http://nces.ed.gov/collegenavigator/',''),(386,453,'Solve Customer Needs','2','4','23','0','0','20','0','0','33','0','0','18','0','0','24','0','0','25','0','0','4','0','0','0','0','0','1','8','6','15','0','0','0','0','1','4','13','16','0','0','0','0','','','','','','','','','','http://nces.ed.gov/collegenavigator/',''),(387,454,'Confidence','4','3','6','32','0','7','2','0','9','0','0','17','0','0','20','0','0','24','0','0','27','0','0','31','0','0','6','7','11','13','0','0','0','0','9','10','12','11','15','13','0','0','','','','','','','','','','http://nces.ed.gov/collegenavigator/',''),(388,455,'Integrity','2','4','4','30','0','6','32','0','11','0','0','12','0','0','13','0','0','15','0','0','26','0','0','29','0','0','1','6','8','15','0','0','0','0','1','4','13','16','0','0','0','0','','','','','','','','','','http://nces.ed.gov/collegenavigator/',''),(389,456,'Pride','4','3','6','31','0','7','32','0','9','1','0','15','0','0','20','0','0','23','0','0','24','0','0','25','0','0','6','7','11','13','14','0','0','0','7','8','11','12','0','0','0','0','','','','','','','','','','http://nces.ed.gov/collegenavigator/',''),(390,457,'Passion','3','1','6','31','0','8','32','0','1','34','0','16','0','0','17','0','0','18','0','0','27','0','0','28','0','0','8','9','10','12','15','0','0','0','2','6','10','14','0','0','0','0','','','','','','','','','','http://nces.ed.gov/collegenavigator/',''),(391,458,'Developing Others','4','3','3','22','0','6','27','0','8','0','0','10','0','0','14','0','0','16','0','0','30','0','0','19','0','0','6','7','11','13','14','0','0','0','2','2','14','15','0','0','0','0','','','','','','','','','','http://nces.ed.gov/collegenavigator/',''),(392,459,'Team Building','4','3','3','19','0','5','21','0','6','0','0','8','0','0','22','0','0','14','0','0','16','0','0','1','0','0','6','7','11','13','14','0','0','0','7','8','11','12','0','0','0','0','','','','','','','','','','http://nces.ed.gov/collegenavigator/',''),(393,460,'Helping Others Succeed','4','1','3','27','0','5','30','0','6','0','0','8','0','0','10','0','0','14','0','0','17','0','0','18','0','0','5','6','8','9','0','0','0','0','2','3','14','15','0','0','0','0','','','','','','','','','','http://nces.ed.gov/collegenavigator/',''),(394,461,'Encouraging Others in Objectives','4','3','4','26','0','5','21','0','6','0','0','7','0','0','8','0','0','22','0','0','15','0','0','17','0','0','6','7','11','13','14','0','0','0','1','4','13','16','0','0','0','0','','','','','','','','','','http://nces.ed.gov/collegenavigator/',''),(395,462,'Likes Working With Talented People','1','2','3','24','0','27','26','0','8','0','0','32','0','0','16','0','0','18','0','0','19','0','0','21','0','0','8','9','10','12','15','0','0','0','6','7','10','11','0','0','0','0','','','','','','','','','','http://nces.ed.gov/collegenavigator/',''),(396,463,'Builds What is Best for Others','1','3','29','27','0','22','21','0','6','0','0','10','0','0','11','0','0','26','0','0','14','0','0','16','0','0','3','9','12','13','0','0','0','0','2','3','14','15','0','0','0','0','','','','','','','','','','http://nces.ed.gov/collegenavigator/',''),(397,464,'Futuristic – Goal Oriented','4','2','6','32','0','7','33','0','16','0','0','18','0','0','20','0','0','24','0','0','27','0','0','31','0','0','1','6','8','15','0','0','0','0','8','7','11','12','0','0','0','0','20','20','20','19','19','251','253','245','','http://nces.ed.gov/collegenavigator/',''),(398,465,'Executive - Outcome Oriented','4','2','11','2','0','13','1','0','15','0','0','17','0','0','24','0','0','26','0','0','29','0','0','33','0','0','1','6','8','15','0','0','0','0','1','4','13','16','0','0','0','0','','','','','','','','','','http://nces.ed.gov/collegenavigator/',''),(399,466,'Methodical –Diligence Oriented','1','2','4','30','0','5','0','0','11','0','0','12','0','0','13','0','0','15','0','0','17','0','0','29','0','0','8','9','10','12','15','0','0','0','1','4','13','16','0','0','0','0','','','','','','','','','','http://nces.ed.gov/collegenavigator/',''),(400,467,'Inspirational - Vision Oriented','4','3','3','31','0','5','32','0','8','0','0','34','0','0','16','0','0','18','0','0','27','0','0','28','0','0','6','7','11','13','14','0','0','0','7','8','11','12','0','0','0','0','','','','','','','','','','http://nces.ed.gov/collegenavigator/',''),(401,468,'Relational – People Oriented','3','1','3','21','0','34','22','0','8','0','0','11','0','0','12','0','0','14','0','0','16','0','0','19','0','0','3','9','12','13','0','0','0','0','2','3','14','15','0','0','0','0','','','','','','','','','','http://nces.ed.gov/collegenavigator/',''),(402,469,'Intellectual - Philosophically Oriented','1','4','4','25','0','6','33','0','10','0','0','17','0','0','18','0','0','20','0','0','23','0','0','24','0','0','5','6','9','8','0','0','0','0','4','8','12','16','0','0','0','0','','','','','','','','','','http://nces.ed.gov/collegenavigator/',''),(403,470,'Influential – Charisma Oriented','3','4','30','34','0','6','22','0','8','0','0','10','0','0','14','0','0','16','0','0','32','0','0','27','0','0','6','7','11','13','14','0','0','0','6','7','10','11','0','0','0','0','','','','','','','','','','http://nces.ed.gov/collegenavigator/',''),(404,431,'Agriculture | Horticulture','2','1','3','26','0','1','29','0','2','0','0','10','0','0','11','0','0','12','0','0','13','0','0','15','0','0','8','9','10','15','12','0','0','0','2','3','14','15','0','0','0','0','','','','','','','','','','http://nces.ed.gov/collegenavigator/',''),(405,432,'Animal Science','2','1','4','24','0','10','25','0','11','0','0','15','0','0','17','0','0','20','0','0','22','0','0','29','0','0','8','9','10','12','15','0','0','0','4','8','12','16','0','0','0','0','','','','','','','','','','http://nces.ed.gov/collegenavigator/',''),(406,433,'Automotive | Transportation','4','2','11','29','0','1','30','0','15','0','0','17','0','0','20','0','0','23','0','0','25','0','0','26','0','0','1','6','8','15','0','0','0','0','1','5','9','13','0','0','0','0','','','','','','','','','','http://nces.ed.gov/collegenavigator/',''),(407,312,'Art','1','3','5','28','0','6','32','0','8','0','0','10','0','0','16','0','0','18','0','0','22','0','0','23','0','0','3','9','12','13','0','0','0','0','6','7','10','11','0','0','0','0','','','','','','','','','','http://nces.ed.gov/collegenavigator/',''),(408,313,'Communications','3','4','32','24','0','34','25','0','8','0','0','31','0','0','10','0','0','12','0','0','14','0','0','16','0','0','6','7','11','13','14','0','0','0','3','7','11','15','0','0','0','0','','','','','','','','','','http://nces.ed.gov/collegenavigator/',''),(409,314,'English','3','1','8','26','0','10','5','0','11','0','0','12','0','0','14','0','0','15','0','0','24','0','0','25','0','0','3','9','12','13','0','0','0','0','1','5','9','13','0','0','0','0','','','','','','','','','','http://nces.ed.gov/collegenavigator/',''),(410,434,'Business','4','2','4','20','0','25','24','0','33','0','0','13','0','0','15','0','0','1','0','0','2','0','0','18','0','0','1','6','8','15','0','0','0','0','4','8','12','16','0','0','0','0','','','','','','','','','','http://nces.ed.gov/collegenavigator/',''),(411,435,'Carpentry','2','4','3','30','0','5','2','0','9','0','0','11','0','0','10','0','0','1','0','0','26','0','0','29','0','0','8','9','10','12','15','0','0','0','1','5','9','13','0','0','0','0','','','','','','','','','','http://nces.ed.gov/collegenavigator/',''),(412,436,'Child Care | Education','1','3','3','21','0','8','22','0','29','0','0','11','0','0','26','0','0','13','0','0','14','0','0','19','0','0','3','9','12','13','0','0','0','0','2','3','14','15','0','0','0','0','','','','','','','','','','http://nces.ed.gov/collegenavigator/',''),(413,315,'Foreign Language','1','2','3','26','0','5','17','0','8','0','0','20','0','0','24','0','0','25','0','0','33','0','0','29','0','0','8','9','10','12','15','0','0','0','4','8','12','16','0','0','0','0','','','','','','','','','','http://nces.ed.gov/collegenavigator/',''),(414,471,'Customer Service Rep','2','3','3','22','0','4','26','0','5','0','0','8','0','0','11','0','0','29','0','0','13','0','0','15','0','0','2','4','12','13','15','0','0','0','1','2','13','14','0','0','0','0','','','','','','','','','http://www.bls.gov/ooh/office-and-administrative-support/customer-service-representatives.htm','http://nces.ed.gov/collegenavigator/',''),(415,472,'Renewal Assistant','2','3','33','29','0','4','1','0','34','0','0','28','0','0','30','0','0','11','0','0','13','0','0','15','0','0','2','4','12','13','15','0','0','0','1','2','13','14','0','0','0','0','','','','','','','','','http://www.bls.gov/ooh/Sales/Insurance-sales-agents.htm','http://nces.ed.gov/collegenavigator/',''),(416,473,'Insurance Agent','3','2','3','31','0','33','30','0','8','0','0','9','34','0','15','0','0','2','0','0','1','0','0','27','0','0','2','4','12','13','15','0','0','0','6','7','10','11','0','0','0','0','','','','','','','','','http://www.bls.gov/ooh/Sales/Insurance-sales-agents.htm','http://nces.ed.gov/collegenavigator/',''),(417,474,'Kinesthetic','2','1','11','25','0','12','0','0','26','0','0','29','0','0','30','0','0','13','0','0','19','0','0','21','0','0','10','9','15','0','0','0','0','0','2','6','10','14','0','0','0','0','20','20','20','20','20','20','20','20','','http://nces.ed.gov/collegenavigator/',''),(418,476,'Visual','4','3','4','24','0','5','25','0','10','31','0','16','33','0','17','0','0','18','0','0','20','0','0','23','0','0','6','7','11','13','0','0','0','0','4','8','12','16','0','0','0','0','','','','','','','','','','http://nces.ed.gov/collegenavigator/',''),(419,475,'Auditory','3','1','3','25','0','5','28','0','6','32','0','7','34','0','8','2','0','14','0','0','21','0','0','27','0','0','3','9','12','13','0','0','0','0','1','5','9','13','0','0','0','0','','','','','','','','','','http://nces.ed.gov/collegenavigator/',''),(420,477,'Administrative personnel','2','1','4','19','0','5','30','0','11','0','0','13','0','0','15','0','0','25','0','0','26','0','0','29','0','0','8','9','10','12','15','0','0','0','1','5','9','13','0','0','0','0','','','','','','','','','','http://nces.ed.gov/collegenavigator/',''),(421,478,'Combat specialty personnel','4','2','3','31','0','6','33','0','7','0','0','2','0','0','15','0','0','26','0','0','29','0','0','30','0','0','1','6','8','15','0','0','0','0','3','4','15','16','0','0','0','0','','','','','','','','','','http://nces.ed.gov/collegenavigator/',''),(422,479,'Construction personnel','2','4','3','30','0','5','2','0','1','0','0','11','0','0','12','0','0','20','0','0','25','0','0','26','0','0','1','15','8','6','0','0','0','0','3','4','15','16','0','0','0','0','','','','','','','','','','http://nces.ed.gov/collegenavigator/',''),(423,480,'Electronic & electrical equipment repair personnel','2','1','4','26','0','10','30','0','11','0','0','12','0','0','20','0','0','33','0','0','24','0','0','25','0','0','8','9','10','12','15','0','0','0','1','4','13','16','0','0','0','0','','','','','','','','','','http://nces.ed.gov/collegenavigator/',''),(424,481,'Engineering‚ science‚ and technical personnel','1','2','4','25','0','5','33','0','10','0','0','11','0','0','15','0','0','18','0','0','20','0','0','24','0','0','8','9','10','15','12','0','0','0','4','8','12','16','0','0','0','0','','','','','','','','','','http://nces.ed.gov/collegenavigator/',''),(425,482,'Healthcare personnel','1','2','25','20','0','4','24','0','10','0','0','11','0','0','13','0','0','14','0','0','15','0','0','16','0','0','8','9','10','12','15','0','0','0','2','3','15','14','0','0','0','0','','','','','','','','','','http://nces.ed.gov/collegenavigator/',''),(426,483,'Human resources development personnel','1','2','3','22','0','4','26','0','5','29','0','8','30','0','11','0','0','12','0','0','14','0','0','15','0','0','8','9','10','12','15','0','0','0','2','3','14','15','0','0','0','0','','','','','','','','','','http://nces.ed.gov/collegenavigator/',''),(427,484,'Machine operator and production personnel','2','4','3','29','0','4','30','0','5','2','0','11','0','0','15','0','0','23','0','0','25','0','0','26','0','0','1','6','8','15','0','0','0','0','4','5','9','8','0','0','0','0','','','','','','','','','','http://nces.ed.gov/collegenavigator/',''),(428,485,'Media and public affairs personnel','3','4','3','32','0','8','27','0','10','0','0','34','0','0','16','0','0','17','0','0','18','0','0','19','0','0','6','7','11','13','0','0','0','0','7','8','12','11','0','0','0','0','','','','','','','','','','http://nces.ed.gov/collegenavigator/',''),(429,486,'Protective service personnel','4','3','3','13','0','4','15','0','5','0','0','16','0','0','7','0','0','30','0','0','11','0','0','29','0','0','6','7','11','13','14','0','0','0','1','3','13','9','0','0','0','0','Team Leadership Strength','Teacher','Leadership','Team Leadership Strength','Giving','Impacting: Influencing People','Practitioner Technician','Impacting: Influencing People','','http://nces.ed.gov/collegenavigator/','');

--
